{"id":379203,"date":"2026-03-08T03:21:21","date_gmt":"2026-03-08T02:21:21","guid":{"rendered":"https:\/\/grupotextil.es\/producto\/chaqueta-richmond-hombre\/"},"modified":"2026-03-08T03:21:21","modified_gmt":"2026-03-08T02:21:21","slug":"chaqueta-richmond-hombre","status":"publish","type":"product","link":"https:\/\/grupotextil.es\/ca\/product\/chaqueta-richmond-hombre\/","title":{"rendered":"Chaqueta Richmond hombre"},"content":{"rendered":"<ul>\n<li>245 g\/m\u00b2<\/li>\n<li>Exterior: 100% nylon (310T)<\/li>\n<li>Relleno: 100% poli\u00e9ster<\/li>\n<li>Cremallera entera<\/li>\n<li>2 bolsillos frontales y 1 bolsillo interior<\/li>\n<li>Cremallera y botones met\u00e1licos de calidad<\/li>\n<li>Preparada para la decoraci\u00f3n<\/li>\n<li>Corte clasico<\/li>\n<\/ul>","protected":false},"excerpt":{"rendered":"<p>245 g\/m\u00b2Exterior: 100% nylon (310T)Relleno: 100% poli\u00e9sterCremallera entera2 bolsillos frontales y 1 bolsillo interiorCremallera y botones met\u00e1licos de calidadPreparada para la decoraci\u00f3nCorte clasico<\/p>","protected":false},"featured_media":418555,"comment_status":"open","ping_status":"closed","template":"","meta":{"_acf_changed":false},"product_brand":[11671],"product_cat":[13981,13990,13974,13975,13973],"product_tag":[],"class_list":{"0":"post-379203","1":"product","2":"type-product","3":"status-publish","4":"has-post-thumbnail","6":"product_brand-tee-jays","7":"product_cat-h-chaquetas-y-abrigos","8":"product_cat-m-chaquetas-y-abrigos","9":"product_cat-ropa-hombre","10":"product_cat-ropa-mujer","11":"product_cat-ropa","12":"tm-no-options","14":"first","15":"instock","16":"taxable","17":"shipping-taxable","18":"product-type-variable"},"acf":[],"_links":{"self":[{"href":"https:\/\/grupotextil.es\/ca\/wp-json\/wp\/v2\/product\/379203","targetHints":{"allow":["GET"]}}],"collection":[{"href":"https:\/\/grupotextil.es\/ca\/wp-json\/wp\/v2\/product"}],"about":[{"href":"https:\/\/grupotextil.es\/ca\/wp-json\/wp\/v2\/types\/product"}],"replies":[{"embeddable":true,"href":"https:\/\/grupotextil.es\/ca\/wp-json\/wp\/v2\/comments?post=379203"}],"wp:featuredmedia":[{"embeddable":true,"href":"https:\/\/grupotextil.es\/ca\/wp-json\/wp\/v2\/media\/418555"}],"wp:attachment":[{"href":"https:\/\/grupotextil.es\/ca\/wp-json\/wp\/v2\/media?parent=379203"}],"wp:term":[{"taxonomy":"product_brand","embeddable":true,"href":"https:\/\/grupotextil.es\/ca\/wp-json\/wp\/v2\/product_brand?post=379203"},{"taxonomy":"product_cat","embeddable":true,"href":"https:\/\/grupotextil.es\/ca\/wp-json\/wp\/v2\/product_cat?post=379203"},{"taxonomy":"product_tag","embeddable":true,"href":"https:\/\/grupotextil.es\/ca\/wp-json\/wp\/v2\/product_tag?post=379203"}],"curies":[{"name":"wp","href":"https:\/\/api.w.org\/{rel}","templated":true}]}}

<ul>
<li>245 g/m²</li>
<li>Exterior: 100% nylon (310T)</li>
<li>Relleno: 100% poliéster</li>
<li>Cremallera entera</li>
<li>2 bolsillos frontales y 1 bolsillo interior</li>
<li>Cremallera y botones metálicos de calidad</li>
<li>Preparada para la decoración</li>
<li>Corte clasico</li>
</ul>

<p>245 g/m²Exterior: 100% nylon (310T)Relleno: 100% poliésterCremallera entera2 bolsillos frontales y 1 bolsillo interiorCremallera y botones metálicos de calidadPreparada para la decoraciónCorte clasico</p>
