{"id":379211,"date":"2026-03-08T03:21:22","date_gmt":"2026-03-08T02:21:22","guid":{"rendered":"https:\/\/grupotextil.es\/producto\/chaleco-de-seguridad-de-2-franjas-fluo\/"},"modified":"2026-03-08T03:21:22","modified_gmt":"2026-03-08T02:21:22","slug":"chaleco-de-seguridad-de-2-franjas-fluo","status":"publish","type":"product","link":"https:\/\/grupotextil.es\/ca\/product\/chaleco-de-seguridad-de-2-franjas-fluo\/","title":{"rendered":"Vest Safety de 2 franjas Fluo"},"content":{"rendered":"<ul>\n<li>120 g\/m\u00b2<\/li>\n<li>100% poli\u00e9ster<\/li>\n<li>Chaleco de seguridad con franjas reflectante verticales y horizontales delante y detr\u00e1s<\/li>\n<li>Pr\u00e1ctico cinta con sistema autocierre de gancho delante.<\/li>\n<\/ul>","protected":false},"excerpt":{"rendered":"<p>120 g\/m\u00b2100% poli\u00e9sterChaleco de seguridad con franjas reflectante verticales y horizontales delante y detr\u00e1sPr\u00e1ctico cinta con sistema autocierre de gancho delante.<\/p>","protected":false},"featured_media":418568,"comment_status":"open","ping_status":"closed","template":"","meta":{"_acf_changed":false},"product_brand":[11663],"product_cat":[13981,13990,13974,13975,13973],"product_tag":[14009],"class_list":{"0":"post-379211","1":"product","2":"type-product","3":"status-publish","4":"has-post-thumbnail","6":"product_brand-yoko","7":"product_cat-h-chaquetas-y-abrigos","8":"product_cat-m-chaquetas-y-abrigos","9":"product_cat-ropa-hombre","10":"product_cat-ropa-mujer","11":"product_cat-ropa","12":"product_tag-top-ventas","13":"tm-no-options","15":"first","16":"instock","17":"taxable","18":"shipping-taxable","19":"product-type-variable"},"acf":[],"_links":{"self":[{"href":"https:\/\/grupotextil.es\/ca\/wp-json\/wp\/v2\/product\/379211","targetHints":{"allow":["GET"]}}],"collection":[{"href":"https:\/\/grupotextil.es\/ca\/wp-json\/wp\/v2\/product"}],"about":[{"href":"https:\/\/grupotextil.es\/ca\/wp-json\/wp\/v2\/types\/product"}],"replies":[{"embeddable":true,"href":"https:\/\/grupotextil.es\/ca\/wp-json\/wp\/v2\/comments?post=379211"}],"wp:featuredmedia":[{"embeddable":true,"href":"https:\/\/grupotextil.es\/ca\/wp-json\/wp\/v2\/media\/418568"}],"wp:attachment":[{"href":"https:\/\/grupotextil.es\/ca\/wp-json\/wp\/v2\/media?parent=379211"}],"wp:term":[{"taxonomy":"product_brand","embeddable":true,"href":"https:\/\/grupotextil.es\/ca\/wp-json\/wp\/v2\/product_brand?post=379211"},{"taxonomy":"product_cat","embeddable":true,"href":"https:\/\/grupotextil.es\/ca\/wp-json\/wp\/v2\/product_cat?post=379211"},{"taxonomy":"product_tag","embeddable":true,"href":"https:\/\/grupotextil.es\/ca\/wp-json\/wp\/v2\/product_tag?post=379211"}],"curies":[{"name":"wp","href":"https:\/\/api.w.org\/{rel}","templated":true}]}}

<ul>
<li>120 g/m²</li>
<li>100% poliéster</li>
<li>Chaleco de seguridad con franjas reflectante verticales y horizontales delante y detrás</li>
<li>Práctico cinta con sistema autocierre de gancho delante.</li>
</ul>

<p>120 g/m²100% poliésterChaleco de seguridad con franjas reflectante verticales y horizontales delante y detrásPráctico cinta con sistema autocierre de gancho delante.</p>
