{"id":379840,"date":"2026-03-08T03:25:08","date_gmt":"2026-03-08T02:25:08","guid":{"rendered":"https:\/\/grupotextil.es\/producto\/chaqueta-midweight-core\/"},"modified":"2026-03-08T03:25:08","modified_gmt":"2026-03-08T02:25:08","slug":"chaqueta-midweight-core","status":"publish","type":"product","link":"https:\/\/grupotextil.es\/ca\/product\/chaqueta-midweight-core\/","title":{"rendered":"Jacket Midweight Core"},"content":{"rendered":"<ul>\n<li>Exterior: 100% poli\u00e9ster (190T, revestimiento Storm-Dri 2000)<\/li>\n<li>Forro: 130 g\/m\u00b2, 100% poli\u00e9ster (punto simple)<\/li>\n<li>Forro de manga: 100% poli\u00e9ster<\/li>\n<li>Peso medio<\/li>\n<li>Capucha ajustable de 3 paneles plegable y oculta en el cuello<\/li>\n<li>Cremallera delantera entera con solapa para la lluvia<\/li>\n<li>Resistente al viento e impermeable (2.000 mm)<\/li>\n<li>Costuras impermeables totalmente selladas<\/li>\n<li>Corte largo y moderno<\/li>\n<li>Accesso para decoraci\u00f3n en la espalda<\/li>\n<li>Adecuado para impresi\u00f3n digital, bordado, serigraf\u00eda<\/li>\n<li>COLORES DESCATALOGADOS: Se retiran 1 colores de la colecci\u00f3n Falk&amp;Ross (Todav\u00eda est\u00e1n en el portfolio del fabricante).<\/li>\n<\/ul>","protected":false},"excerpt":{"rendered":"<p>Exterior: 100% poli\u00e9ster (190T, revestimiento Storm-Dri 2000)Forro: 130 g\/m\u00b2, 100% poli\u00e9ster (punto simple)Forro de manga: 100% poli\u00e9sterPeso medioCapucha ajustable de 3 paneles plegable y oculta e&#8230;<\/p>","protected":false},"featured_media":418915,"comment_status":"open","ping_status":"closed","template":"","meta":{"_acf_changed":false},"product_brand":[11669],"product_cat":[13981,13990,13974,13975,13973],"product_tag":[],"class_list":{"0":"post-379840","1":"product","2":"type-product","3":"status-publish","4":"has-post-thumbnail","6":"product_brand-result","7":"product_cat-h-chaquetas-y-abrigos","8":"product_cat-m-chaquetas-y-abrigos","9":"product_cat-ropa-hombre","10":"product_cat-ropa-mujer","11":"product_cat-ropa","12":"tm-no-options","14":"first","15":"instock","16":"taxable","17":"shipping-taxable","18":"product-type-variable"},"acf":[],"_links":{"self":[{"href":"https:\/\/grupotextil.es\/ca\/wp-json\/wp\/v2\/product\/379840","targetHints":{"allow":["GET"]}}],"collection":[{"href":"https:\/\/grupotextil.es\/ca\/wp-json\/wp\/v2\/product"}],"about":[{"href":"https:\/\/grupotextil.es\/ca\/wp-json\/wp\/v2\/types\/product"}],"replies":[{"embeddable":true,"href":"https:\/\/grupotextil.es\/ca\/wp-json\/wp\/v2\/comments?post=379840"}],"wp:featuredmedia":[{"embeddable":true,"href":"https:\/\/grupotextil.es\/ca\/wp-json\/wp\/v2\/media\/418915"}],"wp:attachment":[{"href":"https:\/\/grupotextil.es\/ca\/wp-json\/wp\/v2\/media?parent=379840"}],"wp:term":[{"taxonomy":"product_brand","embeddable":true,"href":"https:\/\/grupotextil.es\/ca\/wp-json\/wp\/v2\/product_brand?post=379840"},{"taxonomy":"product_cat","embeddable":true,"href":"https:\/\/grupotextil.es\/ca\/wp-json\/wp\/v2\/product_cat?post=379840"},{"taxonomy":"product_tag","embeddable":true,"href":"https:\/\/grupotextil.es\/ca\/wp-json\/wp\/v2\/product_tag?post=379840"}],"curies":[{"name":"wp","href":"https:\/\/api.w.org\/{rel}","templated":true}]}}

<ul>
<li>Exterior: 100% poliéster (190T, revestimiento Storm-Dri 2000)</li>
<li>Forro: 130 g/m², 100% poliéster (punto simple)</li>
<li>Forro de manga: 100% poliéster</li>
<li>Peso medio</li>
<li>Capucha ajustable de 3 paneles plegable y oculta en el cuello</li>
<li>Cremallera delantera entera con solapa para la lluvia</li>
<li>Resistente al viento e impermeable (2.000 mm)</li>
<li>Costuras impermeables totalmente selladas</li>
<li>Corte largo y moderno</li>
<li>Accesso para decoración en la espalda</li>
<li>Adecuado para impresión digital, bordado, serigrafía</li>
<li>COLORES DESCATALOGADOS: Se retiran 1 colores de la colección Falk&amp;Ross (Todavía están en el portfolio del fabricante).</li>
</ul>

<p>Exterior: 100% poliéster (190T, revestimiento Storm-Dri 2000)Forro: 130 g/m², 100% poliéster (punto simple)Forro de manga: 100% poliésterPeso medioCapucha ajustable de 3 paneles plegable y oculta e&#8230;</p>
