{"id":380120,"date":"2026-03-08T03:25:36","date_gmt":"2026-03-08T02:25:36","guid":{"rendered":"https:\/\/grupotextil.es\/producto\/chaleco-junior-ultra\/"},"modified":"2026-03-08T03:25:36","modified_gmt":"2026-03-08T02:25:36","slug":"chaleco-junior-ultra","status":"publish","type":"product","link":"https:\/\/grupotextil.es\/ca\/product\/chaleco-junior-ultra\/","title":{"rendered":"Vest Junior Ultra"},"content":{"rendered":"<ul>\n<li>Exterior: 100% poli\u00e9ster<\/li>\n<li>Aislante: 150 g\/m\u00b2, 100% poli\u00e9ster (alcochado)<\/li>\n<li>Forro: 100% poli\u00e9ster (polar)<\/li>\n<li>Corta viento y repelente al agua<\/li>\n<li>Capucha ocualta en el cuello<\/li>\n<li>Cuerpo acolchado<\/li>\n<li>2 bolsillos frontales y un bolsillo en el pecho<\/li>\n<li>Panel reflectante en frente y detr\u00e1s<\/li>\n<li>Acceso para decoraci\u00f3n cremalleras ocultas en el panel exterior y en la costura interior<\/li>\n<li>Adecuado para bordar, impresi\u00f3n digital, impresi\u00f3n en pantalla , impresi\u00f3n directa<\/li>\n<li>Las variaciones de grosor debidas al forro pueden limitar el proceso de bordado<\/li>\n<\/ul>","protected":false},"excerpt":{"rendered":"<p>Exterior: 100% poli\u00e9sterAislante: 150 g\/m\u00b2, 100% poli\u00e9ster (alcochado)Forro: 100% poli\u00e9ster (polar)Corta viento y repelente al aguaCapucha ocualta en el cuelloCuerpo acolchado2 bolsillos frontales y u<\/p>","protected":false},"featured_media":419082,"comment_status":"open","ping_status":"closed","template":"","meta":{"_acf_changed":false},"product_brand":[11669],"product_cat":[13981,13990,13974,13975,13973],"product_tag":[],"class_list":{"0":"post-380120","1":"product","2":"type-product","3":"status-publish","4":"has-post-thumbnail","6":"product_brand-result","7":"product_cat-h-chaquetas-y-abrigos","8":"product_cat-m-chaquetas-y-abrigos","9":"product_cat-ropa-hombre","10":"product_cat-ropa-mujer","11":"product_cat-ropa","12":"tm-no-options","14":"first","15":"instock","16":"taxable","17":"shipping-taxable","18":"product-type-variable"},"acf":[],"_links":{"self":[{"href":"https:\/\/grupotextil.es\/ca\/wp-json\/wp\/v2\/product\/380120","targetHints":{"allow":["GET"]}}],"collection":[{"href":"https:\/\/grupotextil.es\/ca\/wp-json\/wp\/v2\/product"}],"about":[{"href":"https:\/\/grupotextil.es\/ca\/wp-json\/wp\/v2\/types\/product"}],"replies":[{"embeddable":true,"href":"https:\/\/grupotextil.es\/ca\/wp-json\/wp\/v2\/comments?post=380120"}],"wp:featuredmedia":[{"embeddable":true,"href":"https:\/\/grupotextil.es\/ca\/wp-json\/wp\/v2\/media\/419082"}],"wp:attachment":[{"href":"https:\/\/grupotextil.es\/ca\/wp-json\/wp\/v2\/media?parent=380120"}],"wp:term":[{"taxonomy":"product_brand","embeddable":true,"href":"https:\/\/grupotextil.es\/ca\/wp-json\/wp\/v2\/product_brand?post=380120"},{"taxonomy":"product_cat","embeddable":true,"href":"https:\/\/grupotextil.es\/ca\/wp-json\/wp\/v2\/product_cat?post=380120"},{"taxonomy":"product_tag","embeddable":true,"href":"https:\/\/grupotextil.es\/ca\/wp-json\/wp\/v2\/product_tag?post=380120"}],"curies":[{"name":"wp","href":"https:\/\/api.w.org\/{rel}","templated":true}]}}

<ul>
<li>Exterior: 100% poliéster</li>
<li>Aislante: 150 g/m², 100% poliéster (alcochado)</li>
<li>Forro: 100% poliéster (polar)</li>
<li>Corta viento y repelente al agua</li>
<li>Capucha ocualta en el cuello</li>
<li>Cuerpo acolchado</li>
<li>2 bolsillos frontales y un bolsillo en el pecho</li>
<li>Panel reflectante en frente y detrás</li>
<li>Acceso para decoración cremalleras ocultas en el panel exterior y en la costura interior</li>
<li>Adecuado para bordar, impresión digital, impresión en pantalla , impresión directa</li>
<li>Las variaciones de grosor debidas al forro pueden limitar el proceso de bordado</li>
</ul>

<p>Exterior: 100% poliésterAislante: 150 g/m², 100% poliéster (alcochado)Forro: 100% poliéster (polar)Corta viento y repelente al aguaCapucha ocualta en el cuelloCuerpo acolchado2 bolsillos frontales y u</p>
