{"id":380141,"date":"2026-03-08T03:25:37","date_gmt":"2026-03-08T02:25:37","guid":{"rendered":"https:\/\/grupotextil.es\/producto\/chaqueta-de-seguridad-2\/"},"modified":"2026-03-08T03:25:37","modified_gmt":"2026-03-08T02:25:37","slug":"chaqueta-de-seguridad-2","status":"publish","type":"product","link":"https:\/\/grupotextil.es\/ca\/product\/chaqueta-de-seguridad-2\/","title":{"rendered":"Jacket Safety"},"content":{"rendered":"<ul>\n<li>210 g\/m\u00b2<\/li>\n<li>Exterior: 100% poli\u00e9ster (oxford con recubrimiento de PU)<\/li>\n<li>Aislamiento: 160 g\/m\u00b2, 100% poli\u00e9ster (relleno)<\/li>\n<li>Forro: 100% poli\u00e9ster (190T, alcolchado con motivo de diamante)<\/li>\n<li>EN ISO 20471:2013, class 3<\/li>\n<li>Transpirable y resistente al agua (3.000 mm)<\/li>\n<li>Capucha oculta en el cuello con cord\u00f3n de ajuste<\/li>\n<li>Cremallera entera con solapa con cierre a presi\u00f3n<\/li>\n<li>50 mm cosidos en las cintas de seguridad incorporando 3M\u2122 Scotchlite\u2122<\/li>\n<li>Costuras selladas<\/li>\n<li>GO\/RT 3279 ISSUE 8:2013, class 3 (Solamente en naranja fluorescente).<\/li>\n<li>COLORES DESCATALOGADOS: Se retiran 1 colores de la colecci\u00f3n Falk&amp;Ross (Todav\u00eda est\u00e1n en el portfolio del fabricante).<\/li>\n<\/ul>","protected":false},"excerpt":{"rendered":"<p>210 g\/m\u00b2Exterior: 100% poli\u00e9ster (oxford con recubrimiento de PU)Aislamiento: 160 g\/m\u00b2, 100% poli\u00e9ster (relleno)Forro: 100% poli\u00e9ster (190T, alcolchado con motivo de diamante)EN ISO 20471:2013, cla&#8230;<\/p>","protected":false},"featured_media":419108,"comment_status":"open","ping_status":"closed","template":"","meta":{"_acf_changed":false},"product_brand":[11669],"product_cat":[13981,13990,13974,13975,13973],"product_tag":[],"class_list":{"0":"post-380141","1":"product","2":"type-product","3":"status-publish","4":"has-post-thumbnail","6":"product_brand-result","7":"product_cat-h-chaquetas-y-abrigos","8":"product_cat-m-chaquetas-y-abrigos","9":"product_cat-ropa-hombre","10":"product_cat-ropa-mujer","11":"product_cat-ropa","12":"tm-no-options","14":"first","15":"instock","16":"taxable","17":"shipping-taxable","18":"product-type-variable"},"acf":[],"_links":{"self":[{"href":"https:\/\/grupotextil.es\/ca\/wp-json\/wp\/v2\/product\/380141","targetHints":{"allow":["GET"]}}],"collection":[{"href":"https:\/\/grupotextil.es\/ca\/wp-json\/wp\/v2\/product"}],"about":[{"href":"https:\/\/grupotextil.es\/ca\/wp-json\/wp\/v2\/types\/product"}],"replies":[{"embeddable":true,"href":"https:\/\/grupotextil.es\/ca\/wp-json\/wp\/v2\/comments?post=380141"}],"wp:featuredmedia":[{"embeddable":true,"href":"https:\/\/grupotextil.es\/ca\/wp-json\/wp\/v2\/media\/419108"}],"wp:attachment":[{"href":"https:\/\/grupotextil.es\/ca\/wp-json\/wp\/v2\/media?parent=380141"}],"wp:term":[{"taxonomy":"product_brand","embeddable":true,"href":"https:\/\/grupotextil.es\/ca\/wp-json\/wp\/v2\/product_brand?post=380141"},{"taxonomy":"product_cat","embeddable":true,"href":"https:\/\/grupotextil.es\/ca\/wp-json\/wp\/v2\/product_cat?post=380141"},{"taxonomy":"product_tag","embeddable":true,"href":"https:\/\/grupotextil.es\/ca\/wp-json\/wp\/v2\/product_tag?post=380141"}],"curies":[{"name":"wp","href":"https:\/\/api.w.org\/{rel}","templated":true}]}}

<ul>
<li>210 g/m²</li>
<li>Exterior: 100% poliéster (oxford con recubrimiento de PU)</li>
<li>Aislamiento: 160 g/m², 100% poliéster (relleno)</li>
<li>Forro: 100% poliéster (190T, alcolchado con motivo de diamante)</li>
<li>EN ISO 20471:2013, class 3</li>
<li>Transpirable y resistente al agua (3.000 mm)</li>
<li>Capucha oculta en el cuello con cordón de ajuste</li>
<li>Cremallera entera con solapa con cierre a presión</li>
<li>50 mm cosidos en las cintas de seguridad incorporando 3M™ Scotchlite™</li>
<li>Costuras selladas</li>
<li>GO/RT 3279 ISSUE 8:2013, class 3 (Solamente en naranja fluorescente).</li>
<li>COLORES DESCATALOGADOS: Se retiran 1 colores de la colección Falk&amp;Ross (Todavía están en el portfolio del fabricante).</li>
</ul>

<p>210 g/m²Exterior: 100% poliéster (oxford con recubrimiento de PU)Aislamiento: 160 g/m², 100% poliéster (relleno)Forro: 100% poliéster (190T, alcolchado con motivo de diamante)EN ISO 20471:2013, cla&#8230;</p>
