{"id":381000,"date":"2026-03-08T03:26:29","date_gmt":"2026-03-08T02:26:29","guid":{"rendered":"https:\/\/grupotextil.es\/producto\/softshell-core-hombre\/"},"modified":"2026-03-08T03:26:29","modified_gmt":"2026-03-08T02:26:29","slug":"softshell-core-hombre","status":"publish","type":"product","link":"https:\/\/grupotextil.es\/ca\/product\/softshell-core-hombre\/","title":{"rendered":"Softshell Core hombre"},"content":{"rendered":"<ul>\n<li>290 g\/m\u00b2<\/li>\n<li>Capa exterior: 100% poli\u00e9ster<\/li>\n<li>Capa inter-media: impermeable (5.000 mm), transpirable (3.000 g\/m\u00b2 en 24h), resistente al viento (membrana TPU)<\/li>\n<li>Capa interior: 100% poli\u00e9ster, relleno micropolar gris<\/li>\n<li>Cremallera entera<\/li>\n<li>Solapa de cremallera interior para viento<\/li>\n<li>Corte c\u00f3modo<\/li>\n<li>Dos bolsillos con cremallera<\/li>\n<li>Espalda larga para proteger del viento<\/li>\n<li>4 densas capas de tejido Softshell stretch<\/li>\n<li>Apropiado para uso en: deporte, ocio, promocional, laboral, corporativo.<\/li>\n<li>COLORES DESCATALOGADOS: Se retiran 1 colores de la colecci\u00f3n Falk&amp;Ross (Todav\u00eda est\u00e1n en el portfolio del fabricante).<\/li>\n<li>Esta prenda contiene m\u00e1s de un 25% de materiales reciclados<\/li>\n<li>Apropiado para uso en: deporte, ocio, promocional, laboral, corporativo<\/li>\n<\/ul>","protected":false},"excerpt":{"rendered":"<p>290 g\/m\u00b2Capa exterior: 100% poli\u00e9sterCapa inter-media: impermeable (5.<\/p>","protected":false},"featured_media":419606,"comment_status":"open","ping_status":"closed","template":"","meta":{"_acf_changed":false},"product_brand":[11669],"product_cat":[13991,13981,13990,13974,13930,13975,13973],"product_tag":[],"class_list":{"0":"post-381000","1":"product","2":"type-product","3":"status-publish","4":"has-post-thumbnail","6":"product_brand-result","7":"product_cat-m-chalecos","8":"product_cat-h-chaquetas-y-abrigos","9":"product_cat-m-chaquetas-y-abrigos","10":"product_cat-ropa-hombre","11":"product_cat-laboral","12":"product_cat-ropa-mujer","13":"product_cat-ropa","14":"tm-no-options","16":"first","17":"instock","18":"taxable","19":"shipping-taxable","20":"product-type-variable"},"acf":[],"_links":{"self":[{"href":"https:\/\/grupotextil.es\/ca\/wp-json\/wp\/v2\/product\/381000","targetHints":{"allow":["GET"]}}],"collection":[{"href":"https:\/\/grupotextil.es\/ca\/wp-json\/wp\/v2\/product"}],"about":[{"href":"https:\/\/grupotextil.es\/ca\/wp-json\/wp\/v2\/types\/product"}],"replies":[{"embeddable":true,"href":"https:\/\/grupotextil.es\/ca\/wp-json\/wp\/v2\/comments?post=381000"}],"wp:featuredmedia":[{"embeddable":true,"href":"https:\/\/grupotextil.es\/ca\/wp-json\/wp\/v2\/media\/419606"}],"wp:attachment":[{"href":"https:\/\/grupotextil.es\/ca\/wp-json\/wp\/v2\/media?parent=381000"}],"wp:term":[{"taxonomy":"product_brand","embeddable":true,"href":"https:\/\/grupotextil.es\/ca\/wp-json\/wp\/v2\/product_brand?post=381000"},{"taxonomy":"product_cat","embeddable":true,"href":"https:\/\/grupotextil.es\/ca\/wp-json\/wp\/v2\/product_cat?post=381000"},{"taxonomy":"product_tag","embeddable":true,"href":"https:\/\/grupotextil.es\/ca\/wp-json\/wp\/v2\/product_tag?post=381000"}],"curies":[{"name":"wp","href":"https:\/\/api.w.org\/{rel}","templated":true}]}}

<ul>
<li>290 g/m²</li>
<li>Capa exterior: 100% poliéster</li>
<li>Capa inter-media: impermeable (5.000 mm), transpirable (3.000 g/m² en 24h), resistente al viento (membrana TPU)</li>
<li>Capa interior: 100% poliéster, relleno micropolar gris</li>
<li>Cremallera entera</li>
<li>Solapa de cremallera interior para viento</li>
<li>Corte cómodo</li>
<li>Dos bolsillos con cremallera</li>
<li>Espalda larga para proteger del viento</li>
<li>4 densas capas de tejido Softshell stretch</li>
<li>Apropiado para uso en: deporte, ocio, promocional, laboral, corporativo.</li>
<li>COLORES DESCATALOGADOS: Se retiran 1 colores de la colección Falk&amp;Ross (Todavía están en el portfolio del fabricante).</li>
<li>Esta prenda contiene más de un 25% de materiales reciclados</li>
<li>Apropiado para uso en: deporte, ocio, promocional, laboral, corporativo</li>
</ul>

<p>290 g/m²Capa exterior: 100% poliésterCapa inter-media: impermeable (5.</p>
