{"id":382223,"date":"2026-03-08T03:32:01","date_gmt":"2026-03-08T02:32:01","guid":{"rendered":"https:\/\/grupotextil.es\/producto\/polar-thor-300-hombre\/"},"modified":"2026-03-08T03:32:01","modified_gmt":"2026-03-08T02:32:01","slug":"polar-thor-300-hombre","status":"publish","type":"product","link":"https:\/\/grupotextil.es\/ca\/product\/polar-thor-300-hombre\/","title":{"rendered":"Polar Thor 300 hombre"},"content":{"rendered":"<ul>\n<li>300 g\/m\u00b2<\/li>\n<li>100% poli\u00e9ster, reciclado parcialmente (Tejijdo polar anti bolitas)<\/li>\n<li>Cremallera entera<\/li>\n<li>Pu\u00f1os de polar<\/li>\n<li>2 bolsillos con cremallera<\/li>\n<li>Dobladillo con cord\u00f3n el\u00e1stico ajustable.<\/li>\n<\/ul>","protected":false},"excerpt":{"rendered":"<p>300 g\/m\u00b2100% poli\u00e9ster, reciclado parcialmente (Tejijdo polar anti bolitas)Cremallera enteraPu\u00f1os de polar2 bolsillos con cremalleraDobladillo con cord\u00f3n el\u00e1stico ajustable.<\/p>","protected":false},"featured_media":420085,"comment_status":"open","ping_status":"closed","template":"","meta":{"_acf_changed":false},"product_brand":[11656],"product_cat":[13981,13990,13974,13975,13973],"product_tag":[14009],"class_list":{"0":"post-382223","1":"product","2":"type-product","3":"status-publish","4":"has-post-thumbnail","6":"product_brand-regatta","7":"product_cat-h-chaquetas-y-abrigos","8":"product_cat-m-chaquetas-y-abrigos","9":"product_cat-ropa-hombre","10":"product_cat-ropa-mujer","11":"product_cat-ropa","12":"product_tag-top-ventas","13":"tm-no-options","15":"first","16":"instock","17":"taxable","18":"shipping-taxable","19":"product-type-variable"},"acf":[],"_links":{"self":[{"href":"https:\/\/grupotextil.es\/ca\/wp-json\/wp\/v2\/product\/382223","targetHints":{"allow":["GET"]}}],"collection":[{"href":"https:\/\/grupotextil.es\/ca\/wp-json\/wp\/v2\/product"}],"about":[{"href":"https:\/\/grupotextil.es\/ca\/wp-json\/wp\/v2\/types\/product"}],"replies":[{"embeddable":true,"href":"https:\/\/grupotextil.es\/ca\/wp-json\/wp\/v2\/comments?post=382223"}],"wp:featuredmedia":[{"embeddable":true,"href":"https:\/\/grupotextil.es\/ca\/wp-json\/wp\/v2\/media\/420085"}],"wp:attachment":[{"href":"https:\/\/grupotextil.es\/ca\/wp-json\/wp\/v2\/media?parent=382223"}],"wp:term":[{"taxonomy":"product_brand","embeddable":true,"href":"https:\/\/grupotextil.es\/ca\/wp-json\/wp\/v2\/product_brand?post=382223"},{"taxonomy":"product_cat","embeddable":true,"href":"https:\/\/grupotextil.es\/ca\/wp-json\/wp\/v2\/product_cat?post=382223"},{"taxonomy":"product_tag","embeddable":true,"href":"https:\/\/grupotextil.es\/ca\/wp-json\/wp\/v2\/product_tag?post=382223"}],"curies":[{"name":"wp","href":"https:\/\/api.w.org\/{rel}","templated":true}]}}

<ul>
<li>300 g/m²</li>
<li>100% poliéster, reciclado parcialmente (Tejijdo polar anti bolitas)</li>
<li>Cremallera entera</li>
<li>Puños de polar</li>
<li>2 bolsillos con cremallera</li>
<li>Dobladillo con cordón elástico ajustable.</li>
</ul>

<p>300 g/m²100% poliéster, reciclado parcialmente (Tejijdo polar anti bolitas)Cremallera enteraPuños de polar2 bolsillos con cremalleraDobladillo con cordón elástico ajustable.</p>
