{"id":382629,"date":"2026-03-08T03:33:19","date_gmt":"2026-03-08T02:33:19","guid":{"rendered":"https:\/\/grupotextil.es\/producto\/chaleco-softshell-hombre\/"},"modified":"2026-03-08T03:33:19","modified_gmt":"2026-03-08T02:33:19","slug":"chaleco-softshell-hombre","status":"publish","type":"product","link":"https:\/\/grupotextil.es\/ca\/product\/chaleco-softshell-hombre\/","title":{"rendered":"Chaleco Softshell hombre"},"content":{"rendered":"<ul>\n<li>340 g\/m\u00b2<\/li>\n<li>92% poli\u00e9ster, 8% elast\u00e1n<\/li>\n<li>Forro: 100% poli\u00e9ster micropolar<\/li>\n<li>Softshell de 3 capas transpirable y con forro micropolar<\/li>\n<li>A prueba de viento<\/li>\n<li>Impermeable (5.000 mm)<\/li>\n<li>Cremallera entera con protecci\u00f3n de barbilla<\/li>\n<li>Pinzas decorativas estilo ragl\u00e1n<\/li>\n<li>Bolsillos laterales y en el pecho forrados. Cremallera invertida y tirador<\/li>\n<li>Bajo ajustable con cord\u00f3n<\/li>\n<li>Espalda m\u00e1s larga<\/li>\n<\/ul>","protected":false},"excerpt":{"rendered":"<p>340 g\/m\u00b292% poli\u00e9ster, 8% elast\u00e1nForro: 100% poli\u00e9ster micropolarSoftshell de 3 capas transpirable y con forro micropolarA prueba de vientoImpermeable (5.<\/p>","protected":false},"featured_media":420326,"comment_status":"open","ping_status":"closed","template":"","meta":{"_acf_changed":false},"product_brand":[11670],"product_cat":[13990,13981,13974,13975,13973],"product_tag":[14009],"class_list":{"0":"post-382629","1":"product","2":"type-product","3":"status-publish","4":"has-post-thumbnail","6":"product_brand-russell-europe","7":"product_cat-m-chaquetas-y-abrigos","8":"product_cat-h-chaquetas-y-abrigos","9":"product_cat-ropa-hombre","10":"product_cat-ropa-mujer","11":"product_cat-ropa","12":"product_tag-top-ventas","13":"tm-no-options","15":"first","16":"instock","17":"taxable","18":"shipping-taxable","19":"product-type-variable"},"acf":[],"_links":{"self":[{"href":"https:\/\/grupotextil.es\/ca\/wp-json\/wp\/v2\/product\/382629","targetHints":{"allow":["GET"]}}],"collection":[{"href":"https:\/\/grupotextil.es\/ca\/wp-json\/wp\/v2\/product"}],"about":[{"href":"https:\/\/grupotextil.es\/ca\/wp-json\/wp\/v2\/types\/product"}],"replies":[{"embeddable":true,"href":"https:\/\/grupotextil.es\/ca\/wp-json\/wp\/v2\/comments?post=382629"}],"wp:featuredmedia":[{"embeddable":true,"href":"https:\/\/grupotextil.es\/ca\/wp-json\/wp\/v2\/media\/420326"}],"wp:attachment":[{"href":"https:\/\/grupotextil.es\/ca\/wp-json\/wp\/v2\/media?parent=382629"}],"wp:term":[{"taxonomy":"product_brand","embeddable":true,"href":"https:\/\/grupotextil.es\/ca\/wp-json\/wp\/v2\/product_brand?post=382629"},{"taxonomy":"product_cat","embeddable":true,"href":"https:\/\/grupotextil.es\/ca\/wp-json\/wp\/v2\/product_cat?post=382629"},{"taxonomy":"product_tag","embeddable":true,"href":"https:\/\/grupotextil.es\/ca\/wp-json\/wp\/v2\/product_tag?post=382629"}],"curies":[{"name":"wp","href":"https:\/\/api.w.org\/{rel}","templated":true}]}}

<ul>
<li>340 g/m²</li>
<li>92% poliéster, 8% elastán</li>
<li>Forro: 100% poliéster micropolar</li>
<li>Softshell de 3 capas transpirable y con forro micropolar</li>
<li>A prueba de viento</li>
<li>Impermeable (5.000 mm)</li>
<li>Cremallera entera con protección de barbilla</li>
<li>Pinzas decorativas estilo raglán</li>
<li>Bolsillos laterales y en el pecho forrados. Cremallera invertida y tirador</li>
<li>Bajo ajustable con cordón</li>
<li>Espalda más larga</li>
</ul>

<p>340 g/m²92% poliéster, 8% elastánForro: 100% poliéster micropolarSoftshell de 3 capas transpirable y con forro micropolarA prueba de vientoImpermeable (5.</p>
