{"id":382965,"date":"2026-03-08T03:35:15","date_gmt":"2026-03-08T02:35:15","guid":{"rendered":"https:\/\/grupotextil.es\/producto\/chaqueta-softshell-tecnica-x-lite-softshell-women\/"},"modified":"2026-03-08T03:35:15","modified_gmt":"2026-03-08T02:35:15","slug":"chaqueta-softshell-tecnica-x-lite-softshell-women","status":"publish","type":"product","link":"https:\/\/grupotextil.es\/ca\/product\/chaqueta-softshell-tecnica-x-lite-softshell-women\/","title":{"rendered":"Jacket Softshell t\u00e9cnica X-Lite SoftshellWomen"},"content":{"rendered":"<ul>\n<li>300 g\/m\u00b2<\/li>\n<li>Exterior: 94% poli\u00e9ster, 6% elast\u00e1n<\/li>\n<li>Capa intermedia: membrana transpirable<\/li>\n<li>Interior: malla de 100% poli\u00e9ster<\/li>\n<li>Soft shell de 3 capas impermeable y transpirable (hasta 5.000 g\/m\u00b2 en 24 horas)<\/li>\n<li>Presillas para auriculares en el interior del cuello<\/li>\n<li>Cremallera entera con protector de barbilla<\/li>\n<li>Bolsillo en pecho con cremallera y abertura para auriculares<\/li>\n<li>2 bolsillos laterales con cremallera<\/li>\n<li>El bolsillo de la derecha tiene abertura para auriculares<\/li>\n<li>Bolsillos interiores<\/li>\n<li>Pu\u00f1os ajustables<\/li>\n<li>Bajos con cord\u00f3n el\u00e1stico y topes<\/li>\n<li>Corte ajustado<\/li>\n<\/ul>","protected":false},"excerpt":{"rendered":"<p>300 g\/m\u00b2Exterior: 94% poli\u00e9ster, 6% elast\u00e1nCapa intermedia: membrana transpirableInterior: malla de 100% poli\u00e9sterSoft shell de 3 capas impermeable y transpirable (hasta 5.<\/p>","protected":false},"featured_media":420475,"comment_status":"open","ping_status":"closed","template":"","meta":{"_acf_changed":false},"product_brand":[11653],"product_cat":[13990,13981,13974,13975,13973],"product_tag":[],"class_list":{"0":"post-382965","1":"product","2":"type-product","3":"status-publish","4":"has-post-thumbnail","6":"product_brand-b-c","7":"product_cat-m-chaquetas-y-abrigos","8":"product_cat-h-chaquetas-y-abrigos","9":"product_cat-ropa-hombre","10":"product_cat-ropa-mujer","11":"product_cat-ropa","12":"tm-no-options","14":"first","15":"instock","16":"taxable","17":"shipping-taxable","18":"product-type-variable"},"acf":[],"_links":{"self":[{"href":"https:\/\/grupotextil.es\/ca\/wp-json\/wp\/v2\/product\/382965","targetHints":{"allow":["GET"]}}],"collection":[{"href":"https:\/\/grupotextil.es\/ca\/wp-json\/wp\/v2\/product"}],"about":[{"href":"https:\/\/grupotextil.es\/ca\/wp-json\/wp\/v2\/types\/product"}],"replies":[{"embeddable":true,"href":"https:\/\/grupotextil.es\/ca\/wp-json\/wp\/v2\/comments?post=382965"}],"wp:featuredmedia":[{"embeddable":true,"href":"https:\/\/grupotextil.es\/ca\/wp-json\/wp\/v2\/media\/420475"}],"wp:attachment":[{"href":"https:\/\/grupotextil.es\/ca\/wp-json\/wp\/v2\/media?parent=382965"}],"wp:term":[{"taxonomy":"product_brand","embeddable":true,"href":"https:\/\/grupotextil.es\/ca\/wp-json\/wp\/v2\/product_brand?post=382965"},{"taxonomy":"product_cat","embeddable":true,"href":"https:\/\/grupotextil.es\/ca\/wp-json\/wp\/v2\/product_cat?post=382965"},{"taxonomy":"product_tag","embeddable":true,"href":"https:\/\/grupotextil.es\/ca\/wp-json\/wp\/v2\/product_tag?post=382965"}],"curies":[{"name":"wp","href":"https:\/\/api.w.org\/{rel}","templated":true}]}}

Jacket Softshell técnica X-Lite SoftshellWomen

<ul>
<li>300 g/m²</li>
<li>Exterior: 94% poliéster, 6% elastán</li>
<li>Capa intermedia: membrana transpirable</li>
<li>Interior: malla de 100% poliéster</li>
<li>Soft shell de 3 capas impermeable y transpirable (hasta 5.000 g/m² en 24 horas)</li>
<li>Presillas para auriculares en el interior del cuello</li>
<li>Cremallera entera con protector de barbilla</li>
<li>Bolsillo en pecho con cremallera y abertura para auriculares</li>
<li>2 bolsillos laterales con cremallera</li>
<li>El bolsillo de la derecha tiene abertura para auriculares</li>
<li>Bolsillos interiores</li>
<li>Puños ajustables</li>
<li>Bajos con cordón elástico y topes</li>
<li>Corte ajustado</li>
</ul>

<p>300 g/m²Exterior: 94% poliéster, 6% elastánCapa intermedia: membrana transpirableInterior: malla de 100% poliésterSoft shell de 3 capas impermeable y transpirable (hasta 5.</p>
