{"id":384297,"date":"2026-03-08T03:39:51","date_gmt":"2026-03-08T02:39:51","guid":{"rendered":"https:\/\/grupotextil.es\/producto\/polo-organico-ajustado-luxury-hombre\/"},"modified":"2026-03-08T03:39:51","modified_gmt":"2026-03-08T02:39:51","slug":"polo-organico-ajustado-luxury-hombre","status":"publish","type":"product","link":"https:\/\/grupotextil.es\/ca\/product\/polo-organico-ajustado-luxury-hombre\/","title":{"rendered":"Polo org\u00e1nico ajustado Luxury hombre"},"content":{"rendered":"<ul>\n<li>215 g\/m\u00b2<\/li>\n<li>95% algod\u00f3n org\u00e1nico ring-spun, 5% elast\u00e1n<\/li>\n<li>Mini piqu\u00e9<\/li>\n<li>Pre-encogido<\/li>\n<li>Cuello de lycra de punto plano<\/li>\n<li>Cuello encintado<\/li>\n<li>Tapeta con acabado limpio<\/li>\n<li>Corte ajustado<\/li>\n<\/ul>","protected":false},"excerpt":{"rendered":"<p>215 g\/m\u00b295% algod\u00f3n org\u00e1nico ring-spun, 5% elast\u00e1nMini piqu\u00e9Pre-encogidoCuello de lycra de punto planoCuello encintadoTapeta con acabado limpioCorte ajustado<\/p>","protected":false},"featured_media":421030,"comment_status":"open","ping_status":"closed","template":"","meta":{"_acf_changed":false},"product_brand":[11671],"product_cat":[13974,13975,13988,13979,13973],"product_tag":[14010,14009],"class_list":{"0":"post-384297","1":"product","2":"type-product","3":"status-publish","4":"has-post-thumbnail","6":"product_brand-tee-jays","7":"product_cat-ropa-hombre","8":"product_cat-ropa-mujer","9":"product_cat-m-polos","10":"product_cat-h-polos","11":"product_cat-ropa","12":"product_tag-nuevo-2026","13":"product_tag-top-ventas","14":"tm-no-options","16":"first","17":"instock","18":"taxable","19":"shipping-taxable","20":"product-type-variable"},"acf":[],"_links":{"self":[{"href":"https:\/\/grupotextil.es\/ca\/wp-json\/wp\/v2\/product\/384297","targetHints":{"allow":["GET"]}}],"collection":[{"href":"https:\/\/grupotextil.es\/ca\/wp-json\/wp\/v2\/product"}],"about":[{"href":"https:\/\/grupotextil.es\/ca\/wp-json\/wp\/v2\/types\/product"}],"replies":[{"embeddable":true,"href":"https:\/\/grupotextil.es\/ca\/wp-json\/wp\/v2\/comments?post=384297"}],"wp:featuredmedia":[{"embeddable":true,"href":"https:\/\/grupotextil.es\/ca\/wp-json\/wp\/v2\/media\/421030"}],"wp:attachment":[{"href":"https:\/\/grupotextil.es\/ca\/wp-json\/wp\/v2\/media?parent=384297"}],"wp:term":[{"taxonomy":"product_brand","embeddable":true,"href":"https:\/\/grupotextil.es\/ca\/wp-json\/wp\/v2\/product_brand?post=384297"},{"taxonomy":"product_cat","embeddable":true,"href":"https:\/\/grupotextil.es\/ca\/wp-json\/wp\/v2\/product_cat?post=384297"},{"taxonomy":"product_tag","embeddable":true,"href":"https:\/\/grupotextil.es\/ca\/wp-json\/wp\/v2\/product_tag?post=384297"}],"curies":[{"name":"wp","href":"https:\/\/api.w.org\/{rel}","templated":true}]}}

Polo orgánico ajustado Luxury hombre

<ul>
<li>215 g/m²</li>
<li>95% algodón orgánico ring-spun, 5% elastán</li>
<li>Mini piqué</li>
<li>Pre-encogido</li>
<li>Cuello de lycra de punto plano</li>
<li>Cuello encintado</li>
<li>Tapeta con acabado limpio</li>
<li>Corte ajustado</li>
</ul>

<p>215 g/m²95% algodón orgánico ring-spun, 5% elastánMini piquéPre-encogidoCuello de lycra de punto planoCuello encintadoTapeta con acabado limpioCorte ajustado</p>
