{"id":384884,"date":"2026-03-08T03:42:16","date_gmt":"2026-03-08T02:42:16","guid":{"rendered":"https:\/\/grupotextil.es\/producto\/polo-original\/"},"modified":"2026-03-08T03:42:16","modified_gmt":"2026-03-08T02:42:16","slug":"polo-original","status":"publish","type":"product","link":"https:\/\/grupotextil.es\/ca\/product\/polo-original\/","title":{"rendered":"Polo Original"},"content":{"rendered":"<ul>\n<li>185 g\/m\u00b2 (color Blanco: 175 g\/m\u00b2)<\/li>\n<li>100% algod\u00f3n (Heather Grey: 97% algod\u00f3n y 3% poli\u00e9ster)<\/li>\n<li>Tapeta de 2 botones del mismo color de la prenda<\/li>\n<li>Pu\u00f1os abiertos<\/li>\n<li>Sin aperturas laterales<\/li>\n<li>Etiqueta extra\u00edble<\/li>\n<\/ul>","protected":false},"excerpt":{"rendered":"<p>185 g\/m\u00b2 (color Blanco: 175 g\/m\u00b2)100% algod\u00f3n (Heather Grey: 97% algod\u00f3n y 3% poli\u00e9ster)Tapeta de 2 botones del mismo color de la prendaPu\u00f1os abiertosSin aperturas lateralesEtiqueta extra\u00edble<\/p>","protected":false},"featured_media":421132,"comment_status":"open","ping_status":"closed","template":"","meta":{"_acf_changed":false},"product_brand":[11665],"product_cat":[13974,13975,13979,13988,13973],"product_tag":[],"class_list":{"0":"post-384884","1":"product","2":"type-product","3":"status-publish","4":"has-post-thumbnail","6":"product_brand-fruit-of-the-loom","7":"product_cat-ropa-hombre","8":"product_cat-ropa-mujer","9":"product_cat-h-polos","10":"product_cat-m-polos","11":"product_cat-ropa","12":"tm-no-options","14":"first","15":"instock","16":"taxable","17":"shipping-taxable","18":"product-type-variable"},"acf":[],"_links":{"self":[{"href":"https:\/\/grupotextil.es\/ca\/wp-json\/wp\/v2\/product\/384884","targetHints":{"allow":["GET"]}}],"collection":[{"href":"https:\/\/grupotextil.es\/ca\/wp-json\/wp\/v2\/product"}],"about":[{"href":"https:\/\/grupotextil.es\/ca\/wp-json\/wp\/v2\/types\/product"}],"replies":[{"embeddable":true,"href":"https:\/\/grupotextil.es\/ca\/wp-json\/wp\/v2\/comments?post=384884"}],"wp:featuredmedia":[{"embeddable":true,"href":"https:\/\/grupotextil.es\/ca\/wp-json\/wp\/v2\/media\/421132"}],"wp:attachment":[{"href":"https:\/\/grupotextil.es\/ca\/wp-json\/wp\/v2\/media?parent=384884"}],"wp:term":[{"taxonomy":"product_brand","embeddable":true,"href":"https:\/\/grupotextil.es\/ca\/wp-json\/wp\/v2\/product_brand?post=384884"},{"taxonomy":"product_cat","embeddable":true,"href":"https:\/\/grupotextil.es\/ca\/wp-json\/wp\/v2\/product_cat?post=384884"},{"taxonomy":"product_tag","embeddable":true,"href":"https:\/\/grupotextil.es\/ca\/wp-json\/wp\/v2\/product_tag?post=384884"}],"curies":[{"name":"wp","href":"https:\/\/api.w.org\/{rel}","templated":true}]}}

<ul>
<li>185 g/m² (color Blanco: 175 g/m²)</li>
<li>100% algodón (Heather Grey: 97% algodón y 3% poliéster)</li>
<li>Tapeta de 2 botones del mismo color de la prenda</li>
<li>Puños abiertos</li>
<li>Sin aperturas laterales</li>
<li>Etiqueta extraíble</li>
</ul>

<p>185 g/m² (color Blanco: 175 g/m²)100% algodón (Heather Grey: 97% algodón y 3% poliéster)Tapeta de 2 botones del mismo color de la prendaPuños abiertosSin aperturas lateralesEtiqueta extraíble</p>
