{"id":384956,"date":"2026-03-08T03:42:22","date_gmt":"2026-03-08T02:42:22","guid":{"rendered":"https:\/\/grupotextil.es\/producto\/polo-hombre-id-001\/"},"modified":"2026-03-08T03:42:22","modified_gmt":"2026-03-08T02:42:22","slug":"polo-hombre-id-001","status":"publish","type":"product","link":"https:\/\/grupotextil.es\/ca\/product\/polo-hombre-id-001\/","title":{"rendered":"Polo hombre ID.001"},"content":{"rendered":"<ul>\n<li>180 g\/m\u00b2<\/li>\n<li>100% algod\u00f3n, preencogido y ringspun<\/li>\n<li>Heather Grey: 90% algod\u00f3n, 10% viscosa<\/li>\n<li>Cinta en el cuello<\/li>\n<li>Cuello en canal\u00e9<\/li>\n<li>Tapeta de 2 botones<\/li>\n<li>Costuras laterales<\/li>\n<li>Lavable hasta 40\u00b0C<\/li>\n<li>Corte normal<\/li>\n<\/ul>","protected":false},"excerpt":{"rendered":"<p>180 g\/m\u00b2100% algod\u00f3n, preencogido y ringspunHeather Grey: 90% algod\u00f3n, 10% viscosaCinta en el cuelloCuello en canal\u00e9Tapeta de 2 botonesCosturas lateralesLavable hasta 40\u00b0CCorte normal<\/p>","protected":false},"featured_media":421164,"comment_status":"open","ping_status":"closed","template":"","meta":{"_acf_changed":false},"product_brand":[11653],"product_cat":[13974,13975,13979,13988,13973],"product_tag":[14009],"class_list":{"0":"post-384956","1":"product","2":"type-product","3":"status-publish","4":"has-post-thumbnail","6":"product_brand-b-c","7":"product_cat-ropa-hombre","8":"product_cat-ropa-mujer","9":"product_cat-h-polos","10":"product_cat-m-polos","11":"product_cat-ropa","12":"product_tag-top-ventas","13":"tm-no-options","15":"first","16":"instock","17":"taxable","18":"shipping-taxable","19":"product-type-variable"},"acf":[],"_links":{"self":[{"href":"https:\/\/grupotextil.es\/ca\/wp-json\/wp\/v2\/product\/384956","targetHints":{"allow":["GET"]}}],"collection":[{"href":"https:\/\/grupotextil.es\/ca\/wp-json\/wp\/v2\/product"}],"about":[{"href":"https:\/\/grupotextil.es\/ca\/wp-json\/wp\/v2\/types\/product"}],"replies":[{"embeddable":true,"href":"https:\/\/grupotextil.es\/ca\/wp-json\/wp\/v2\/comments?post=384956"}],"wp:featuredmedia":[{"embeddable":true,"href":"https:\/\/grupotextil.es\/ca\/wp-json\/wp\/v2\/media\/421164"}],"wp:attachment":[{"href":"https:\/\/grupotextil.es\/ca\/wp-json\/wp\/v2\/media?parent=384956"}],"wp:term":[{"taxonomy":"product_brand","embeddable":true,"href":"https:\/\/grupotextil.es\/ca\/wp-json\/wp\/v2\/product_brand?post=384956"},{"taxonomy":"product_cat","embeddable":true,"href":"https:\/\/grupotextil.es\/ca\/wp-json\/wp\/v2\/product_cat?post=384956"},{"taxonomy":"product_tag","embeddable":true,"href":"https:\/\/grupotextil.es\/ca\/wp-json\/wp\/v2\/product_tag?post=384956"}],"curies":[{"name":"wp","href":"https:\/\/api.w.org\/{rel}","templated":true}]}}

<ul>
<li>180 g/m²</li>
<li>100% algodón, preencogido y ringspun</li>
<li>Heather Grey: 90% algodón, 10% viscosa</li>
<li>Cinta en el cuello</li>
<li>Cuello en canalé</li>
<li>Tapeta de 2 botones</li>
<li>Costuras laterales</li>
<li>Lavable hasta 40°C</li>
<li>Corte normal</li>
</ul>

<p>180 g/m²100% algodón, preencogido y ringspunHeather Grey: 90% algodón, 10% viscosaCinta en el cuelloCuello en canaléTapeta de 2 botonesCosturas lateralesLavable hasta 40°CCorte normal</p>
