{"id":385515,"date":"2026-03-08T03:44:45","date_gmt":"2026-03-08T02:44:45","guid":{"rendered":"https:\/\/grupotextil.es\/producto\/polo-safran-timeless-mujer\/"},"modified":"2026-03-08T03:44:45","modified_gmt":"2026-03-08T02:44:45","slug":"polo-safran-timeless-mujer","status":"publish","type":"product","link":"https:\/\/grupotextil.es\/ca\/product\/polo-safran-timeless-mujer\/","title":{"rendered":"Polo Safran Timeless mujer"},"content":{"rendered":"<ul>\n<li>180 g\/m\u00b2<\/li>\n<li>100% algod\u00f3n ring-spun, peinado y pre-encogido (piqu\u00e9)<\/li>\n<li>Heather Grey: 90% algod\u00f3n, 10% viscosa<\/li>\n<li>Cuello encintado<\/li>\n<li>Elegante tapeta con 3 botones<\/li>\n<li>Costuras laterales<\/li>\n<li>Corte femenino<\/li>\n<li>Mejor posibilidad de impresi\u00f3n<\/li>\n<\/ul>","protected":false},"excerpt":{"rendered":"<p>180 g\/m\u00b2100% algod\u00f3n ring-spun, peinado y pre-encogido (piqu\u00e9)Heather Grey: 90% algod\u00f3n, 10% viscosaCuello encintadoElegante tapeta con 3 botonesCosturas lateralesCorte femeninoMejor posibilidad de im<\/p>","protected":false},"featured_media":421338,"comment_status":"open","ping_status":"closed","template":"","meta":{"_acf_changed":false},"product_brand":[11653],"product_cat":[13974,13975,13979,13988,13973],"product_tag":[],"class_list":{"0":"post-385515","1":"product","2":"type-product","3":"status-publish","4":"has-post-thumbnail","6":"product_brand-b-c","7":"product_cat-ropa-hombre","8":"product_cat-ropa-mujer","9":"product_cat-h-polos","10":"product_cat-m-polos","11":"product_cat-ropa","12":"tm-no-options","14":"first","15":"instock","16":"taxable","17":"shipping-taxable","18":"product-type-variable"},"acf":[],"_links":{"self":[{"href":"https:\/\/grupotextil.es\/ca\/wp-json\/wp\/v2\/product\/385515","targetHints":{"allow":["GET"]}}],"collection":[{"href":"https:\/\/grupotextil.es\/ca\/wp-json\/wp\/v2\/product"}],"about":[{"href":"https:\/\/grupotextil.es\/ca\/wp-json\/wp\/v2\/types\/product"}],"replies":[{"embeddable":true,"href":"https:\/\/grupotextil.es\/ca\/wp-json\/wp\/v2\/comments?post=385515"}],"wp:featuredmedia":[{"embeddable":true,"href":"https:\/\/grupotextil.es\/ca\/wp-json\/wp\/v2\/media\/421338"}],"wp:attachment":[{"href":"https:\/\/grupotextil.es\/ca\/wp-json\/wp\/v2\/media?parent=385515"}],"wp:term":[{"taxonomy":"product_brand","embeddable":true,"href":"https:\/\/grupotextil.es\/ca\/wp-json\/wp\/v2\/product_brand?post=385515"},{"taxonomy":"product_cat","embeddable":true,"href":"https:\/\/grupotextil.es\/ca\/wp-json\/wp\/v2\/product_cat?post=385515"},{"taxonomy":"product_tag","embeddable":true,"href":"https:\/\/grupotextil.es\/ca\/wp-json\/wp\/v2\/product_tag?post=385515"}],"curies":[{"name":"wp","href":"https:\/\/api.w.org\/{rel}","templated":true}]}}

<ul>
<li>180 g/m²</li>
<li>100% algodón ring-spun, peinado y pre-encogido (piqué)</li>
<li>Heather Grey: 90% algodón, 10% viscosa</li>
<li>Cuello encintado</li>
<li>Elegante tapeta con 3 botones</li>
<li>Costuras laterales</li>
<li>Corte femenino</li>
<li>Mejor posibilidad de impresión</li>
</ul>

<p>180 g/m²100% algodón ring-spun, peinado y pre-encogido (piqué)Heather Grey: 90% algodón, 10% viscosaCuello encintadoElegante tapeta con 3 botonesCosturas lateralesCorte femeninoMejor posibilidad de im</p>
