{"id":385725,"date":"2026-03-08T03:46:47","date_gmt":"2026-03-08T02:46:47","guid":{"rendered":"https:\/\/grupotextil.es\/producto\/polo-monaco-classic-fit\/"},"modified":"2026-03-08T03:46:47","modified_gmt":"2026-03-08T02:46:47","slug":"polo-monaco-classic-fit","status":"publish","type":"product","link":"https:\/\/grupotextil.es\/ca\/product\/polo-monaco-classic-fit\/","title":{"rendered":"Polo M\u00f3naco Classic Fit"},"content":{"rendered":"<ul>\n<li>210 g\/m\u00b2<\/li>\n<li>100% algod\u00f3n<\/li>\n<li>Cuello en punto plano 1&#215;1<\/li>\n<li>Cuello encintado en contraste<\/li>\n<li>Canes\u00fa en contraste y panel en manga con ribete en contraste<\/li>\n<li>Aberturas laterales con cinta en espiguilla en contraste<\/li>\n<li>Bot\u00f3n de repuesto<\/li>\n<li>Etiqueta tejida<\/li>\n<\/ul>","protected":false},"excerpt":{"rendered":"<p>210 g\/m\u00b2100% algod\u00f3nCuello en punto plano 1x1Cuello encintado en contrasteCanes\u00fa en contraste y panel en manga con ribete en contrasteAberturas laterales con cinta en espiguilla en contrasteBot\u00f3n de r<\/p>","protected":false},"featured_media":421374,"comment_status":"open","ping_status":"closed","template":"","meta":{"_acf_changed":false},"product_brand":[11672],"product_cat":[13974,13975,13988,13979,13973],"product_tag":[],"class_list":{"0":"post-385725","1":"product","2":"type-product","3":"status-publish","4":"has-post-thumbnail","6":"product_brand-kustom-kit","7":"product_cat-ropa-hombre","8":"product_cat-ropa-mujer","9":"product_cat-m-polos","10":"product_cat-h-polos","11":"product_cat-ropa","12":"tm-no-options","14":"first","15":"instock","16":"taxable","17":"shipping-taxable","18":"product-type-variable"},"acf":[],"_links":{"self":[{"href":"https:\/\/grupotextil.es\/ca\/wp-json\/wp\/v2\/product\/385725","targetHints":{"allow":["GET"]}}],"collection":[{"href":"https:\/\/grupotextil.es\/ca\/wp-json\/wp\/v2\/product"}],"about":[{"href":"https:\/\/grupotextil.es\/ca\/wp-json\/wp\/v2\/types\/product"}],"replies":[{"embeddable":true,"href":"https:\/\/grupotextil.es\/ca\/wp-json\/wp\/v2\/comments?post=385725"}],"wp:featuredmedia":[{"embeddable":true,"href":"https:\/\/grupotextil.es\/ca\/wp-json\/wp\/v2\/media\/421374"}],"wp:attachment":[{"href":"https:\/\/grupotextil.es\/ca\/wp-json\/wp\/v2\/media?parent=385725"}],"wp:term":[{"taxonomy":"product_brand","embeddable":true,"href":"https:\/\/grupotextil.es\/ca\/wp-json\/wp\/v2\/product_brand?post=385725"},{"taxonomy":"product_cat","embeddable":true,"href":"https:\/\/grupotextil.es\/ca\/wp-json\/wp\/v2\/product_cat?post=385725"},{"taxonomy":"product_tag","embeddable":true,"href":"https:\/\/grupotextil.es\/ca\/wp-json\/wp\/v2\/product_tag?post=385725"}],"curies":[{"name":"wp","href":"https:\/\/api.w.org\/{rel}","templated":true}]}}

Polo Mónaco Classic Fit

<ul>
<li>210 g/m²</li>
<li>100% algodón</li>
<li>Cuello en punto plano 1&#215;1</li>
<li>Cuello encintado en contraste</li>
<li>Canesú en contraste y panel en manga con ribete en contraste</li>
<li>Aberturas laterales con cinta en espiguilla en contraste</li>
<li>Botón de repuesto</li>
<li>Etiqueta tejida</li>
</ul>

<p>210 g/m²100% algodónCuello en punto plano 1x1Cuello encintado en contrasteCanesú en contraste y panel en manga con ribete en contrasteAberturas laterales con cinta en espiguilla en contrasteBotón de r</p>
