{"id":386080,"date":"2026-03-08T03:48:42","date_gmt":"2026-03-08T02:48:42","guid":{"rendered":"https:\/\/grupotextil.es\/producto\/polo-club\/"},"modified":"2026-03-08T03:48:42","modified_gmt":"2026-03-08T02:48:42","slug":"polo-club","status":"publish","type":"product","link":"https:\/\/grupotextil.es\/ca\/product\/polo-club\/","title":{"rendered":"Polo Club"},"content":{"rendered":"<ul>\n<li>187 g\/m\u00b2<\/li>\n<li>95% poli\u00e9ster (reciclado), 5% elastano<\/li>\n<li>Cuello en canal\u00e9<\/li>\n<li>Tapeta lisa con 3 botones<\/li>\n<li>Absorbe la humedad<\/li>\n<li>Secado r\u00e1pido<\/li>\n<li>Cuidado facil<\/li>\n<li>Entallada<\/li>\n<\/ul>","protected":false},"excerpt":{"rendered":"<p>187 g\/m\u00b295% poli\u00e9ster (reciclado), 5% elastanoCuello en canal\u00e9Tapeta lisa con 3 botonesAbsorbe la humedadSecado r\u00e1pidoCuidado facilEntallada<\/p>","protected":false},"featured_media":421441,"comment_status":"open","ping_status":"closed","template":"","meta":{"_acf_changed":false},"product_brand":[11671],"product_cat":[13974,13975,13988,13979,13973],"product_tag":[],"class_list":{"0":"post-386080","1":"product","2":"type-product","3":"status-publish","4":"has-post-thumbnail","6":"product_brand-tee-jays","7":"product_cat-ropa-hombre","8":"product_cat-ropa-mujer","9":"product_cat-m-polos","10":"product_cat-h-polos","11":"product_cat-ropa","12":"tm-no-options","14":"first","15":"instock","16":"taxable","17":"shipping-taxable","18":"product-type-variable"},"acf":[],"_links":{"self":[{"href":"https:\/\/grupotextil.es\/ca\/wp-json\/wp\/v2\/product\/386080","targetHints":{"allow":["GET"]}}],"collection":[{"href":"https:\/\/grupotextil.es\/ca\/wp-json\/wp\/v2\/product"}],"about":[{"href":"https:\/\/grupotextil.es\/ca\/wp-json\/wp\/v2\/types\/product"}],"replies":[{"embeddable":true,"href":"https:\/\/grupotextil.es\/ca\/wp-json\/wp\/v2\/comments?post=386080"}],"wp:featuredmedia":[{"embeddable":true,"href":"https:\/\/grupotextil.es\/ca\/wp-json\/wp\/v2\/media\/421441"}],"wp:attachment":[{"href":"https:\/\/grupotextil.es\/ca\/wp-json\/wp\/v2\/media?parent=386080"}],"wp:term":[{"taxonomy":"product_brand","embeddable":true,"href":"https:\/\/grupotextil.es\/ca\/wp-json\/wp\/v2\/product_brand?post=386080"},{"taxonomy":"product_cat","embeddable":true,"href":"https:\/\/grupotextil.es\/ca\/wp-json\/wp\/v2\/product_cat?post=386080"},{"taxonomy":"product_tag","embeddable":true,"href":"https:\/\/grupotextil.es\/ca\/wp-json\/wp\/v2\/product_tag?post=386080"}],"curies":[{"name":"wp","href":"https:\/\/api.w.org\/{rel}","templated":true}]}}

<ul>
<li>187 g/m²</li>
<li>95% poliéster (reciclado), 5% elastano</li>
<li>Cuello en canalé</li>
<li>Tapeta lisa con 3 botones</li>
<li>Absorbe la humedad</li>
<li>Secado rápido</li>
<li>Cuidado facil</li>
<li>Entallada</li>
</ul>

<p>187 g/m²95% poliéster (reciclado), 5% elastanoCuello en canaléTapeta lisa con 3 botonesAbsorbe la humedadSecado rápidoCuidado facilEntallada</p>
