{"id":388856,"date":"2026-03-08T04:29:29","date_gmt":"2026-03-08T03:29:29","guid":{"rendered":"https:\/\/grupotextil.es\/producto\/polo-dryblend-pique-doble-hombre\/"},"modified":"2026-03-08T04:29:29","modified_gmt":"2026-03-08T03:29:29","slug":"polo-dryblend-pique-doble-hombre","status":"publish","type":"product","link":"https:\/\/grupotextil.es\/ca\/product\/polo-dryblend-pique-doble-hombre\/","title":{"rendered":"Polo DryBlend\u00ae piqu\u00e9 doble hombre"},"content":{"rendered":"<ul>\n<li>203 g\/m\u00b2 (White 196 g\/m\u00b2)<\/li>\n<li>65% poli\u00e9ster, 35% algod\u00f3n ring spun (piqu\u00e9 doble)<\/li>\n<li>Pre-encogido<\/li>\n<li>Tecnolog\u00eda Dryblend\u00ae que garantiza mantenerte seco<\/li>\n<li>Solapa reforazada, con 2 botones color prenda<\/li>\n<li>Cuello y pu\u00f1os contorneados<\/li>\n<li>Etiqueta transfer<\/li>\n<li>Dobladillo inferior con puntada de doble aguja<\/li>\n<li>Costuras laterales y aberturas laterales<\/li>\n<\/ul>","protected":false},"excerpt":{"rendered":"<p>203 g\/m\u00b2 (White 196 g\/m\u00b2)65% poli\u00e9ster, 35% algod\u00f3n ring spun (piqu\u00e9 doble)Pre-encogidoTecnolog\u00eda Dryblend\u00ae que garantiza mantenerte secoSolapa reforazada, con 2 botones color prendaCuello y pu\u00f1os con<\/p>","protected":false},"featured_media":421702,"comment_status":"open","ping_status":"closed","template":"","meta":{"_acf_changed":false},"product_brand":[11666],"product_cat":[13974,13975,13988,13979,13973],"product_tag":[],"class_list":{"0":"post-388856","1":"product","2":"type-product","3":"status-publish","4":"has-post-thumbnail","6":"product_brand-gildan","7":"product_cat-ropa-hombre","8":"product_cat-ropa-mujer","9":"product_cat-m-polos","10":"product_cat-h-polos","11":"product_cat-ropa","12":"tm-no-options","14":"first","15":"instock","16":"taxable","17":"shipping-taxable","18":"product-type-variable"},"acf":[],"_links":{"self":[{"href":"https:\/\/grupotextil.es\/ca\/wp-json\/wp\/v2\/product\/388856","targetHints":{"allow":["GET"]}}],"collection":[{"href":"https:\/\/grupotextil.es\/ca\/wp-json\/wp\/v2\/product"}],"about":[{"href":"https:\/\/grupotextil.es\/ca\/wp-json\/wp\/v2\/types\/product"}],"replies":[{"embeddable":true,"href":"https:\/\/grupotextil.es\/ca\/wp-json\/wp\/v2\/comments?post=388856"}],"wp:featuredmedia":[{"embeddable":true,"href":"https:\/\/grupotextil.es\/ca\/wp-json\/wp\/v2\/media\/421702"}],"wp:attachment":[{"href":"https:\/\/grupotextil.es\/ca\/wp-json\/wp\/v2\/media?parent=388856"}],"wp:term":[{"taxonomy":"product_brand","embeddable":true,"href":"https:\/\/grupotextil.es\/ca\/wp-json\/wp\/v2\/product_brand?post=388856"},{"taxonomy":"product_cat","embeddable":true,"href":"https:\/\/grupotextil.es\/ca\/wp-json\/wp\/v2\/product_cat?post=388856"},{"taxonomy":"product_tag","embeddable":true,"href":"https:\/\/grupotextil.es\/ca\/wp-json\/wp\/v2\/product_tag?post=388856"}],"curies":[{"name":"wp","href":"https:\/\/api.w.org\/{rel}","templated":true}]}}

Polo DryBlend® piqué doble hombre

<ul>
<li>203 g/m² (White 196 g/m²)</li>
<li>65% poliéster, 35% algodón ring spun (piqué doble)</li>
<li>Pre-encogido</li>
<li>Tecnología Dryblend® que garantiza mantenerte seco</li>
<li>Solapa reforazada, con 2 botones color prenda</li>
<li>Cuello y puños contorneados</li>
<li>Etiqueta transfer</li>
<li>Dobladillo inferior con puntada de doble aguja</li>
<li>Costuras laterales y aberturas laterales</li>
</ul>

<p>203 g/m² (White 196 g/m²)65% poliéster, 35% algodón ring spun (piqué doble)Pre-encogidoTecnología Dryblend® que garantiza mantenerte secoSolapa reforazada, con 2 botones color prendaCuello y puños con</p>
