{"id":389081,"date":"2026-03-08T04:29:38","date_gmt":"2026-03-08T03:29:38","guid":{"rendered":"https:\/\/grupotextil.es\/producto\/polo-pique-laboral-superwash-60o-classic-fit\/"},"modified":"2026-03-08T04:29:38","modified_gmt":"2026-03-08T03:29:38","slug":"polo-pique-laboral-superwash-60o-classic-fit","status":"publish","type":"product","link":"https:\/\/grupotextil.es\/ca\/product\/polo-pique-laboral-superwash-60o-classic-fit\/","title":{"rendered":"Polo piqu\u00e9 laboral Superwash\u00ae 60\u00ba Classic Fit"},"content":{"rendered":"<ul>\n<li>180 g\/m\u00b2<\/li>\n<li>65% poli\u00e9ster, 35% algod\u00f3n piqu\u00e9<\/li>\n<li>Tapeta con 3 botones<\/li>\n<li>Cuello encintado<\/li>\n<li>Cuello y bajo de manga en canal\u00e9<\/li>\n<li>Lavado garantizado a 60\u00baC<\/li>\n<\/ul>","protected":false},"excerpt":{"rendered":"<p>180 g\/m\u00b265% poli\u00e9ster, 35% algod\u00f3n piqu\u00e9Tapeta con 3 botonesCuello encintadoCuello y bajo de manga en canal\u00e9Lavado garantizado a 60\u00baC<\/p>","protected":false},"featured_media":421744,"comment_status":"open","ping_status":"closed","template":"","meta":{"_acf_changed":false},"product_brand":[11672],"product_cat":[13974,13975,13988,13979,13973],"product_tag":[],"class_list":{"0":"post-389081","1":"product","2":"type-product","3":"status-publish","4":"has-post-thumbnail","6":"product_brand-kustom-kit","7":"product_cat-ropa-hombre","8":"product_cat-ropa-mujer","9":"product_cat-m-polos","10":"product_cat-h-polos","11":"product_cat-ropa","12":"tm-no-options","14":"first","15":"instock","16":"taxable","17":"shipping-taxable","18":"product-type-variable"},"acf":[],"_links":{"self":[{"href":"https:\/\/grupotextil.es\/ca\/wp-json\/wp\/v2\/product\/389081","targetHints":{"allow":["GET"]}}],"collection":[{"href":"https:\/\/grupotextil.es\/ca\/wp-json\/wp\/v2\/product"}],"about":[{"href":"https:\/\/grupotextil.es\/ca\/wp-json\/wp\/v2\/types\/product"}],"replies":[{"embeddable":true,"href":"https:\/\/grupotextil.es\/ca\/wp-json\/wp\/v2\/comments?post=389081"}],"wp:featuredmedia":[{"embeddable":true,"href":"https:\/\/grupotextil.es\/ca\/wp-json\/wp\/v2\/media\/421744"}],"wp:attachment":[{"href":"https:\/\/grupotextil.es\/ca\/wp-json\/wp\/v2\/media?parent=389081"}],"wp:term":[{"taxonomy":"product_brand","embeddable":true,"href":"https:\/\/grupotextil.es\/ca\/wp-json\/wp\/v2\/product_brand?post=389081"},{"taxonomy":"product_cat","embeddable":true,"href":"https:\/\/grupotextil.es\/ca\/wp-json\/wp\/v2\/product_cat?post=389081"},{"taxonomy":"product_tag","embeddable":true,"href":"https:\/\/grupotextil.es\/ca\/wp-json\/wp\/v2\/product_tag?post=389081"}],"curies":[{"name":"wp","href":"https:\/\/api.w.org\/{rel}","templated":true}]}}

Polo piqué laboral Superwash® 60º Classic Fit

<ul>
<li>180 g/m²</li>
<li>65% poliéster, 35% algodón piqué</li>
<li>Tapeta con 3 botones</li>
<li>Cuello encintado</li>
<li>Cuello y bajo de manga en canalé</li>
<li>Lavado garantizado a 60ºC</li>
</ul>

<p>180 g/m²65% poliéster, 35% algodón piquéTapeta con 3 botonesCuello encintadoCuello y bajo de manga en canaléLavado garantizado a 60ºC</p>
