{"id":389319,"date":"2026-03-08T04:29:57","date_gmt":"2026-03-08T03:29:57","guid":{"rendered":"https:\/\/grupotextil.es\/producto\/polo-bolsillo-65-35-laboral-energy-pro\/"},"modified":"2026-03-08T04:29:57","modified_gmt":"2026-03-08T03:29:57","slug":"polo-bolsillo-65-35-laboral-energy-pro","status":"publish","type":"product","link":"https:\/\/grupotextil.es\/ca\/product\/polo-bolsillo-65-35-laboral-energy-pro\/","title":{"rendered":"Polo bolsillo 65\/35 laboral Energy Pro"},"content":{"rendered":"<ul>\n<li>200 g\/m\u00b2<\/li>\n<li>65% poli\u00e9ster, 35% algod\u00f3n ring-spun peinado y preencogido<\/li>\n<li>Punto piqu\u00e9<\/li>\n<li>Cuello encintado<\/li>\n<li>Canes\u00fa media luna detr\u00e1s del cuello con presilla<\/li>\n<li>Tapeta con 3 botones del mismo color de la prenda<\/li>\n<li>Bolsillo interior<\/li>\n<li>Lavable a 60\u00baC<\/li>\n<\/ul>","protected":false},"excerpt":{"rendered":"<p>200 g\/m\u00b265% poli\u00e9ster, 35% algod\u00f3n ring-spun peinado y preencogidoPunto piqu\u00e9Cuello encintadoCanes\u00fa media luna detr\u00e1s del cuello con presillaTapeta con 3 botones del mismo color de la prendaBolsillo i<\/p>","protected":false},"featured_media":421796,"comment_status":"open","ping_status":"closed","template":"","meta":{"_acf_changed":false},"product_brand":[11653],"product_cat":[13974,13975,13988,13979,13973],"product_tag":[],"class_list":{"0":"post-389319","1":"product","2":"type-product","3":"status-publish","4":"has-post-thumbnail","6":"product_brand-b-c","7":"product_cat-ropa-hombre","8":"product_cat-ropa-mujer","9":"product_cat-m-polos","10":"product_cat-h-polos","11":"product_cat-ropa","12":"tm-no-options","14":"first","15":"instock","16":"taxable","17":"shipping-taxable","18":"product-type-variable"},"acf":[],"_links":{"self":[{"href":"https:\/\/grupotextil.es\/ca\/wp-json\/wp\/v2\/product\/389319","targetHints":{"allow":["GET"]}}],"collection":[{"href":"https:\/\/grupotextil.es\/ca\/wp-json\/wp\/v2\/product"}],"about":[{"href":"https:\/\/grupotextil.es\/ca\/wp-json\/wp\/v2\/types\/product"}],"replies":[{"embeddable":true,"href":"https:\/\/grupotextil.es\/ca\/wp-json\/wp\/v2\/comments?post=389319"}],"wp:featuredmedia":[{"embeddable":true,"href":"https:\/\/grupotextil.es\/ca\/wp-json\/wp\/v2\/media\/421796"}],"wp:attachment":[{"href":"https:\/\/grupotextil.es\/ca\/wp-json\/wp\/v2\/media?parent=389319"}],"wp:term":[{"taxonomy":"product_brand","embeddable":true,"href":"https:\/\/grupotextil.es\/ca\/wp-json\/wp\/v2\/product_brand?post=389319"},{"taxonomy":"product_cat","embeddable":true,"href":"https:\/\/grupotextil.es\/ca\/wp-json\/wp\/v2\/product_cat?post=389319"},{"taxonomy":"product_tag","embeddable":true,"href":"https:\/\/grupotextil.es\/ca\/wp-json\/wp\/v2\/product_tag?post=389319"}],"curies":[{"name":"wp","href":"https:\/\/api.w.org\/{rel}","templated":true}]}}

<ul>
<li>200 g/m²</li>
<li>65% poliéster, 35% algodón ring-spun peinado y preencogido</li>
<li>Punto piqué</li>
<li>Cuello encintado</li>
<li>Canesú media luna detrás del cuello con presilla</li>
<li>Tapeta con 3 botones del mismo color de la prenda</li>
<li>Bolsillo interior</li>
<li>Lavable a 60ºC</li>
</ul>

<p>200 g/m²65% poliéster, 35% algodón ring-spun peinado y preencogidoPunto piquéCuello encintadoCanesú media luna detrás del cuello con presillaTapeta con 3 botones del mismo color de la prendaBolsillo i</p>
