{"id":389341,"date":"2026-03-08T04:29:58","date_gmt":"2026-03-08T03:29:58","guid":{"rendered":"https:\/\/grupotextil.es\/producto\/polo-track-hombre-classic-fit\/"},"modified":"2026-03-08T04:29:58","modified_gmt":"2026-03-08T03:29:58","slug":"polo-track-hombre-classic-fit","status":"publish","type":"product","link":"https:\/\/grupotextil.es\/ca\/product\/polo-track-hombre-classic-fit\/","title":{"rendered":"Polo Track hombre cl\u00e1sica Fit"},"content":{"rendered":"<ul>\n<li>200 g\/m\u00b2<\/li>\n<li>65% poli\u00e9ster, 35% algod\u00f3n piqu\u00e9<\/li>\n<li>Cuello encintado en color de contraste<\/li>\n<li>Tapeta con 3 botones<\/li>\n<li>Pieza en color de contraste en los laterales y debajo de los brazos<\/li>\n<li>Aberturas laterales reforzadas con cinta en espiguilla en color de contraste<\/li>\n<li>Costura doble en el dobladillo inferior<\/li>\n<\/ul>","protected":false},"excerpt":{"rendered":"<p>200 g\/m\u00b265% poli\u00e9ster, 35% algod\u00f3n piqu\u00e9Cuello encintado en color de contrasteTapeta con 3 botonesPieza en color de contraste en los laterales y debajo de los brazosAberturas laterales reforzadas con<\/p>","protected":false},"featured_media":421799,"comment_status":"open","ping_status":"closed","template":"","meta":{"_acf_changed":false},"product_brand":[11672],"product_cat":[13974,13975,13979,13988,13973],"product_tag":[],"class_list":{"0":"post-389341","1":"product","2":"type-product","3":"status-publish","4":"has-post-thumbnail","6":"product_brand-kustom-kit","7":"product_cat-ropa-hombre","8":"product_cat-ropa-mujer","9":"product_cat-h-polos","10":"product_cat-m-polos","11":"product_cat-ropa","12":"tm-no-options","14":"first","15":"instock","16":"taxable","17":"shipping-taxable","18":"product-type-variable"},"acf":[],"_links":{"self":[{"href":"https:\/\/grupotextil.es\/ca\/wp-json\/wp\/v2\/product\/389341","targetHints":{"allow":["GET"]}}],"collection":[{"href":"https:\/\/grupotextil.es\/ca\/wp-json\/wp\/v2\/product"}],"about":[{"href":"https:\/\/grupotextil.es\/ca\/wp-json\/wp\/v2\/types\/product"}],"replies":[{"embeddable":true,"href":"https:\/\/grupotextil.es\/ca\/wp-json\/wp\/v2\/comments?post=389341"}],"wp:featuredmedia":[{"embeddable":true,"href":"https:\/\/grupotextil.es\/ca\/wp-json\/wp\/v2\/media\/421799"}],"wp:attachment":[{"href":"https:\/\/grupotextil.es\/ca\/wp-json\/wp\/v2\/media?parent=389341"}],"wp:term":[{"taxonomy":"product_brand","embeddable":true,"href":"https:\/\/grupotextil.es\/ca\/wp-json\/wp\/v2\/product_brand?post=389341"},{"taxonomy":"product_cat","embeddable":true,"href":"https:\/\/grupotextil.es\/ca\/wp-json\/wp\/v2\/product_cat?post=389341"},{"taxonomy":"product_tag","embeddable":true,"href":"https:\/\/grupotextil.es\/ca\/wp-json\/wp\/v2\/product_tag?post=389341"}],"curies":[{"name":"wp","href":"https:\/\/api.w.org\/{rel}","templated":true}]}}

Polo Track hombre clásica Fit

<ul>
<li>200 g/m²</li>
<li>65% poliéster, 35% algodón piqué</li>
<li>Cuello encintado en color de contraste</li>
<li>Tapeta con 3 botones</li>
<li>Pieza en color de contraste en los laterales y debajo de los brazos</li>
<li>Aberturas laterales reforzadas con cinta en espiguilla en color de contraste</li>
<li>Costura doble en el dobladillo inferior</li>
</ul>

<p>200 g/m²65% poliéster, 35% algodón piquéCuello encintado en color de contrasteTapeta con 3 botonesPieza en color de contraste en los laterales y debajo de los brazosAberturas laterales reforzadas con</p>
