{"id":389364,"date":"2026-03-08T04:29:59","date_gmt":"2026-03-08T03:29:59","guid":{"rendered":"https:\/\/grupotextil.es\/producto\/polo-pique-id-001-mujer\/"},"modified":"2026-03-08T04:29:59","modified_gmt":"2026-03-08T03:29:59","slug":"polo-pique-id-001-mujer","status":"publish","type":"product","link":"https:\/\/grupotextil.es\/ca\/product\/polo-pique-id-001-mujer\/","title":{"rendered":"Polo piqu\u00e9 ID.001 mujer"},"content":{"rendered":"<ul>\n<li>180 g\/m\u00b2<\/li>\n<li>100% Algod\u00f3n, preencogido, ring-spun y peinado (Piqu\u00e9)<\/li>\n<li>Heather Grey: 90% algod\u00f3n, 10% viscosa<\/li>\n<li>Cuello en canal\u00e9 1&#215;1<\/li>\n<li>Tapeta reforzada con 2 botones<\/li>\n<li>Botones del mismo color<\/li>\n<li>Mangas cortas<\/li>\n<li>Costura lateral<\/li>\n<li>Corte normal<\/li>\n<\/ul>","protected":false},"excerpt":{"rendered":"<p>180 g\/m\u00b2100% Algod\u00f3n, preencogido, ring-spun y peinado (Piqu\u00e9)Heather Grey: 90% algod\u00f3n, 10% viscosaCuello en canal\u00e9 1x1Tapeta reforzada con 2 botonesBotones del mismo colorMangas cortasCostura latera<\/p>","protected":false},"featured_media":421815,"comment_status":"open","ping_status":"closed","template":"","meta":{"_acf_changed":false},"product_brand":[11653],"product_cat":[13974,13975,13988,13979,13973],"product_tag":[14009],"class_list":{"0":"post-389364","1":"product","2":"type-product","3":"status-publish","4":"has-post-thumbnail","6":"product_brand-b-c","7":"product_cat-ropa-hombre","8":"product_cat-ropa-mujer","9":"product_cat-m-polos","10":"product_cat-h-polos","11":"product_cat-ropa","12":"product_tag-top-ventas","13":"tm-no-options","15":"first","16":"instock","17":"taxable","18":"shipping-taxable","19":"product-type-variable"},"acf":[],"_links":{"self":[{"href":"https:\/\/grupotextil.es\/ca\/wp-json\/wp\/v2\/product\/389364","targetHints":{"allow":["GET"]}}],"collection":[{"href":"https:\/\/grupotextil.es\/ca\/wp-json\/wp\/v2\/product"}],"about":[{"href":"https:\/\/grupotextil.es\/ca\/wp-json\/wp\/v2\/types\/product"}],"replies":[{"embeddable":true,"href":"https:\/\/grupotextil.es\/ca\/wp-json\/wp\/v2\/comments?post=389364"}],"wp:featuredmedia":[{"embeddable":true,"href":"https:\/\/grupotextil.es\/ca\/wp-json\/wp\/v2\/media\/421815"}],"wp:attachment":[{"href":"https:\/\/grupotextil.es\/ca\/wp-json\/wp\/v2\/media?parent=389364"}],"wp:term":[{"taxonomy":"product_brand","embeddable":true,"href":"https:\/\/grupotextil.es\/ca\/wp-json\/wp\/v2\/product_brand?post=389364"},{"taxonomy":"product_cat","embeddable":true,"href":"https:\/\/grupotextil.es\/ca\/wp-json\/wp\/v2\/product_cat?post=389364"},{"taxonomy":"product_tag","embeddable":true,"href":"https:\/\/grupotextil.es\/ca\/wp-json\/wp\/v2\/product_tag?post=389364"}],"curies":[{"name":"wp","href":"https:\/\/api.w.org\/{rel}","templated":true}]}}

Polo piqué ID.001 mujer

<ul>
<li>180 g/m²</li>
<li>100% Algodón, preencogido, ring-spun y peinado (Piqué)</li>
<li>Heather Grey: 90% algodón, 10% viscosa</li>
<li>Cuello en canalé 1&#215;1</li>
<li>Tapeta reforzada con 2 botones</li>
<li>Botones del mismo color</li>
<li>Mangas cortas</li>
<li>Costura lateral</li>
<li>Corte normal</li>
</ul>

<p>180 g/m²100% Algodón, preencogido, ring-spun y peinado (Piqué)Heather Grey: 90% algodón, 10% viscosaCuello en canalé 1x1Tapeta reforzada con 2 botonesBotones del mismo colorMangas cortasCostura latera</p>
