{"id":389703,"date":"2026-03-08T04:30:12","date_gmt":"2026-03-08T03:30:12","guid":{"rendered":"https:\/\/grupotextil.es\/producto\/safran-pique-polo-3\/"},"modified":"2026-03-08T04:30:12","modified_gmt":"2026-03-08T03:30:12","slug":"safran-pique-polo-3","status":"publish","type":"product","link":"https:\/\/grupotextil.es\/ca\/product\/safran-pique-polo-3\/","title":{"rendered":"Safran Piqu\u00e9 Polo"},"content":{"rendered":"<ul>\n<li>180 g\/m\u00b2<\/li>\n<li>100% Algod\u00f3n, preencogido, ring-spun y peinado<\/li>\n<li>Ash: 99% algod\u00f3n, 1% viscosa<\/li>\n<li>Heather Grey: 90% algod\u00f3n Better Cotton, 10% viscosa<\/li>\n<li>Cuello encintado<\/li>\n<li>Tapeta con 3 botones<\/li>\n<li>Botones en el mismo color de la prenda<\/li>\n<li>Costuras laterales.<\/li>\n<\/ul>","protected":false},"excerpt":{"rendered":"<p>180 g\/m\u00b2100% Algod\u00f3n, preencogido, ring-spun y peinadoAsh: 99% algod\u00f3n, 1% viscosaHeather Grey: 90% algod\u00f3n Better Cotton, 10% viscosaCuello encintadoTapeta con 3 botonesBotones en el mismo color d&#8230;<\/p>","protected":false},"featured_media":421848,"comment_status":"open","ping_status":"closed","template":"","meta":{"_acf_changed":false},"product_brand":[11653],"product_cat":[13974,13975,13979,13988,13973],"product_tag":[],"class_list":{"0":"post-389703","1":"product","2":"type-product","3":"status-publish","4":"has-post-thumbnail","6":"product_brand-b-c","7":"product_cat-ropa-hombre","8":"product_cat-ropa-mujer","9":"product_cat-h-polos","10":"product_cat-m-polos","11":"product_cat-ropa","12":"tm-no-options","14":"first","15":"instock","16":"taxable","17":"shipping-taxable","18":"product-type-variable"},"acf":[],"_links":{"self":[{"href":"https:\/\/grupotextil.es\/ca\/wp-json\/wp\/v2\/product\/389703","targetHints":{"allow":["GET"]}}],"collection":[{"href":"https:\/\/grupotextil.es\/ca\/wp-json\/wp\/v2\/product"}],"about":[{"href":"https:\/\/grupotextil.es\/ca\/wp-json\/wp\/v2\/types\/product"}],"replies":[{"embeddable":true,"href":"https:\/\/grupotextil.es\/ca\/wp-json\/wp\/v2\/comments?post=389703"}],"wp:featuredmedia":[{"embeddable":true,"href":"https:\/\/grupotextil.es\/ca\/wp-json\/wp\/v2\/media\/421848"}],"wp:attachment":[{"href":"https:\/\/grupotextil.es\/ca\/wp-json\/wp\/v2\/media?parent=389703"}],"wp:term":[{"taxonomy":"product_brand","embeddable":true,"href":"https:\/\/grupotextil.es\/ca\/wp-json\/wp\/v2\/product_brand?post=389703"},{"taxonomy":"product_cat","embeddable":true,"href":"https:\/\/grupotextil.es\/ca\/wp-json\/wp\/v2\/product_cat?post=389703"},{"taxonomy":"product_tag","embeddable":true,"href":"https:\/\/grupotextil.es\/ca\/wp-json\/wp\/v2\/product_tag?post=389703"}],"curies":[{"name":"wp","href":"https:\/\/api.w.org\/{rel}","templated":true}]}}

Safran Piqué Polo

<ul>
<li>180 g/m²</li>
<li>100% Algodón, preencogido, ring-spun y peinado</li>
<li>Ash: 99% algodón, 1% viscosa</li>
<li>Heather Grey: 90% algodón Better Cotton, 10% viscosa</li>
<li>Cuello encintado</li>
<li>Tapeta con 3 botones</li>
<li>Botones en el mismo color de la prenda</li>
<li>Costuras laterales.</li>
</ul>

<p>180 g/m²100% Algodón, preencogido, ring-spun y peinadoAsh: 99% algodón, 1% viscosaHeather Grey: 90% algodón Better Cotton, 10% viscosaCuello encintadoTapeta con 3 botonesBotones en el mismo color d&#8230;</p>
