{"id":389837,"date":"2026-03-08T04:30:17","date_gmt":"2026-03-08T03:30:17","guid":{"rendered":"https:\/\/grupotextil.es\/producto\/polo-premium-pique\/"},"modified":"2026-03-08T04:30:17","modified_gmt":"2026-03-08T03:30:17","slug":"polo-premium-pique","status":"publish","type":"product","link":"https:\/\/grupotextil.es\/ca\/product\/polo-premium-pique\/","title":{"rendered":"Polo Premium Piqu\u00e9"},"content":{"rendered":"<ul>\n<li>180 g\/m\u00b2<\/li>\n<li>(White: 170 g\/m\u00b2)<\/li>\n<li>100% algod\u00f3n<\/li>\n<li>Heather Grey: 97% algod\u00f3n, 3% poli\u00e9ster<\/li>\n<li>Ash: 90% algod\u00f3n, 10% poli\u00e9ster<\/li>\n<li>Tapeta de 3 botones del mismo color de la prenda<\/li>\n<\/ul>","protected":false},"excerpt":{"rendered":"<p>180 g\/m\u00b2(White: 170 g\/m\u00b2)100% algod\u00f3nHeather Grey: 97% algod\u00f3n, 3% poli\u00e9sterAsh: 90% algod\u00f3n, 10% poli\u00e9sterTapeta de 3 botones del mismo color de la prenda<\/p>","protected":false},"featured_media":421863,"comment_status":"open","ping_status":"closed","template":"","meta":{"_acf_changed":false},"product_brand":[11665],"product_cat":[13974,13975,13979,13988,13973],"product_tag":[14009],"class_list":{"0":"post-389837","1":"product","2":"type-product","3":"status-publish","4":"has-post-thumbnail","6":"product_brand-fruit-of-the-loom","7":"product_cat-ropa-hombre","8":"product_cat-ropa-mujer","9":"product_cat-h-polos","10":"product_cat-m-polos","11":"product_cat-ropa","12":"product_tag-top-ventas","13":"tm-no-options","15":"first","16":"instock","17":"taxable","18":"shipping-taxable","19":"product-type-variable"},"acf":[],"_links":{"self":[{"href":"https:\/\/grupotextil.es\/ca\/wp-json\/wp\/v2\/product\/389837","targetHints":{"allow":["GET"]}}],"collection":[{"href":"https:\/\/grupotextil.es\/ca\/wp-json\/wp\/v2\/product"}],"about":[{"href":"https:\/\/grupotextil.es\/ca\/wp-json\/wp\/v2\/types\/product"}],"replies":[{"embeddable":true,"href":"https:\/\/grupotextil.es\/ca\/wp-json\/wp\/v2\/comments?post=389837"}],"wp:featuredmedia":[{"embeddable":true,"href":"https:\/\/grupotextil.es\/ca\/wp-json\/wp\/v2\/media\/421863"}],"wp:attachment":[{"href":"https:\/\/grupotextil.es\/ca\/wp-json\/wp\/v2\/media?parent=389837"}],"wp:term":[{"taxonomy":"product_brand","embeddable":true,"href":"https:\/\/grupotextil.es\/ca\/wp-json\/wp\/v2\/product_brand?post=389837"},{"taxonomy":"product_cat","embeddable":true,"href":"https:\/\/grupotextil.es\/ca\/wp-json\/wp\/v2\/product_cat?post=389837"},{"taxonomy":"product_tag","embeddable":true,"href":"https:\/\/grupotextil.es\/ca\/wp-json\/wp\/v2\/product_tag?post=389837"}],"curies":[{"name":"wp","href":"https:\/\/api.w.org\/{rel}","templated":true}]}}

Polo Premium Piqué

<ul>
<li>180 g/m²</li>
<li>(White: 170 g/m²)</li>
<li>100% algodón</li>
<li>Heather Grey: 97% algodón, 3% poliéster</li>
<li>Ash: 90% algodón, 10% poliéster</li>
<li>Tapeta de 3 botones del mismo color de la prenda</li>
</ul>

<p>180 g/m²(White: 170 g/m²)100% algodónHeather Grey: 97% algodón, 3% poliésterAsh: 90% algodón, 10% poliésterTapeta de 3 botones del mismo color de la prenda</p>
