{"id":390174,"date":"2026-03-08T04:30:53","date_gmt":"2026-03-08T03:30:53","guid":{"rendered":"https:\/\/grupotextil.es\/producto\/polo-pique-con-bolsillo-safran-pocket\/"},"modified":"2026-03-08T04:30:53","modified_gmt":"2026-03-08T03:30:53","slug":"polo-pique-con-bolsillo-safran-pocket","status":"publish","type":"product","link":"https:\/\/grupotextil.es\/ca\/product\/polo-pique-con-bolsillo-safran-pocket\/","title":{"rendered":"Polo piqu\u00e9 con bolsillo Safran Pocket"},"content":{"rendered":"<ul>\n<li>180 g\/m\u00b2<\/li>\n<li>100% Algod\u00f3n, preencogido, ring-spun y peinado<\/li>\n<li>Ash: 99% algod\u00f3n Better Cotton, 1% viscosa<\/li>\n<li>Tapeta con 3 botones en el mismo color de la prenda<\/li>\n<li>Bolsillo en pecho<\/li>\n<li>Cuello encintado<\/li>\n<li>Costuras dobles<\/li>\n<li>Al comprar este producto de B&amp;C, usted est\u00e1 apoyando la producci\u00f3n m\u00e1s responsable de algod\u00f3n a trav\u00e9s de Better Cotton Initiative.<\/li>\n<li>B&amp;C, AHORA obtiene fibras 100% m\u00e1s sostenibles para todos los productos a base de algod\u00f3n.<\/li>\n<\/ul>","protected":false},"excerpt":{"rendered":"<p>180 g\/m\u00b2100% Algod\u00f3n, preencogido, ring-spun y peinadoAsh: 99% algod\u00f3n Better Cotton, 1% viscosaTapeta con 3 botones en el mismo color de la prendaBolsillo en pechoCuello encintadoCosturas doblesAl&#8230;<\/p>","protected":false},"featured_media":421950,"comment_status":"open","ping_status":"closed","template":"","meta":{"_acf_changed":false},"product_brand":[11653],"product_cat":[13974,13975,13979,13988,13973],"product_tag":[],"class_list":{"0":"post-390174","1":"product","2":"type-product","3":"status-publish","4":"has-post-thumbnail","6":"product_brand-b-c","7":"product_cat-ropa-hombre","8":"product_cat-ropa-mujer","9":"product_cat-h-polos","10":"product_cat-m-polos","11":"product_cat-ropa","12":"tm-no-options","14":"first","15":"instock","16":"taxable","17":"shipping-taxable","18":"product-type-variable"},"acf":[],"_links":{"self":[{"href":"https:\/\/grupotextil.es\/ca\/wp-json\/wp\/v2\/product\/390174","targetHints":{"allow":["GET"]}}],"collection":[{"href":"https:\/\/grupotextil.es\/ca\/wp-json\/wp\/v2\/product"}],"about":[{"href":"https:\/\/grupotextil.es\/ca\/wp-json\/wp\/v2\/types\/product"}],"replies":[{"embeddable":true,"href":"https:\/\/grupotextil.es\/ca\/wp-json\/wp\/v2\/comments?post=390174"}],"wp:featuredmedia":[{"embeddable":true,"href":"https:\/\/grupotextil.es\/ca\/wp-json\/wp\/v2\/media\/421950"}],"wp:attachment":[{"href":"https:\/\/grupotextil.es\/ca\/wp-json\/wp\/v2\/media?parent=390174"}],"wp:term":[{"taxonomy":"product_brand","embeddable":true,"href":"https:\/\/grupotextil.es\/ca\/wp-json\/wp\/v2\/product_brand?post=390174"},{"taxonomy":"product_cat","embeddable":true,"href":"https:\/\/grupotextil.es\/ca\/wp-json\/wp\/v2\/product_cat?post=390174"},{"taxonomy":"product_tag","embeddable":true,"href":"https:\/\/grupotextil.es\/ca\/wp-json\/wp\/v2\/product_tag?post=390174"}],"curies":[{"name":"wp","href":"https:\/\/api.w.org\/{rel}","templated":true}]}}

Polo piqué con bolsillo Safran Pocket

<ul>
<li>180 g/m²</li>
<li>100% Algodón, preencogido, ring-spun y peinado</li>
<li>Ash: 99% algodón Better Cotton, 1% viscosa</li>
<li>Tapeta con 3 botones en el mismo color de la prenda</li>
<li>Bolsillo en pecho</li>
<li>Cuello encintado</li>
<li>Costuras dobles</li>
<li>Al comprar este producto de B&amp;C, usted está apoyando la producción más responsable de algodón a través de Better Cotton Initiative.</li>
<li>B&amp;C, AHORA obtiene fibras 100% más sostenibles para todos los productos a base de algodón.</li>
</ul>

<p>180 g/m²100% Algodón, preencogido, ring-spun y peinadoAsh: 99% algodón Better Cotton, 1% viscosaTapeta con 3 botones en el mismo color de la prendaBolsillo en pechoCuello encintadoCosturas doblesAl&#8230;</p>
