{"id":390475,"date":"2026-03-08T04:32:05","date_gmt":"2026-03-08T03:32:05","guid":{"rendered":"https:\/\/grupotextil.es\/producto\/polo-nino-65-35\/"},"modified":"2026-03-08T04:32:05","modified_gmt":"2026-03-08T03:32:05","slug":"polo-nino-65-35","status":"publish","type":"product","link":"https:\/\/grupotextil.es\/ca\/product\/polo-nino-65-35\/","title":{"rendered":"Polo Kids 65\/35"},"content":{"rendered":"<ul>\n<li>180 g\/m\u00b2 (White: 170 g\/m\u00b2)<\/li>\n<li>65% poli\u00e9ster, 35% algod\u00f3n<\/li>\n<li>Encintado en cuello<\/li>\n<li>Tapeta con 2 botones del mismo color de la prenda<\/li>\n<li>Cuello y pu\u00f1os en canal\u00e9<\/li>\n<li>F\u00e1cil de cuidar<\/li>\n<\/ul>","protected":false},"excerpt":{"rendered":"<p>180 g\/m\u00b2 (White: 170 g\/m\u00b2)65% poli\u00e9ster, 35% algod\u00f3nEncintado en cuelloTapeta con 2 botones del mismo color de la prendaCuello y pu\u00f1os en canal\u00e9F\u00e1cil de cuidar<\/p>","protected":false},"featured_media":422055,"comment_status":"open","ping_status":"closed","template":"","meta":{"_acf_changed":false},"product_brand":[11665],"product_cat":[13974,13975,13976,13996,13979,13988,13973],"product_tag":[],"class_list":{"0":"post-390475","1":"product","2":"type-product","3":"status-publish","4":"has-post-thumbnail","6":"product_brand-fruit-of-the-loom","7":"product_cat-ropa-hombre","8":"product_cat-ropa-mujer","9":"product_cat-ropa-nino","10":"product_cat-n-polos","11":"product_cat-h-polos","12":"product_cat-m-polos","13":"product_cat-ropa","14":"tm-no-options","16":"first","17":"instock","18":"taxable","19":"shipping-taxable","20":"product-type-variable"},"acf":[],"_links":{"self":[{"href":"https:\/\/grupotextil.es\/ca\/wp-json\/wp\/v2\/product\/390475","targetHints":{"allow":["GET"]}}],"collection":[{"href":"https:\/\/grupotextil.es\/ca\/wp-json\/wp\/v2\/product"}],"about":[{"href":"https:\/\/grupotextil.es\/ca\/wp-json\/wp\/v2\/types\/product"}],"replies":[{"embeddable":true,"href":"https:\/\/grupotextil.es\/ca\/wp-json\/wp\/v2\/comments?post=390475"}],"wp:featuredmedia":[{"embeddable":true,"href":"https:\/\/grupotextil.es\/ca\/wp-json\/wp\/v2\/media\/422055"}],"wp:attachment":[{"href":"https:\/\/grupotextil.es\/ca\/wp-json\/wp\/v2\/media?parent=390475"}],"wp:term":[{"taxonomy":"product_brand","embeddable":true,"href":"https:\/\/grupotextil.es\/ca\/wp-json\/wp\/v2\/product_brand?post=390475"},{"taxonomy":"product_cat","embeddable":true,"href":"https:\/\/grupotextil.es\/ca\/wp-json\/wp\/v2\/product_cat?post=390475"},{"taxonomy":"product_tag","embeddable":true,"href":"https:\/\/grupotextil.es\/ca\/wp-json\/wp\/v2\/product_tag?post=390475"}],"curies":[{"name":"wp","href":"https:\/\/api.w.org\/{rel}","templated":true}]}}

<ul>
<li>180 g/m² (White: 170 g/m²)</li>
<li>65% poliéster, 35% algodón</li>
<li>Encintado en cuello</li>
<li>Tapeta con 2 botones del mismo color de la prenda</li>
<li>Cuello y puños en canalé</li>
<li>Fácil de cuidar</li>
</ul>

<p>180 g/m² (White: 170 g/m²)65% poliéster, 35% algodónEncintado en cuelloTapeta con 2 botones del mismo color de la prendaCuello y puños en canaléFácil de cuidar</p>
