{"id":390553,"date":"2026-03-08T04:32:08","date_gmt":"2026-03-08T03:32:08","guid":{"rendered":"https:\/\/grupotextil.es\/producto\/polo-nino-safran-kids\/"},"modified":"2026-03-08T04:32:08","modified_gmt":"2026-03-08T03:32:08","slug":"polo-nino-safran-kids","status":"publish","type":"product","link":"https:\/\/grupotextil.es\/ca\/product\/polo-nino-safran-kids\/","title":{"rendered":"Polo Kids SafranKids"},"content":{"rendered":"<ul>\n<li>180 g\/m\u00b2<\/li>\n<li>100% Algod\u00f3n, preencogido, ring-spun y peinado<\/li>\n<li>Punto piqu\u00e9, cuello encintado<\/li>\n<li>Cuello y bajo de manga en canal\u00e9<\/li>\n<li>Tapeta con 2 botones del mismo color de la prenda<\/li>\n<li>Doble costura en dobladillo<\/li>\n<\/ul>","protected":false},"excerpt":{"rendered":"<p>180 g\/m\u00b2100% Algod\u00f3n, preencogido, ring-spun y peinadoPunto piqu\u00e9, cuello encintadoCuello y bajo de manga en canal\u00e9Tapeta con 2 botones del mismo color de la prendaDoble costura en dobladillo<\/p>","protected":false},"featured_media":422074,"comment_status":"open","ping_status":"closed","template":"","meta":{"_acf_changed":false},"product_brand":[11653],"product_cat":[13974,13975,13976,13979,13988,13996,13973],"product_tag":[],"class_list":{"0":"post-390553","1":"product","2":"type-product","3":"status-publish","4":"has-post-thumbnail","6":"product_brand-b-c","7":"product_cat-ropa-hombre","8":"product_cat-ropa-mujer","9":"product_cat-ropa-nino","10":"product_cat-h-polos","11":"product_cat-m-polos","12":"product_cat-n-polos","13":"product_cat-ropa","14":"tm-no-options","16":"first","17":"instock","18":"taxable","19":"shipping-taxable","20":"product-type-variable"},"acf":[],"_links":{"self":[{"href":"https:\/\/grupotextil.es\/ca\/wp-json\/wp\/v2\/product\/390553","targetHints":{"allow":["GET"]}}],"collection":[{"href":"https:\/\/grupotextil.es\/ca\/wp-json\/wp\/v2\/product"}],"about":[{"href":"https:\/\/grupotextil.es\/ca\/wp-json\/wp\/v2\/types\/product"}],"replies":[{"embeddable":true,"href":"https:\/\/grupotextil.es\/ca\/wp-json\/wp\/v2\/comments?post=390553"}],"wp:featuredmedia":[{"embeddable":true,"href":"https:\/\/grupotextil.es\/ca\/wp-json\/wp\/v2\/media\/422074"}],"wp:attachment":[{"href":"https:\/\/grupotextil.es\/ca\/wp-json\/wp\/v2\/media?parent=390553"}],"wp:term":[{"taxonomy":"product_brand","embeddable":true,"href":"https:\/\/grupotextil.es\/ca\/wp-json\/wp\/v2\/product_brand?post=390553"},{"taxonomy":"product_cat","embeddable":true,"href":"https:\/\/grupotextil.es\/ca\/wp-json\/wp\/v2\/product_cat?post=390553"},{"taxonomy":"product_tag","embeddable":true,"href":"https:\/\/grupotextil.es\/ca\/wp-json\/wp\/v2\/product_tag?post=390553"}],"curies":[{"name":"wp","href":"https:\/\/api.w.org\/{rel}","templated":true}]}}

<ul>
<li>180 g/m²</li>
<li>100% Algodón, preencogido, ring-spun y peinado</li>
<li>Punto piqué, cuello encintado</li>
<li>Cuello y bajo de manga en canalé</li>
<li>Tapeta con 2 botones del mismo color de la prenda</li>
<li>Doble costura en dobladillo</li>
</ul>

<p>180 g/m²100% Algodón, preencogido, ring-spun y peinadoPunto piqué, cuello encintadoCuello y bajo de manga en canaléTapeta con 2 botones del mismo color de la prendaDoble costura en dobladillo</p>
