{"id":390703,"date":"2026-03-08T04:32:22","date_gmt":"2026-03-08T03:32:22","guid":{"rendered":"https:\/\/grupotextil.es\/producto\/polo-pique-65-35-mujer-2\/"},"modified":"2026-03-08T04:32:22","modified_gmt":"2026-03-08T03:32:22","slug":"polo-pique-65-35-mujer-2","status":"publish","type":"product","link":"https:\/\/grupotextil.es\/ca\/product\/polo-pique-65-35-mujer-2\/","title":{"rendered":"Polo piqu\u00e9 65\/35 mujer"},"content":{"rendered":"<ul>\n<li>180 g\/m\u00b2 (White: 170 g\/m\u00b2)<\/li>\n<li>65% poli\u00e9ster, 35% algod\u00f3n<\/li>\n<li>Cuello y pu\u00f1os en canal\u00e9 1&#215;1<\/li>\n<li>Tapeta con 2 botones del mismo color de la prenda<\/li>\n<li>Costuras laterales<\/li>\n<li>Costuras dobles en dobladillo inferior<\/li>\n<li>Lavable a 60\u00baC<\/li>\n<li>F\u00e1cil cuidado<\/li>\n<\/ul>","protected":false},"excerpt":{"rendered":"<p>180 g\/m\u00b2 (White: 170 g\/m\u00b2)65% poli\u00e9ster, 35% algod\u00f3nCuello y pu\u00f1os en canal\u00e9 1x1Tapeta con 2 botones del mismo color de la prendaCosturas lateralesCosturas dobles en dobladillo inferiorLavable a 60\u00baCF<\/p>","protected":false},"featured_media":422124,"comment_status":"open","ping_status":"closed","template":"","meta":{"_acf_changed":false},"product_brand":[11665],"product_cat":[13974,13975,13979,13988,13973],"product_tag":[],"class_list":{"0":"post-390703","1":"product","2":"type-product","3":"status-publish","4":"has-post-thumbnail","6":"product_brand-fruit-of-the-loom","7":"product_cat-ropa-hombre","8":"product_cat-ropa-mujer","9":"product_cat-h-polos","10":"product_cat-m-polos","11":"product_cat-ropa","12":"tm-no-options","14":"first","15":"instock","16":"taxable","17":"shipping-taxable","18":"product-type-variable"},"acf":[],"_links":{"self":[{"href":"https:\/\/grupotextil.es\/ca\/wp-json\/wp\/v2\/product\/390703","targetHints":{"allow":["GET"]}}],"collection":[{"href":"https:\/\/grupotextil.es\/ca\/wp-json\/wp\/v2\/product"}],"about":[{"href":"https:\/\/grupotextil.es\/ca\/wp-json\/wp\/v2\/types\/product"}],"replies":[{"embeddable":true,"href":"https:\/\/grupotextil.es\/ca\/wp-json\/wp\/v2\/comments?post=390703"}],"wp:featuredmedia":[{"embeddable":true,"href":"https:\/\/grupotextil.es\/ca\/wp-json\/wp\/v2\/media\/422124"}],"wp:attachment":[{"href":"https:\/\/grupotextil.es\/ca\/wp-json\/wp\/v2\/media?parent=390703"}],"wp:term":[{"taxonomy":"product_brand","embeddable":true,"href":"https:\/\/grupotextil.es\/ca\/wp-json\/wp\/v2\/product_brand?post=390703"},{"taxonomy":"product_cat","embeddable":true,"href":"https:\/\/grupotextil.es\/ca\/wp-json\/wp\/v2\/product_cat?post=390703"},{"taxonomy":"product_tag","embeddable":true,"href":"https:\/\/grupotextil.es\/ca\/wp-json\/wp\/v2\/product_tag?post=390703"}],"curies":[{"name":"wp","href":"https:\/\/api.w.org\/{rel}","templated":true}]}}

Polo piqué 65/35 mujer

<ul>
<li>180 g/m² (White: 170 g/m²)</li>
<li>65% poliéster, 35% algodón</li>
<li>Cuello y puños en canalé 1&#215;1</li>
<li>Tapeta con 2 botones del mismo color de la prenda</li>
<li>Costuras laterales</li>
<li>Costuras dobles en dobladillo inferior</li>
<li>Lavable a 60ºC</li>
<li>Fácil cuidado</li>
</ul>

<p>180 g/m² (White: 170 g/m²)65% poliéster, 35% algodónCuello y puños en canalé 1x1Tapeta con 2 botones del mismo color de la prendaCosturas lateralesCosturas dobles en dobladillo inferiorLavable a 60ºCF</p>
