{"id":390970,"date":"2026-03-08T04:33:00","date_gmt":"2026-03-08T03:33:00","guid":{"rendered":"https:\/\/grupotextil.es\/producto\/bolsa-plegable-hdi\/"},"modified":"2026-03-08T04:33:00","modified_gmt":"2026-03-08T03:33:00","slug":"bolsa-plegable-hdi","status":"publish","type":"product","link":"https:\/\/grupotextil.es\/ca\/product\/bolsa-plegable-hdi\/","title":{"rendered":"Bag plegable HDI"},"content":{"rendered":"<ul>\n<li>65 g\/m\u00b2 (capacidad 10 litros- 6kg)<\/li>\n<li>100% poli\u00e9ster<\/li>\n<li>Extremadamente ligera<\/li>\n<li>Secado r\u00e1pido<\/li>\n<li>Asas del mismo tejido con ribetes en color de contraste<\/li>\n<li>Costuras reforzadas<\/li>\n<li>Se puede guardar en un estuche con cord\u00f3n<\/li>\n<\/ul>","protected":false},"excerpt":{"rendered":"<p>65 g\/m\u00b2 (capacidad 10 litros- 6kg)100% poli\u00e9sterExtremadamente ligeraSecado r\u00e1pidoAsas del mismo tejido con ribetes en color de contrasteCosturas reforzadasSe puede guardar en un estuche con cord\u00f3n<\/p>","protected":false},"featured_media":422269,"comment_status":"open","ping_status":"closed","template":"","meta":{"_acf_changed":false},"product_brand":[11669],"product_cat":[13948,13954,13930],"product_tag":[],"class_list":{"0":"post-390970","1":"product","2":"type-product","3":"status-publish","4":"has-post-thumbnail","6":"product_brand-result","7":"product_cat-accesorios","8":"product_cat-acc-bolsas-y-mochilas","9":"product_cat-laboral","10":"tm-no-options","12":"first","13":"instock","14":"taxable","15":"shipping-taxable","16":"product-type-variable"},"acf":[],"_links":{"self":[{"href":"https:\/\/grupotextil.es\/ca\/wp-json\/wp\/v2\/product\/390970","targetHints":{"allow":["GET"]}}],"collection":[{"href":"https:\/\/grupotextil.es\/ca\/wp-json\/wp\/v2\/product"}],"about":[{"href":"https:\/\/grupotextil.es\/ca\/wp-json\/wp\/v2\/types\/product"}],"replies":[{"embeddable":true,"href":"https:\/\/grupotextil.es\/ca\/wp-json\/wp\/v2\/comments?post=390970"}],"wp:featuredmedia":[{"embeddable":true,"href":"https:\/\/grupotextil.es\/ca\/wp-json\/wp\/v2\/media\/422269"}],"wp:attachment":[{"href":"https:\/\/grupotextil.es\/ca\/wp-json\/wp\/v2\/media?parent=390970"}],"wp:term":[{"taxonomy":"product_brand","embeddable":true,"href":"https:\/\/grupotextil.es\/ca\/wp-json\/wp\/v2\/product_brand?post=390970"},{"taxonomy":"product_cat","embeddable":true,"href":"https:\/\/grupotextil.es\/ca\/wp-json\/wp\/v2\/product_cat?post=390970"},{"taxonomy":"product_tag","embeddable":true,"href":"https:\/\/grupotextil.es\/ca\/wp-json\/wp\/v2\/product_tag?post=390970"}],"curies":[{"name":"wp","href":"https:\/\/api.w.org\/{rel}","templated":true}]}}

<ul>
<li>65 g/m² (capacidad 10 litros- 6kg)</li>
<li>100% poliéster</li>
<li>Extremadamente ligera</li>
<li>Secado rápido</li>
<li>Asas del mismo tejido con ribetes en color de contraste</li>
<li>Costuras reforzadas</li>
<li>Se puede guardar en un estuche con cordón</li>
</ul>

<p>65 g/m² (capacidad 10 litros- 6kg)100% poliésterExtremadamente ligeraSecado rápidoAsas del mismo tejido con ribetes en color de contrasteCosturas reforzadasSe puede guardar en un estuche con cordón</p>
