{"id":391034,"date":"2026-03-08T04:34:03","date_gmt":"2026-03-08T03:34:03","guid":{"rendered":"https:\/\/grupotextil.es\/producto\/bag-for-life-long-handles\/"},"modified":"2026-03-08T04:34:03","modified_gmt":"2026-03-08T03:34:03","slug":"bag-for-life-long-handles","status":"publish","type":"product","link":"https:\/\/grupotextil.es\/ca\/product\/bag-for-life-long-handles\/","title":{"rendered":"Bag for Life &#8211; Long Handles"},"content":{"rendered":"<ul>\n<li>140 g\/m\u00b2<\/li>\n<li>100% algod\u00f3n<\/li>\n<li>Asas tama\u00f1o medio (67 cm)<\/li>\n<li>Se puede llevar en la mano o al hombro<\/li>\n<li>Adecuado para impresi\u00f3n y bordado<\/li>\n<li>Capacidad: 10 litros<\/li>\n<li>Medidas: 38 x 42 cm<\/li>\n<li>\u00c1rea de decoraci\u00f3n: 33 x 36 cm<\/li>\n<\/ul>","protected":false},"excerpt":{"rendered":"<p>140 g\/m\u00b2100% algod\u00f3nAsas tama\u00f1o medio (67 cm)Se puede llevar en la mano o al hombroAdecuado para impresi\u00f3n y bordadoCapacidad: 10 litrosMedidas: 38 x 42 cm\u00c1rea de decoraci\u00f3n: 33 x 36 cm<\/p>","protected":false},"featured_media":422311,"comment_status":"open","ping_status":"closed","template":"","meta":{"_acf_changed":false},"product_brand":[11680],"product_cat":[13948,13954,13930],"product_tag":[14009],"class_list":{"0":"post-391034","1":"product","2":"type-product","3":"status-publish","4":"has-post-thumbnail","6":"product_brand-westford-mill","7":"product_cat-accesorios","8":"product_cat-acc-bolsas-y-mochilas","9":"product_cat-laboral","10":"product_tag-top-ventas","11":"tm-no-options","13":"first","14":"instock","15":"taxable","16":"shipping-taxable","17":"product-type-variable"},"acf":[],"_links":{"self":[{"href":"https:\/\/grupotextil.es\/ca\/wp-json\/wp\/v2\/product\/391034","targetHints":{"allow":["GET"]}}],"collection":[{"href":"https:\/\/grupotextil.es\/ca\/wp-json\/wp\/v2\/product"}],"about":[{"href":"https:\/\/grupotextil.es\/ca\/wp-json\/wp\/v2\/types\/product"}],"replies":[{"embeddable":true,"href":"https:\/\/grupotextil.es\/ca\/wp-json\/wp\/v2\/comments?post=391034"}],"wp:featuredmedia":[{"embeddable":true,"href":"https:\/\/grupotextil.es\/ca\/wp-json\/wp\/v2\/media\/422311"}],"wp:attachment":[{"href":"https:\/\/grupotextil.es\/ca\/wp-json\/wp\/v2\/media?parent=391034"}],"wp:term":[{"taxonomy":"product_brand","embeddable":true,"href":"https:\/\/grupotextil.es\/ca\/wp-json\/wp\/v2\/product_brand?post=391034"},{"taxonomy":"product_cat","embeddable":true,"href":"https:\/\/grupotextil.es\/ca\/wp-json\/wp\/v2\/product_cat?post=391034"},{"taxonomy":"product_tag","embeddable":true,"href":"https:\/\/grupotextil.es\/ca\/wp-json\/wp\/v2\/product_tag?post=391034"}],"curies":[{"name":"wp","href":"https:\/\/api.w.org\/{rel}","templated":true}]}}

<ul>
<li>140 g/m²</li>
<li>100% algodón</li>
<li>Asas tamaño medio (67 cm)</li>
<li>Se puede llevar en la mano o al hombro</li>
<li>Adecuado para impresión y bordado</li>
<li>Capacidad: 10 litros</li>
<li>Medidas: 38 x 42 cm</li>
<li>Área de decoración: 33 x 36 cm</li>
</ul>

<p>140 g/m²100% algodónAsas tamaño medio (67 cm)Se puede llevar en la mano o al hombroAdecuado para impresión y bordadoCapacidad: 10 litrosMedidas: 38 x 42 cmÁrea de decoración: 33 x 36 cm</p>
