{"id":391100,"date":"2026-03-08T04:34:11","date_gmt":"2026-03-08T03:34:11","guid":{"rendered":"https:\/\/grupotextil.es\/producto\/bolsa-de-yute-de-asas-largas-calcutta\/"},"modified":"2026-03-08T04:34:11","modified_gmt":"2026-03-08T03:34:11","slug":"bolsa-de-yute-de-asas-largas-calcutta","status":"publish","type":"product","link":"https:\/\/grupotextil.es\/ca\/product\/bolsa-de-yute-de-asas-largas-calcutta\/","title":{"rendered":"Bag Jute de Long Handle Calcutta"},"content":{"rendered":"<ul>\n<li>100% yute<\/li>\n<li>Con entretela en los laterales y asas largas<\/li>\n<li>Apropiada para serigraf\u00eda y bordado<\/li>\n<li>Medidas: 39 x 35 x 15 cm<\/li>\n<li>\u00c1rea de decoraci\u00f3n: 20 x 28 cm<\/li>\n<li>Bordado m\u00e1ximo: aro tubular 18<\/li>\n<li>Capacidad: 20 litros<\/li>\n<\/ul>","protected":false},"excerpt":{"rendered":"<p>100% yuteCon entretela en los laterales y asas largasApropiada para serigraf\u00eda y bordadoMedidas: 39 x 35 x 15 cm\u00c1rea de decoraci\u00f3n: 20 x 28 cmBordado m\u00e1ximo: aro tubular 18Capacidad: 20 litros<\/p>","protected":false},"featured_media":422380,"comment_status":"open","ping_status":"closed","template":"","meta":{"_acf_changed":false},"product_brand":[11660],"product_cat":[13948,13954,13930],"product_tag":[],"class_list":{"0":"post-391100","1":"product","2":"type-product","3":"status-publish","4":"has-post-thumbnail","6":"product_brand-shugon","7":"product_cat-accesorios","8":"product_cat-acc-bolsas-y-mochilas","9":"product_cat-laboral","10":"tm-no-options","12":"first","13":"instock","14":"taxable","15":"shipping-taxable","16":"product-type-variable"},"acf":[],"_links":{"self":[{"href":"https:\/\/grupotextil.es\/ca\/wp-json\/wp\/v2\/product\/391100","targetHints":{"allow":["GET"]}}],"collection":[{"href":"https:\/\/grupotextil.es\/ca\/wp-json\/wp\/v2\/product"}],"about":[{"href":"https:\/\/grupotextil.es\/ca\/wp-json\/wp\/v2\/types\/product"}],"replies":[{"embeddable":true,"href":"https:\/\/grupotextil.es\/ca\/wp-json\/wp\/v2\/comments?post=391100"}],"wp:featuredmedia":[{"embeddable":true,"href":"https:\/\/grupotextil.es\/ca\/wp-json\/wp\/v2\/media\/422380"}],"wp:attachment":[{"href":"https:\/\/grupotextil.es\/ca\/wp-json\/wp\/v2\/media?parent=391100"}],"wp:term":[{"taxonomy":"product_brand","embeddable":true,"href":"https:\/\/grupotextil.es\/ca\/wp-json\/wp\/v2\/product_brand?post=391100"},{"taxonomy":"product_cat","embeddable":true,"href":"https:\/\/grupotextil.es\/ca\/wp-json\/wp\/v2\/product_cat?post=391100"},{"taxonomy":"product_tag","embeddable":true,"href":"https:\/\/grupotextil.es\/ca\/wp-json\/wp\/v2\/product_tag?post=391100"}],"curies":[{"name":"wp","href":"https:\/\/api.w.org\/{rel}","templated":true}]}}

<ul>
<li>100% yute</li>
<li>Con entretela en los laterales y asas largas</li>
<li>Apropiada para serigrafía y bordado</li>
<li>Medidas: 39 x 35 x 15 cm</li>
<li>Área de decoración: 20 x 28 cm</li>
<li>Bordado máximo: aro tubular 18</li>
<li>Capacidad: 20 litros</li>
</ul>

<p>100% yuteCon entretela en los laterales y asas largasApropiada para serigrafía y bordadoMedidas: 39 x 35 x 15 cmÁrea de decoración: 20 x 28 cmBordado máximo: aro tubular 18Capacidad: 20 litros</p>
