{"id":391102,"date":"2026-03-08T04:34:12","date_gmt":"2026-03-08T03:34:12","guid":{"rendered":"https:\/\/grupotextil.es\/producto\/bolsa-de-algodon-asa-larga\/"},"modified":"2026-03-08T04:34:12","modified_gmt":"2026-03-08T03:34:12","slug":"bolsa-de-algodon-asa-larga","status":"publish","type":"product","link":"https:\/\/grupotextil.es\/ca\/product\/bolsa-de-algodon-asa-larga\/","title":{"rendered":"Bag Cotton Long Handle"},"content":{"rendered":"<ul>\n<li>140 g\/m\u00b2<\/li>\n<li>100% algod\u00f3n<\/li>\n<li>Lavado solo a mano con agua tibia<\/li>\n<li>Asas largas (70 cm aprox.)<\/li>\n<li>Refuerzos en forma de cruz en la base de la asa para mayor estabilidad<\/li>\n<li>Costuras laterales enrolladas para evitar que se encoja<\/li>\n<li>Medidas: 38 x 42 cm<\/li>\n<li>Adecuado para bordado, serigraf\u00eda y transfer (bolsa planchada)<\/li>\n<li>\u00c1rea m\u00e1xima de impresi\u00f3n:30 x 30 cm<\/li>\n<\/ul>","protected":false},"excerpt":{"rendered":"<p>140 g\/m\u00b2100% algod\u00f3nLavado solo a mano con agua tibiaAsas largas (70 cm aprox.<\/p>","protected":false},"featured_media":422384,"comment_status":"open","ping_status":"closed","template":"","meta":{"_acf_changed":false},"product_brand":[11681],"product_cat":[13948,13954,13930],"product_tag":[14009],"class_list":{"0":"post-391102","1":"product","2":"type-product","3":"status-publish","4":"has-post-thumbnail","6":"product_brand-sg-accessories-bags","7":"product_cat-accesorios","8":"product_cat-acc-bolsas-y-mochilas","9":"product_cat-laboral","10":"product_tag-top-ventas","11":"tm-no-options","13":"first","14":"instock","15":"taxable","16":"shipping-taxable","17":"product-type-variable"},"acf":[],"_links":{"self":[{"href":"https:\/\/grupotextil.es\/ca\/wp-json\/wp\/v2\/product\/391102","targetHints":{"allow":["GET"]}}],"collection":[{"href":"https:\/\/grupotextil.es\/ca\/wp-json\/wp\/v2\/product"}],"about":[{"href":"https:\/\/grupotextil.es\/ca\/wp-json\/wp\/v2\/types\/product"}],"replies":[{"embeddable":true,"href":"https:\/\/grupotextil.es\/ca\/wp-json\/wp\/v2\/comments?post=391102"}],"wp:featuredmedia":[{"embeddable":true,"href":"https:\/\/grupotextil.es\/ca\/wp-json\/wp\/v2\/media\/422384"}],"wp:attachment":[{"href":"https:\/\/grupotextil.es\/ca\/wp-json\/wp\/v2\/media?parent=391102"}],"wp:term":[{"taxonomy":"product_brand","embeddable":true,"href":"https:\/\/grupotextil.es\/ca\/wp-json\/wp\/v2\/product_brand?post=391102"},{"taxonomy":"product_cat","embeddable":true,"href":"https:\/\/grupotextil.es\/ca\/wp-json\/wp\/v2\/product_cat?post=391102"},{"taxonomy":"product_tag","embeddable":true,"href":"https:\/\/grupotextil.es\/ca\/wp-json\/wp\/v2\/product_tag?post=391102"}],"curies":[{"name":"wp","href":"https:\/\/api.w.org\/{rel}","templated":true}]}}

<ul>
<li>140 g/m²</li>
<li>100% algodón</li>
<li>Lavado solo a mano con agua tibia</li>
<li>Asas largas (70 cm aprox.)</li>
<li>Refuerzos en forma de cruz en la base de la asa para mayor estabilidad</li>
<li>Costuras laterales enrolladas para evitar que se encoja</li>
<li>Medidas: 38 x 42 cm</li>
<li>Adecuado para bordado, serigrafía y transfer (bolsa planchada)</li>
<li>Área máxima de impresión:30 x 30 cm</li>
</ul>

<p>140 g/m²100% algodónLavado solo a mano con agua tibiaAsas largas (70 cm aprox.</p>
