{"id":391177,"date":"2026-03-08T04:34:53","date_gmt":"2026-03-08T03:34:53","guid":{"rendered":"https:\/\/grupotextil.es\/producto\/bolsa-mochila-con-cordon-2\/"},"modified":"2026-03-08T04:34:53","modified_gmt":"2026-03-08T03:34:53","slug":"bolsa-mochila-con-cordon-2","status":"publish","type":"product","link":"https:\/\/grupotextil.es\/ca\/product\/bolsa-mochila-con-cordon-2\/","title":{"rendered":"Bag\/Mochila con cord\u00f3n"},"content":{"rendered":"<ul>\n<li>140 g\/m\u00b2<\/li>\n<li>100% algod\u00f3n<\/li>\n<li>Cord\u00f3n ajustable<\/li>\n<li>Abertura con remate<\/li>\n<li>Ojales cosidos reforzados<\/li>\n<li>Medidas: 38 x 48 cm<\/li>\n<li>Apropiado para bordado, serigraf\u00eda e impresi\u00f3n por transfer (bolsa planchada)<\/li>\n<li>\u00c1rea m\u00e1xima de impresi\u00f3n:30 x 30 cm<\/li>\n<li>Lavado solo a mano con agua tibia<\/li>\n<\/ul>","protected":false},"excerpt":{"rendered":"<p>140 g\/m\u00b2100% algod\u00f3nCord\u00f3n ajustableAbertura con remateOjales cosidos reforzadosMedidas: 38 x 48 cmApropiado para bordado, serigraf\u00eda e impresi\u00f3n por transfer (bolsa planchada)\u00c1rea m\u00e1xima de impresi\u00f3n<\/p>","protected":false},"featured_media":422435,"comment_status":"open","ping_status":"closed","template":"","meta":{"_acf_changed":false},"product_brand":[11681],"product_cat":[13948,13954,13930],"product_tag":[14009],"class_list":{"0":"post-391177","1":"product","2":"type-product","3":"status-publish","4":"has-post-thumbnail","6":"product_brand-sg-accessories-bags","7":"product_cat-accesorios","8":"product_cat-acc-bolsas-y-mochilas","9":"product_cat-laboral","10":"product_tag-top-ventas","11":"tm-no-options","13":"first","14":"instock","15":"taxable","16":"shipping-taxable","17":"product-type-variable"},"acf":[],"_links":{"self":[{"href":"https:\/\/grupotextil.es\/ca\/wp-json\/wp\/v2\/product\/391177","targetHints":{"allow":["GET"]}}],"collection":[{"href":"https:\/\/grupotextil.es\/ca\/wp-json\/wp\/v2\/product"}],"about":[{"href":"https:\/\/grupotextil.es\/ca\/wp-json\/wp\/v2\/types\/product"}],"replies":[{"embeddable":true,"href":"https:\/\/grupotextil.es\/ca\/wp-json\/wp\/v2\/comments?post=391177"}],"wp:featuredmedia":[{"embeddable":true,"href":"https:\/\/grupotextil.es\/ca\/wp-json\/wp\/v2\/media\/422435"}],"wp:attachment":[{"href":"https:\/\/grupotextil.es\/ca\/wp-json\/wp\/v2\/media?parent=391177"}],"wp:term":[{"taxonomy":"product_brand","embeddable":true,"href":"https:\/\/grupotextil.es\/ca\/wp-json\/wp\/v2\/product_brand?post=391177"},{"taxonomy":"product_cat","embeddable":true,"href":"https:\/\/grupotextil.es\/ca\/wp-json\/wp\/v2\/product_cat?post=391177"},{"taxonomy":"product_tag","embeddable":true,"href":"https:\/\/grupotextil.es\/ca\/wp-json\/wp\/v2\/product_tag?post=391177"}],"curies":[{"name":"wp","href":"https:\/\/api.w.org\/{rel}","templated":true}]}}

Bag/Mochila con cordón

<ul>
<li>140 g/m²</li>
<li>100% algodón</li>
<li>Cordón ajustable</li>
<li>Abertura con remate</li>
<li>Ojales cosidos reforzados</li>
<li>Medidas: 38 x 48 cm</li>
<li>Apropiado para bordado, serigrafía e impresión por transfer (bolsa planchada)</li>
<li>Área máxima de impresión:30 x 30 cm</li>
<li>Lavado solo a mano con agua tibia</li>
</ul>

<p>140 g/m²100% algodónCordón ajustableAbertura con remateOjales cosidos reforzadosMedidas: 38 x 48 cmApropiado para bordado, serigrafía e impresión por transfer (bolsa planchada)Área máxima de impresión</p>
