{"id":391269,"date":"2026-03-08T04:35:58","date_gmt":"2026-03-08T03:35:58","guid":{"rendered":"https:\/\/grupotextil.es\/producto\/bolsa-organica-earthaware-asa-larga\/"},"modified":"2026-03-08T04:35:58","modified_gmt":"2026-03-08T03:35:58","slug":"bolsa-organica-earthaware-asa-larga","status":"publish","type":"product","link":"https:\/\/grupotextil.es\/ca\/product\/bolsa-organica-earthaware-asa-larga\/","title":{"rendered":"Bag org\u00e1nico EarthAware\u2122 asa larga"},"content":{"rendered":"<ul>\n<li>340 g\/m\u00b2<\/li>\n<li>100% algod\u00f3n org\u00e1nico<\/li>\n<li>Resistente<\/li>\n<li>Asas de mano (longitud: 67 cm)<\/li>\n<li>Se puede llevar en la mano o al hombro<\/li>\n<li>Capacidad: 10 litros<\/li>\n<li>Medidas: 38 x 42 cm<\/li>\n<li>Bordado m\u00e1ximo: aro tubular de 18<\/li>\n<li>\u00c1rea m\u00e1xima de impresi\u00f3n: 33 x 36 cm<\/li>\n<\/ul>","protected":false},"excerpt":{"rendered":"<p>340 g\/m\u00b2100% algod\u00f3n org\u00e1nicoResistenteAsas de mano (longitud: 67 cm)Se puede llevar en la mano o al hombroCapacidad: 10 litrosMedidas: 38 x 42 cmBordado m\u00e1ximo: aro tubular de 18\u00c1rea m\u00e1xima de impres<\/p>","protected":false},"featured_media":422488,"comment_status":"open","ping_status":"closed","template":"","meta":{"_acf_changed":false},"product_brand":[11680],"product_cat":[13948,13954,13930],"product_tag":[14009],"class_list":{"0":"post-391269","1":"product","2":"type-product","3":"status-publish","4":"has-post-thumbnail","6":"product_brand-westford-mill","7":"product_cat-accesorios","8":"product_cat-acc-bolsas-y-mochilas","9":"product_cat-laboral","10":"product_tag-top-ventas","11":"tm-no-options","13":"first","14":"instock","15":"taxable","16":"shipping-taxable","17":"product-type-variable"},"acf":[],"_links":{"self":[{"href":"https:\/\/grupotextil.es\/ca\/wp-json\/wp\/v2\/product\/391269","targetHints":{"allow":["GET"]}}],"collection":[{"href":"https:\/\/grupotextil.es\/ca\/wp-json\/wp\/v2\/product"}],"about":[{"href":"https:\/\/grupotextil.es\/ca\/wp-json\/wp\/v2\/types\/product"}],"replies":[{"embeddable":true,"href":"https:\/\/grupotextil.es\/ca\/wp-json\/wp\/v2\/comments?post=391269"}],"wp:featuredmedia":[{"embeddable":true,"href":"https:\/\/grupotextil.es\/ca\/wp-json\/wp\/v2\/media\/422488"}],"wp:attachment":[{"href":"https:\/\/grupotextil.es\/ca\/wp-json\/wp\/v2\/media?parent=391269"}],"wp:term":[{"taxonomy":"product_brand","embeddable":true,"href":"https:\/\/grupotextil.es\/ca\/wp-json\/wp\/v2\/product_brand?post=391269"},{"taxonomy":"product_cat","embeddable":true,"href":"https:\/\/grupotextil.es\/ca\/wp-json\/wp\/v2\/product_cat?post=391269"},{"taxonomy":"product_tag","embeddable":true,"href":"https:\/\/grupotextil.es\/ca\/wp-json\/wp\/v2\/product_tag?post=391269"}],"curies":[{"name":"wp","href":"https:\/\/api.w.org\/{rel}","templated":true}]}}

Bag orgánico EarthAware™ asa larga

<ul>
<li>340 g/m²</li>
<li>100% algodón orgánico</li>
<li>Resistente</li>
<li>Asas de mano (longitud: 67 cm)</li>
<li>Se puede llevar en la mano o al hombro</li>
<li>Capacidad: 10 litros</li>
<li>Medidas: 38 x 42 cm</li>
<li>Bordado máximo: aro tubular de 18</li>
<li>Área máxima de impresión: 33 x 36 cm</li>
</ul>

<p>340 g/m²100% algodón orgánicoResistenteAsas de mano (longitud: 67 cm)Se puede llevar en la mano o al hombroCapacidad: 10 litrosMedidas: 38 x 42 cmBordado máximo: aro tubular de 18Área máxima de impres</p>
