{"id":391298,"date":"2026-03-08T04:36:04","date_gmt":"2026-03-08T03:36:04","guid":{"rendered":"https:\/\/grupotextil.es\/producto\/chaqueta-hibrida-elastica-e-volve\/"},"modified":"2026-03-08T04:36:04","modified_gmt":"2026-03-08T03:36:04","slug":"chaqueta-hibrida-elastica-e-volve","status":"publish","type":"product","link":"https:\/\/grupotextil.es\/ca\/product\/chaqueta-hibrida-elastica-e-volve\/","title":{"rendered":"Jacket h\u00edbrida el\u00e1stica E-Volve"},"content":{"rendered":"<ul>\n<li>235 g\/m\u00b2<\/li>\n<li>100% Poli\u00e9ster (tejido el\u00e1stico)<\/li>\n<li>Inserciones: 100% Poli\u00e9ster (tejido de punto)<\/li>\n<li>Tejido de punto el\u00e1stico con reverso c\u00e1lido Extol<\/li>\n<li>Cuello alto<\/li>\n<li>Ribete el\u00e1stico en cuello, pu\u00f1os y dobladillo<\/li>\n<li>Mangas ajustadas<\/li>\n<li>Cremallera completa con protector de barbilla y ribetes reflectantes<\/li>\n<li>Bolsillos laterales con cremallera<\/li>\n<li>Bolsillos en el pecho con cremallera y ribetes reflectantes<\/li>\n<li>Detalle de estampado reflectante<\/li>\n<li>Espacio en la zona del pecho para decoraci\u00f3n<\/li>\n<li>Fabricado con materiales reciclados<\/li>\n<\/ul>","protected":false},"excerpt":{"rendered":"<p>235 g\/m\u00b2100% Poli\u00e9ster (tejido el\u00e1stico)Inserciones: 100% Poli\u00e9ster (tejido de punto)Tejido de punto el\u00e1stico con reverso c\u00e1lido ExtolCuello altoRibete el\u00e1stico en cuello, pu\u00f1os y dobladilloMangas aju<\/p>","protected":false},"featured_media":422515,"comment_status":"open","ping_status":"closed","template":"","meta":{"_acf_changed":false},"product_brand":[11656],"product_cat":[13948,13954,13930],"product_tag":[],"class_list":{"0":"post-391298","1":"product","2":"type-product","3":"status-publish","4":"has-post-thumbnail","6":"product_brand-regatta","7":"product_cat-accesorios","8":"product_cat-acc-bolsas-y-mochilas","9":"product_cat-laboral","10":"tm-no-options","12":"first","13":"instock","14":"taxable","15":"shipping-taxable","16":"product-type-variable"},"acf":[],"_links":{"self":[{"href":"https:\/\/grupotextil.es\/ca\/wp-json\/wp\/v2\/product\/391298","targetHints":{"allow":["GET"]}}],"collection":[{"href":"https:\/\/grupotextil.es\/ca\/wp-json\/wp\/v2\/product"}],"about":[{"href":"https:\/\/grupotextil.es\/ca\/wp-json\/wp\/v2\/types\/product"}],"replies":[{"embeddable":true,"href":"https:\/\/grupotextil.es\/ca\/wp-json\/wp\/v2\/comments?post=391298"}],"wp:featuredmedia":[{"embeddable":true,"href":"https:\/\/grupotextil.es\/ca\/wp-json\/wp\/v2\/media\/422515"}],"wp:attachment":[{"href":"https:\/\/grupotextil.es\/ca\/wp-json\/wp\/v2\/media?parent=391298"}],"wp:term":[{"taxonomy":"product_brand","embeddable":true,"href":"https:\/\/grupotextil.es\/ca\/wp-json\/wp\/v2\/product_brand?post=391298"},{"taxonomy":"product_cat","embeddable":true,"href":"https:\/\/grupotextil.es\/ca\/wp-json\/wp\/v2\/product_cat?post=391298"},{"taxonomy":"product_tag","embeddable":true,"href":"https:\/\/grupotextil.es\/ca\/wp-json\/wp\/v2\/product_tag?post=391298"}],"curies":[{"name":"wp","href":"https:\/\/api.w.org\/{rel}","templated":true}]}}

Jacket híbrida elástica E-Volve

<ul>
<li>235 g/m²</li>
<li>100% Poliéster (tejido elástico)</li>
<li>Inserciones: 100% Poliéster (tejido de punto)</li>
<li>Tejido de punto elástico con reverso cálido Extol</li>
<li>Cuello alto</li>
<li>Ribete elástico en cuello, puños y dobladillo</li>
<li>Mangas ajustadas</li>
<li>Cremallera completa con protector de barbilla y ribetes reflectantes</li>
<li>Bolsillos laterales con cremallera</li>
<li>Bolsillos en el pecho con cremallera y ribetes reflectantes</li>
<li>Detalle de estampado reflectante</li>
<li>Espacio en la zona del pecho para decoración</li>
<li>Fabricado con materiales reciclados</li>
</ul>

<p>235 g/m²100% Poliéster (tejido elástico)Inserciones: 100% Poliéster (tejido de punto)Tejido de punto elástico con reverso cálido ExtolCuello altoRibete elástico en cuello, puños y dobladilloMangas aju</p>
