{"id":391458,"date":"2026-03-08T04:38:23","date_gmt":"2026-03-08T03:38:23","guid":{"rendered":"https:\/\/grupotextil.es\/producto\/gorra-dad-en-forma-de-alpha-de-cuero-sintetico\/"},"modified":"2026-03-08T04:38:23","modified_gmt":"2026-03-08T03:38:23","slug":"gorra-dad-en-forma-de-alpha-de-cuero-sintetico","status":"publish","type":"product","link":"https:\/\/grupotextil.es\/ca\/product\/gorra-dad-en-forma-de-alpha-de-cuero-sintetico\/","title":{"rendered":"Cap Dad en forma de Alpha de cuero sint\u00e9tico"},"content":{"rendered":"<ul>\n<li>225 g\/m\u00b2<\/li>\n<li>100% Poliuretano (cuero sint\u00e9tico)<\/li>\n<li>Tejido de larga duraci\u00f3n<\/li>\n<li>6 paneles<\/li>\n<li>Visera con 5 filas de pespuntes<\/li>\n<li>Visera inferior a juego<\/li>\n<li>Visera precurvada<\/li>\n<li>Ajuste de tama\u00f1o del mismo tejido con hebilla met\u00e1lica<\/li>\n<\/ul>","protected":false},"excerpt":{"rendered":"<p>225 g\/m\u00b2100% Poliuretano (cuero sint\u00e9tico)Tejido de larga duraci\u00f3n6 panelesVisera con 5 filas de pespuntesVisera inferior a juegoVisera precurvadaAjuste de tama\u00f1o del mismo tejido con hebilla met\u00e1lica<\/p>","protected":false},"featured_media":422626,"comment_status":"open","ping_status":"closed","template":"","meta":{"_acf_changed":false},"product_brand":[11678],"product_cat":[13948,13954,13930],"product_tag":[],"class_list":{"0":"post-391458","1":"product","2":"type-product","3":"status-publish","4":"has-post-thumbnail","6":"product_brand-flexfit","7":"product_cat-accesorios","8":"product_cat-acc-bolsas-y-mochilas","9":"product_cat-laboral","10":"tm-no-options","12":"first","13":"instock","14":"taxable","15":"shipping-taxable","16":"product-type-variable"},"acf":[],"_links":{"self":[{"href":"https:\/\/grupotextil.es\/ca\/wp-json\/wp\/v2\/product\/391458","targetHints":{"allow":["GET"]}}],"collection":[{"href":"https:\/\/grupotextil.es\/ca\/wp-json\/wp\/v2\/product"}],"about":[{"href":"https:\/\/grupotextil.es\/ca\/wp-json\/wp\/v2\/types\/product"}],"replies":[{"embeddable":true,"href":"https:\/\/grupotextil.es\/ca\/wp-json\/wp\/v2\/comments?post=391458"}],"wp:featuredmedia":[{"embeddable":true,"href":"https:\/\/grupotextil.es\/ca\/wp-json\/wp\/v2\/media\/422626"}],"wp:attachment":[{"href":"https:\/\/grupotextil.es\/ca\/wp-json\/wp\/v2\/media?parent=391458"}],"wp:term":[{"taxonomy":"product_brand","embeddable":true,"href":"https:\/\/grupotextil.es\/ca\/wp-json\/wp\/v2\/product_brand?post=391458"},{"taxonomy":"product_cat","embeddable":true,"href":"https:\/\/grupotextil.es\/ca\/wp-json\/wp\/v2\/product_cat?post=391458"},{"taxonomy":"product_tag","embeddable":true,"href":"https:\/\/grupotextil.es\/ca\/wp-json\/wp\/v2\/product_tag?post=391458"}],"curies":[{"name":"wp","href":"https:\/\/api.w.org\/{rel}","templated":true}]}}

Cap Dad en forma de Alpha de cuero sintético

<ul>
<li>225 g/m²</li>
<li>100% Poliuretano (cuero sintético)</li>
<li>Tejido de larga duración</li>
<li>6 paneles</li>
<li>Visera con 5 filas de pespuntes</li>
<li>Visera inferior a juego</li>
<li>Visera precurvada</li>
<li>Ajuste de tamaño del mismo tejido con hebilla metálica</li>
</ul>

<p>225 g/m²100% Poliuretano (cuero sintético)Tejido de larga duración6 panelesVisera con 5 filas de pespuntesVisera inferior a juegoVisera precurvadaAjuste de tamaño del mismo tejido con hebilla metálica</p>
