{"id":391543,"date":"2026-03-08T04:39:57","date_gmt":"2026-03-08T03:39:57","guid":{"rendered":"https:\/\/grupotextil.es\/producto\/bolsa-mochila-organica-backpack\/"},"modified":"2026-03-08T04:39:57","modified_gmt":"2026-03-08T03:39:57","slug":"bolsa-mochila-organica-backpack","status":"publish","type":"product","link":"https:\/\/grupotextil.es\/ca\/product\/bolsa-mochila-organica-backpack\/","title":{"rendered":"Bag\/Mochila org\u00e1nico Mochila"},"content":{"rendered":"<ul>\n<li>140 g\/m\u00b2<\/li>\n<li>100% algod\u00f3n org\u00e1nico<\/li>\n<li>Cord\u00f3n ajustable<\/li>\n<li>Abertura con remate<\/li>\n<li>Ojales cosidos reforzados<\/li>\n<li>Medidas: 38 x 48 cm<\/li>\n<li>Apropiado para bordado, serigraf\u00eda e impresi\u00f3n por transfer (bolsa planchada)<\/li>\n<li>Lavado solo a mano con agua tibia<\/li>\n<\/ul>","protected":false},"excerpt":{"rendered":"<p>140 g\/m\u00b2100% algod\u00f3n org\u00e1nicoCord\u00f3n ajustableAbertura con remateOjales cosidos reforzadosMedidas: 38 x 48 cmApropiado para bordado, serigraf\u00eda e impresi\u00f3n por transfer (bolsa planchada)Lavado solo a m<\/p>","protected":false},"featured_media":422652,"comment_status":"open","ping_status":"closed","template":"","meta":{"_acf_changed":false},"product_brand":[11681],"product_cat":[13948,13954,13930],"product_tag":[],"class_list":{"0":"post-391543","1":"product","2":"type-product","3":"status-publish","4":"has-post-thumbnail","6":"product_brand-sg-accessories-bags","7":"product_cat-accesorios","8":"product_cat-acc-bolsas-y-mochilas","9":"product_cat-laboral","10":"tm-no-options","12":"first","13":"instock","14":"taxable","15":"shipping-taxable","16":"product-type-variable"},"acf":[],"_links":{"self":[{"href":"https:\/\/grupotextil.es\/ca\/wp-json\/wp\/v2\/product\/391543","targetHints":{"allow":["GET"]}}],"collection":[{"href":"https:\/\/grupotextil.es\/ca\/wp-json\/wp\/v2\/product"}],"about":[{"href":"https:\/\/grupotextil.es\/ca\/wp-json\/wp\/v2\/types\/product"}],"replies":[{"embeddable":true,"href":"https:\/\/grupotextil.es\/ca\/wp-json\/wp\/v2\/comments?post=391543"}],"wp:featuredmedia":[{"embeddable":true,"href":"https:\/\/grupotextil.es\/ca\/wp-json\/wp\/v2\/media\/422652"}],"wp:attachment":[{"href":"https:\/\/grupotextil.es\/ca\/wp-json\/wp\/v2\/media?parent=391543"}],"wp:term":[{"taxonomy":"product_brand","embeddable":true,"href":"https:\/\/grupotextil.es\/ca\/wp-json\/wp\/v2\/product_brand?post=391543"},{"taxonomy":"product_cat","embeddable":true,"href":"https:\/\/grupotextil.es\/ca\/wp-json\/wp\/v2\/product_cat?post=391543"},{"taxonomy":"product_tag","embeddable":true,"href":"https:\/\/grupotextil.es\/ca\/wp-json\/wp\/v2\/product_tag?post=391543"}],"curies":[{"name":"wp","href":"https:\/\/api.w.org\/{rel}","templated":true}]}}

Bag/Mochila orgánico Mochila

<ul>
<li>140 g/m²</li>
<li>100% algodón orgánico</li>
<li>Cordón ajustable</li>
<li>Abertura con remate</li>
<li>Ojales cosidos reforzados</li>
<li>Medidas: 38 x 48 cm</li>
<li>Apropiado para bordado, serigrafía e impresión por transfer (bolsa planchada)</li>
<li>Lavado solo a mano con agua tibia</li>
</ul>

<p>140 g/m²100% algodón orgánicoCordón ajustableAbertura con remateOjales cosidos reforzadosMedidas: 38 x 48 cmApropiado para bordado, serigrafía e impresión por transfer (bolsa planchada)Lavado solo a m</p>
