{"id":391773,"date":"2026-03-08T04:42:16","date_gmt":"2026-03-08T03:42:16","guid":{"rendered":"https:\/\/grupotextil.es\/producto\/gorro-bucket-sherpa-real-tree-camo\/"},"modified":"2026-03-08T04:42:16","modified_gmt":"2026-03-08T03:42:16","slug":"gorro-bucket-sherpa-real-tree-camo","status":"publish","type":"product","link":"https:\/\/grupotextil.es\/ca\/product\/gorro-bucket-sherpa-real-tree-camo\/","title":{"rendered":"Beanie Bucket Sherpa Real Tree Camo"},"content":{"rendered":"<ul>\n<li>371 g\/m\u00b2<\/li>\n<li>Exterior: 100% Poli\u00e9ster<\/li>\n<li>Interior: 96% Poli\u00e9ster, 4% Elastano (tejido Sherpa esponjoso)<\/li>\n<li>Patr\u00f3n de camuflaje con estampado de \u00e1rbol<\/li>\n<li>Gorro reversible<\/li>\n<li>Visera inclinada con costuras decorativas<\/li>\n<\/ul>","protected":false},"excerpt":{"rendered":"<p>371 g\/m\u00b2Exterior: 100% Poli\u00e9sterInterior: 96% Poli\u00e9ster, 4% Elastano (tejido Sherpa esponjoso)Patr\u00f3n de camuflaje con estampado de \u00e1rbolGorro reversibleVisera inclinada con costuras decorativas<\/p>","protected":false},"featured_media":422765,"comment_status":"open","ping_status":"closed","template":"","meta":{"_acf_changed":false},"product_brand":[11678],"product_cat":[13948,13954],"product_tag":[],"class_list":{"0":"post-391773","1":"product","2":"type-product","3":"status-publish","4":"has-post-thumbnail","6":"product_brand-flexfit","7":"product_cat-accesorios","8":"product_cat-acc-bolsas-y-mochilas","9":"tm-no-options","11":"first","12":"instock","13":"taxable","14":"shipping-taxable","15":"product-type-variable"},"acf":[],"_links":{"self":[{"href":"https:\/\/grupotextil.es\/ca\/wp-json\/wp\/v2\/product\/391773","targetHints":{"allow":["GET"]}}],"collection":[{"href":"https:\/\/grupotextil.es\/ca\/wp-json\/wp\/v2\/product"}],"about":[{"href":"https:\/\/grupotextil.es\/ca\/wp-json\/wp\/v2\/types\/product"}],"replies":[{"embeddable":true,"href":"https:\/\/grupotextil.es\/ca\/wp-json\/wp\/v2\/comments?post=391773"}],"wp:featuredmedia":[{"embeddable":true,"href":"https:\/\/grupotextil.es\/ca\/wp-json\/wp\/v2\/media\/422765"}],"wp:attachment":[{"href":"https:\/\/grupotextil.es\/ca\/wp-json\/wp\/v2\/media?parent=391773"}],"wp:term":[{"taxonomy":"product_brand","embeddable":true,"href":"https:\/\/grupotextil.es\/ca\/wp-json\/wp\/v2\/product_brand?post=391773"},{"taxonomy":"product_cat","embeddable":true,"href":"https:\/\/grupotextil.es\/ca\/wp-json\/wp\/v2\/product_cat?post=391773"},{"taxonomy":"product_tag","embeddable":true,"href":"https:\/\/grupotextil.es\/ca\/wp-json\/wp\/v2\/product_tag?post=391773"}],"curies":[{"name":"wp","href":"https:\/\/api.w.org\/{rel}","templated":true}]}}

<ul>
<li>371 g/m²</li>
<li>Exterior: 100% Poliéster</li>
<li>Interior: 96% Poliéster, 4% Elastano (tejido Sherpa esponjoso)</li>
<li>Patrón de camuflaje con estampado de árbol</li>
<li>Gorro reversible</li>
<li>Visera inclinada con costuras decorativas</li>
</ul>

<p>371 g/m²Exterior: 100% PoliésterInterior: 96% Poliéster, 4% Elastano (tejido Sherpa esponjoso)Patrón de camuflaje con estampado de árbolGorro reversibleVisera inclinada con costuras decorativas</p>
