{"id":391818,"date":"2026-03-08T04:42:46","date_gmt":"2026-03-08T03:42:46","guid":{"rendered":"https:\/\/grupotextil.es\/producto\/gorro-bucket-de-piel-sintetica\/"},"modified":"2026-03-08T04:42:46","modified_gmt":"2026-03-08T03:42:46","slug":"gorro-bucket-de-piel-sintetica","status":"publish","type":"product","link":"https:\/\/grupotextil.es\/ca\/product\/gorro-bucket-de-piel-sintetica\/","title":{"rendered":"Beanie Bucket de piel sint\u00e9tica"},"content":{"rendered":"<ul>\n<li>372 g\/m\u00b2<\/li>\n<li>100% Poli\u00e9ster (piel sint\u00e9tica)<\/li>\n<li>Gorro muy c\u00e1lido<\/li>\n<li>Visera inclinada con costuras decorativas<\/li>\n<\/ul>","protected":false},"excerpt":{"rendered":"<p>372 g\/m\u00b2100% Poli\u00e9ster (piel sint\u00e9tica)Gorro muy c\u00e1lidoVisera inclinada con costuras decorativas<\/p>","protected":false},"featured_media":422808,"comment_status":"open","ping_status":"closed","template":"","meta":{"_acf_changed":false},"product_brand":[11678],"product_cat":[13948,13954],"product_tag":[],"class_list":{"0":"post-391818","1":"product","2":"type-product","3":"status-publish","4":"has-post-thumbnail","6":"product_brand-flexfit","7":"product_cat-accesorios","8":"product_cat-acc-bolsas-y-mochilas","9":"tm-no-options","11":"first","12":"instock","13":"taxable","14":"shipping-taxable","15":"product-type-variable"},"acf":[],"_links":{"self":[{"href":"https:\/\/grupotextil.es\/ca\/wp-json\/wp\/v2\/product\/391818","targetHints":{"allow":["GET"]}}],"collection":[{"href":"https:\/\/grupotextil.es\/ca\/wp-json\/wp\/v2\/product"}],"about":[{"href":"https:\/\/grupotextil.es\/ca\/wp-json\/wp\/v2\/types\/product"}],"replies":[{"embeddable":true,"href":"https:\/\/grupotextil.es\/ca\/wp-json\/wp\/v2\/comments?post=391818"}],"wp:featuredmedia":[{"embeddable":true,"href":"https:\/\/grupotextil.es\/ca\/wp-json\/wp\/v2\/media\/422808"}],"wp:attachment":[{"href":"https:\/\/grupotextil.es\/ca\/wp-json\/wp\/v2\/media?parent=391818"}],"wp:term":[{"taxonomy":"product_brand","embeddable":true,"href":"https:\/\/grupotextil.es\/ca\/wp-json\/wp\/v2\/product_brand?post=391818"},{"taxonomy":"product_cat","embeddable":true,"href":"https:\/\/grupotextil.es\/ca\/wp-json\/wp\/v2\/product_cat?post=391818"},{"taxonomy":"product_tag","embeddable":true,"href":"https:\/\/grupotextil.es\/ca\/wp-json\/wp\/v2\/product_tag?post=391818"}],"curies":[{"name":"wp","href":"https:\/\/api.w.org\/{rel}","templated":true}]}}

Beanie Bucket de piel sintética

<ul>
<li>372 g/m²</li>
<li>100% Poliéster (piel sintética)</li>
<li>Gorro muy cálido</li>
<li>Visera inclinada con costuras decorativas</li>
</ul>

<p>372 g/m²100% Poliéster (piel sintética)Gorro muy cálidoVisera inclinada con costuras decorativas</p>
