{"id":392017,"date":"2026-03-08T04:45:21","date_gmt":"2026-03-08T03:45:21","guid":{"rendered":"https:\/\/grupotextil.es\/producto\/pantalon-elastico-prolite-para-mujer\/"},"modified":"2026-03-08T04:45:21","modified_gmt":"2026-03-08T03:45:21","slug":"pantalon-elastico-prolite-para-mujer","status":"publish","type":"product","link":"https:\/\/grupotextil.es\/ca\/product\/pantalon-elastico-prolite-para-mujer\/","title":{"rendered":"Pantal\u00f3n el\u00e1stico Prolite para mujer"},"content":{"rendered":"<ul>\n<li>155 g\/m\u00b2<\/li>\n<li>100 % poli\u00e9ster<\/li>\n<li>Softshell el\u00e1stico de tejido plano<\/li>\n<li>Tejido el\u00e1stico ripstop en los paneles de las rodillas y parte trasera<\/li>\n<li>Acabado repelente al agua duradero<\/li>\n<li>Dise\u00f1o multibolsillos, con bolsillos frontales y traseros con cremallera<\/li>\n<li>Hecho con materiales reciclados.<\/li>\n<\/ul>","protected":false},"excerpt":{"rendered":"<p>155 g\/m\u00b2100 % poli\u00e9sterSoftshell el\u00e1stico de tejido planoTejido el\u00e1stico ripstop en los paneles de las rodillas y parte traseraAcabado repelente al agua duraderoDise\u00f1o multibolsillos, con bolsillos&#8230;<\/p>","protected":false},"featured_media":422959,"comment_status":"open","ping_status":"closed","template":"","meta":{"_acf_changed":false},"product_brand":[11656],"product_cat":[13948,13954],"product_tag":[14010],"class_list":{"0":"post-392017","1":"product","2":"type-product","3":"status-publish","4":"has-post-thumbnail","6":"product_brand-regatta","7":"product_cat-accesorios","8":"product_cat-acc-bolsas-y-mochilas","9":"product_tag-nuevo-2026","10":"tm-no-options","12":"first","13":"instock","14":"taxable","15":"shipping-taxable","16":"product-type-variable"},"acf":[],"_links":{"self":[{"href":"https:\/\/grupotextil.es\/ca\/wp-json\/wp\/v2\/product\/392017","targetHints":{"allow":["GET"]}}],"collection":[{"href":"https:\/\/grupotextil.es\/ca\/wp-json\/wp\/v2\/product"}],"about":[{"href":"https:\/\/grupotextil.es\/ca\/wp-json\/wp\/v2\/types\/product"}],"replies":[{"embeddable":true,"href":"https:\/\/grupotextil.es\/ca\/wp-json\/wp\/v2\/comments?post=392017"}],"wp:featuredmedia":[{"embeddable":true,"href":"https:\/\/grupotextil.es\/ca\/wp-json\/wp\/v2\/media\/422959"}],"wp:attachment":[{"href":"https:\/\/grupotextil.es\/ca\/wp-json\/wp\/v2\/media?parent=392017"}],"wp:term":[{"taxonomy":"product_brand","embeddable":true,"href":"https:\/\/grupotextil.es\/ca\/wp-json\/wp\/v2\/product_brand?post=392017"},{"taxonomy":"product_cat","embeddable":true,"href":"https:\/\/grupotextil.es\/ca\/wp-json\/wp\/v2\/product_cat?post=392017"},{"taxonomy":"product_tag","embeddable":true,"href":"https:\/\/grupotextil.es\/ca\/wp-json\/wp\/v2\/product_tag?post=392017"}],"curies":[{"name":"wp","href":"https:\/\/api.w.org\/{rel}","templated":true}]}}

Pantalón elástico Prolite para mujer

<ul>
<li>155 g/m²</li>
<li>100 % poliéster</li>
<li>Softshell elástico de tejido plano</li>
<li>Tejido elástico ripstop en los paneles de las rodillas y parte trasera</li>
<li>Acabado repelente al agua duradero</li>
<li>Diseño multibolsillos, con bolsillos frontales y traseros con cremallera</li>
<li>Hecho con materiales reciclados.</li>
</ul>

<p>155 g/m²100 % poliésterSoftshell elástico de tejido planoTejido elástico ripstop en los paneles de las rodillas y parte traseraAcabado repelente al agua duraderoDiseño multibolsillos, con bolsillos&#8230;</p>
