{"id":392058,"date":"2026-03-08T04:45:49","date_gmt":"2026-03-08T03:45:49","guid":{"rendered":"https:\/\/grupotextil.es\/producto\/bolsa-mochila-stafford\/"},"modified":"2026-03-08T04:45:49","modified_gmt":"2026-03-08T03:45:49","slug":"bolsa-mochila-stafford","status":"publish","type":"product","link":"https:\/\/grupotextil.es\/ca\/product\/bolsa-mochila-stafford\/","title":{"rendered":"Bag-Mochila Stafford"},"content":{"rendered":"<ul>\n<li>100% poli\u00e9ster (210D) con refuerzo de PU<\/li>\n<li>Asas de fuerte cord\u00f3n de poli\u00e9ster<\/li>\n<li>Cl\u00e1sica bolsa con cierre de cordones<\/li>\n<li>Esquinas reforzadas (parte trasera en color negro) con ojetes de metal<\/li>\n<li>Resistente al agua<\/li>\n<li>Apta para impresi\u00f3n en ambas caras<\/li>\n<li>Capacidad: 13 litros<\/li>\n<li>Medidas: 34 x 44 cm<\/li>\n<li>Bordado m\u00e1ximo: aro tubular 18<\/li>\n<li>\u00c1rea para decoraci\u00f3n: 26 x 32 cm<\/li>\n<\/ul>","protected":false},"excerpt":{"rendered":"<p>100% poli\u00e9ster (210D) con refuerzo de PUAsas de fuerte cord\u00f3n de poli\u00e9sterCl\u00e1sica bolsa con cierre de cordonesEsquinas reforzadas (parte trasera en color negro) con ojetes de metalResistente al aguaAp<\/p>","protected":false},"featured_media":423009,"comment_status":"open","ping_status":"closed","template":"","meta":{"_acf_changed":false},"product_brand":[11660],"product_cat":[13948,13954],"product_tag":[14009],"class_list":{"0":"post-392058","1":"product","2":"type-product","3":"status-publish","4":"has-post-thumbnail","6":"product_brand-shugon","7":"product_cat-accesorios","8":"product_cat-acc-bolsas-y-mochilas","9":"product_tag-top-ventas","10":"tm-no-options","12":"first","13":"instock","14":"taxable","15":"shipping-taxable","16":"product-type-variable"},"acf":[],"_links":{"self":[{"href":"https:\/\/grupotextil.es\/ca\/wp-json\/wp\/v2\/product\/392058","targetHints":{"allow":["GET"]}}],"collection":[{"href":"https:\/\/grupotextil.es\/ca\/wp-json\/wp\/v2\/product"}],"about":[{"href":"https:\/\/grupotextil.es\/ca\/wp-json\/wp\/v2\/types\/product"}],"replies":[{"embeddable":true,"href":"https:\/\/grupotextil.es\/ca\/wp-json\/wp\/v2\/comments?post=392058"}],"wp:featuredmedia":[{"embeddable":true,"href":"https:\/\/grupotextil.es\/ca\/wp-json\/wp\/v2\/media\/423009"}],"wp:attachment":[{"href":"https:\/\/grupotextil.es\/ca\/wp-json\/wp\/v2\/media?parent=392058"}],"wp:term":[{"taxonomy":"product_brand","embeddable":true,"href":"https:\/\/grupotextil.es\/ca\/wp-json\/wp\/v2\/product_brand?post=392058"},{"taxonomy":"product_cat","embeddable":true,"href":"https:\/\/grupotextil.es\/ca\/wp-json\/wp\/v2\/product_cat?post=392058"},{"taxonomy":"product_tag","embeddable":true,"href":"https:\/\/grupotextil.es\/ca\/wp-json\/wp\/v2\/product_tag?post=392058"}],"curies":[{"name":"wp","href":"https:\/\/api.w.org\/{rel}","templated":true}]}}

<ul>
<li>100% poliéster (210D) con refuerzo de PU</li>
<li>Asas de fuerte cordón de poliéster</li>
<li>Clásica bolsa con cierre de cordones</li>
<li>Esquinas reforzadas (parte trasera en color negro) con ojetes de metal</li>
<li>Resistente al agua</li>
<li>Apta para impresión en ambas caras</li>
<li>Capacidad: 13 litros</li>
<li>Medidas: 34 x 44 cm</li>
<li>Bordado máximo: aro tubular 18</li>
<li>Área para decoración: 26 x 32 cm</li>
</ul>

<p>100% poliéster (210D) con refuerzo de PUAsas de fuerte cordón de poliésterClásica bolsa con cierre de cordonesEsquinas reforzadas (parte trasera en color negro) con ojetes de metalResistente al aguaAp</p>
