{"id":392246,"date":"2026-03-08T04:46:13","date_gmt":"2026-03-08T03:46:13","guid":{"rendered":"https:\/\/grupotextil.es\/producto\/bolsa-algodon-party\/"},"modified":"2026-03-08T04:46:13","modified_gmt":"2026-03-08T03:46:13","slug":"bolsa-algodon-party","status":"publish","type":"product","link":"https:\/\/grupotextil.es\/ca\/product\/bolsa-algodon-party\/","title":{"rendered":"Bag algod\u00f3n Party"},"content":{"rendered":"<ul>\n<li>140 g\/m\u00b2<\/li>\n<li>100% algod\u00f3n<\/li>\n<li>Asas (longitud: 25 cm)<\/li>\n<li>Capacidad: 2,5 litros<\/li>\n<li>Dimensiones: 19 x 25 cm<\/li>\n<li>Bordado m\u00e1ximo: aro tubular 15<\/li>\n<li>\u00c1rea personalizaci\u00f3n: 15 x 22 cm.<\/li>\n<\/ul>","protected":false},"excerpt":{"rendered":"<p>140 g\/m\u00b2100% algod\u00f3nAsas (longitud: 25 cm)Capacidad: 2,5 litrosDimensiones: 19 x 25 cmBordado m\u00e1ximo: aro tubular 15\u00c1rea personalizaci\u00f3n: 15 x 22 cm.<\/p>","protected":false},"featured_media":423194,"comment_status":"open","ping_status":"closed","template":"","meta":{"_acf_changed":false},"product_brand":[11680],"product_cat":[13948,13954],"product_tag":[],"class_list":{"0":"post-392246","1":"product","2":"type-product","3":"status-publish","4":"has-post-thumbnail","6":"product_brand-westford-mill","7":"product_cat-accesorios","8":"product_cat-acc-bolsas-y-mochilas","9":"tm-no-options","11":"first","12":"instock","13":"taxable","14":"shipping-taxable","15":"product-type-variable"},"acf":[],"_links":{"self":[{"href":"https:\/\/grupotextil.es\/ca\/wp-json\/wp\/v2\/product\/392246","targetHints":{"allow":["GET"]}}],"collection":[{"href":"https:\/\/grupotextil.es\/ca\/wp-json\/wp\/v2\/product"}],"about":[{"href":"https:\/\/grupotextil.es\/ca\/wp-json\/wp\/v2\/types\/product"}],"replies":[{"embeddable":true,"href":"https:\/\/grupotextil.es\/ca\/wp-json\/wp\/v2\/comments?post=392246"}],"wp:featuredmedia":[{"embeddable":true,"href":"https:\/\/grupotextil.es\/ca\/wp-json\/wp\/v2\/media\/423194"}],"wp:attachment":[{"href":"https:\/\/grupotextil.es\/ca\/wp-json\/wp\/v2\/media?parent=392246"}],"wp:term":[{"taxonomy":"product_brand","embeddable":true,"href":"https:\/\/grupotextil.es\/ca\/wp-json\/wp\/v2\/product_brand?post=392246"},{"taxonomy":"product_cat","embeddable":true,"href":"https:\/\/grupotextil.es\/ca\/wp-json\/wp\/v2\/product_cat?post=392246"},{"taxonomy":"product_tag","embeddable":true,"href":"https:\/\/grupotextil.es\/ca\/wp-json\/wp\/v2\/product_tag?post=392246"}],"curies":[{"name":"wp","href":"https:\/\/api.w.org\/{rel}","templated":true}]}}

Bag algodón Party

<ul>
<li>140 g/m²</li>
<li>100% algodón</li>
<li>Asas (longitud: 25 cm)</li>
<li>Capacidad: 2,5 litros</li>
<li>Dimensiones: 19 x 25 cm</li>
<li>Bordado máximo: aro tubular 15</li>
<li>Área personalización: 15 x 22 cm.</li>
</ul>

<p>140 g/m²100% algodónAsas (longitud: 25 cm)Capacidad: 2,5 litrosDimensiones: 19 x 25 cmBordado máximo: aro tubular 15Área personalización: 15 x 22 cm.</p>
