{"id":392258,"date":"2026-03-08T04:46:15","date_gmt":"2026-03-08T03:46:15","guid":{"rendered":"https:\/\/grupotextil.es\/producto\/mochila-gran-paradiso-hiker\/"},"modified":"2026-03-08T04:46:15","modified_gmt":"2026-03-08T03:46:15","slug":"mochila-gran-paradiso-hiker","status":"publish","type":"product","link":"https:\/\/grupotextil.es\/ca\/product\/mochila-gran-paradiso-hiker\/","title":{"rendered":"Mochila Gran Paradiso Hiker"},"content":{"rendered":"<ul>\n<li>100% poli\u00e9ster (600D\/600D rip-stop)<\/li>\n<li>Correas para los hombros ajustables y acolchada<\/li>\n<li>Abertura estilo maleta para f\u00e1cil acceso<\/li>\n<li>Compartimento principal con un segundo m\u00e1s peque\u00f1o delante<\/li>\n<li>Dos grandes bolsillos laterales<\/li>\n<li>Dos correas laterales ajustables<\/li>\n<li>Cintur\u00f3n acolchado<\/li>\n<li>Panel posterior r\u00edgido para m\u00e1s estabilidad<\/li>\n<li>Adecuada para serigraf\u00eda, impresi\u00f3n transfer y bordado<\/li>\n<li>Peso: 850 g<\/li>\n<li>Capacidad: 35 litros<\/li>\n<li>Medidas: 30 x 54 x 22 cm<\/li>\n<li>Bordado m\u00e1ximo: aro tubular 12<\/li>\n<li>\u00c1rea de decoraci\u00f3n: frontal: 13 x 10 cm, laterales: 10 x 15 cm<\/li>\n<\/ul>","protected":false},"excerpt":{"rendered":"<p>100% poli\u00e9ster (600D\/600D rip-stop)Correas para los hombros ajustables y acolchadaAbertura estilo maleta para f\u00e1cil accesoCompartimento principal con un segundo m\u00e1s peque\u00f1o delanteDos grandes bolsillo<\/p>","protected":false},"featured_media":423216,"comment_status":"open","ping_status":"closed","template":"","meta":{"_acf_changed":false},"product_brand":[11660],"product_cat":[13948,13954],"product_tag":[],"class_list":{"0":"post-392258","1":"product","2":"type-product","3":"status-publish","4":"has-post-thumbnail","6":"product_brand-shugon","7":"product_cat-accesorios","8":"product_cat-acc-bolsas-y-mochilas","9":"tm-no-options","11":"first","12":"instock","13":"taxable","14":"shipping-taxable","15":"product-type-variable"},"acf":[],"_links":{"self":[{"href":"https:\/\/grupotextil.es\/ca\/wp-json\/wp\/v2\/product\/392258","targetHints":{"allow":["GET"]}}],"collection":[{"href":"https:\/\/grupotextil.es\/ca\/wp-json\/wp\/v2\/product"}],"about":[{"href":"https:\/\/grupotextil.es\/ca\/wp-json\/wp\/v2\/types\/product"}],"replies":[{"embeddable":true,"href":"https:\/\/grupotextil.es\/ca\/wp-json\/wp\/v2\/comments?post=392258"}],"wp:featuredmedia":[{"embeddable":true,"href":"https:\/\/grupotextil.es\/ca\/wp-json\/wp\/v2\/media\/423216"}],"wp:attachment":[{"href":"https:\/\/grupotextil.es\/ca\/wp-json\/wp\/v2\/media?parent=392258"}],"wp:term":[{"taxonomy":"product_brand","embeddable":true,"href":"https:\/\/grupotextil.es\/ca\/wp-json\/wp\/v2\/product_brand?post=392258"},{"taxonomy":"product_cat","embeddable":true,"href":"https:\/\/grupotextil.es\/ca\/wp-json\/wp\/v2\/product_cat?post=392258"},{"taxonomy":"product_tag","embeddable":true,"href":"https:\/\/grupotextil.es\/ca\/wp-json\/wp\/v2\/product_tag?post=392258"}],"curies":[{"name":"wp","href":"https:\/\/api.w.org\/{rel}","templated":true}]}}

<ul>
<li>100% poliéster (600D/600D rip-stop)</li>
<li>Correas para los hombros ajustables y acolchada</li>
<li>Abertura estilo maleta para fácil acceso</li>
<li>Compartimento principal con un segundo más pequeño delante</li>
<li>Dos grandes bolsillos laterales</li>
<li>Dos correas laterales ajustables</li>
<li>Cinturón acolchado</li>
<li>Panel posterior rígido para más estabilidad</li>
<li>Adecuada para serigrafía, impresión transfer y bordado</li>
<li>Peso: 850 g</li>
<li>Capacidad: 35 litros</li>
<li>Medidas: 30 x 54 x 22 cm</li>
<li>Bordado máximo: aro tubular 12</li>
<li>Área de decoración: frontal: 13 x 10 cm, laterales: 10 x 15 cm</li>
</ul>

<p>100% poliéster (600D/600D rip-stop)Correas para los hombros ajustables y acolchadaAbertura estilo maleta para fácil accesoCompartimento principal con un segundo más pequeño delanteDos grandes bolsillo</p>
