{"id":392271,"date":"2026-03-08T04:46:18","date_gmt":"2026-03-08T03:46:18","guid":{"rendered":"https:\/\/grupotextil.es\/producto\/bolsa-algodon\/"},"modified":"2026-03-08T04:46:18","modified_gmt":"2026-03-08T03:46:18","slug":"bolsa-algodon","status":"publish","type":"product","link":"https:\/\/grupotextil.es\/ca\/product\/bolsa-algodon\/","title":{"rendered":"Bag algod\u00f3n"},"content":{"rendered":"<ul>\n<li>140 g\/m\u00b2<\/li>\n<li>100% algod\u00f3n<\/li>\n<li>4 asas (2 cortas: 30 x 2,5 cm; 2 largas 60 x 2,5 cm)<\/li>\n<li>Punto en cruz en asas para m\u00e1s estabilidad<\/li>\n<li>Dimensiones: 38 x 42 x 10 cm<\/li>\n<li>Pliegue inferior: 10 cm<\/li>\n<li>Apropiada para bordado, serigraf\u00eda y transfer<\/li>\n<li>\u00c1rea m\u00e1xima de impresi\u00f3n: 30 x 30 cm<\/li>\n<li>Lavado solo a mano con agua tibia<\/li>\n<\/ul>","protected":false},"excerpt":{"rendered":"<p>140 g\/m\u00b2100% algod\u00f3n4 asas (2 cortas: 30 x 2,5 cm; 2 largas 60 x 2,5 cm)Punto en cruz en asas para m\u00e1s estabilidadDimensiones: 38 x 42 x 10 cmPliegue inferior: 10 cmApropiada para bordado, serigraf\u00eda<\/p>","protected":false},"featured_media":423226,"comment_status":"open","ping_status":"closed","template":"","meta":{"_acf_changed":false},"product_brand":[11681],"product_cat":[13948,13954],"product_tag":[],"class_list":{"0":"post-392271","1":"product","2":"type-product","3":"status-publish","4":"has-post-thumbnail","6":"product_brand-sg-accessories-bags","7":"product_cat-accesorios","8":"product_cat-acc-bolsas-y-mochilas","9":"tm-no-options","11":"first","12":"instock","13":"taxable","14":"shipping-taxable","15":"product-type-variable"},"acf":[],"_links":{"self":[{"href":"https:\/\/grupotextil.es\/ca\/wp-json\/wp\/v2\/product\/392271","targetHints":{"allow":["GET"]}}],"collection":[{"href":"https:\/\/grupotextil.es\/ca\/wp-json\/wp\/v2\/product"}],"about":[{"href":"https:\/\/grupotextil.es\/ca\/wp-json\/wp\/v2\/types\/product"}],"replies":[{"embeddable":true,"href":"https:\/\/grupotextil.es\/ca\/wp-json\/wp\/v2\/comments?post=392271"}],"wp:featuredmedia":[{"embeddable":true,"href":"https:\/\/grupotextil.es\/ca\/wp-json\/wp\/v2\/media\/423226"}],"wp:attachment":[{"href":"https:\/\/grupotextil.es\/ca\/wp-json\/wp\/v2\/media?parent=392271"}],"wp:term":[{"taxonomy":"product_brand","embeddable":true,"href":"https:\/\/grupotextil.es\/ca\/wp-json\/wp\/v2\/product_brand?post=392271"},{"taxonomy":"product_cat","embeddable":true,"href":"https:\/\/grupotextil.es\/ca\/wp-json\/wp\/v2\/product_cat?post=392271"},{"taxonomy":"product_tag","embeddable":true,"href":"https:\/\/grupotextil.es\/ca\/wp-json\/wp\/v2\/product_tag?post=392271"}],"curies":[{"name":"wp","href":"https:\/\/api.w.org\/{rel}","templated":true}]}}

Bag algodón

<ul>
<li>140 g/m²</li>
<li>100% algodón</li>
<li>4 asas (2 cortas: 30 x 2,5 cm; 2 largas 60 x 2,5 cm)</li>
<li>Punto en cruz en asas para más estabilidad</li>
<li>Dimensiones: 38 x 42 x 10 cm</li>
<li>Pliegue inferior: 10 cm</li>
<li>Apropiada para bordado, serigrafía y transfer</li>
<li>Área máxima de impresión: 30 x 30 cm</li>
<li>Lavado solo a mano con agua tibia</li>
</ul>

<p>140 g/m²100% algodón4 asas (2 cortas: 30 x 2,5 cm; 2 largas 60 x 2,5 cm)Punto en cruz en asas para más estabilidadDimensiones: 38 x 42 x 10 cmPliegue inferior: 10 cmApropiada para bordado, serigrafía</p>
