{"id":392319,"date":"2026-03-08T04:46:35","date_gmt":"2026-03-08T03:46:35","guid":{"rendered":"https:\/\/grupotextil.es\/producto\/cartera-de-viaje\/"},"modified":"2026-03-08T04:46:35","modified_gmt":"2026-03-08T03:46:35","slug":"cartera-de-viaje","status":"publish","type":"product","link":"https:\/\/grupotextil.es\/ca\/product\/cartera-de-viaje\/","title":{"rendered":"Cartera de viaje"},"content":{"rendered":"<ul>\n<li>100% poli\u00e9ster (600D)<\/li>\n<li>Cord\u00f3n para el cuello ajustable<\/li>\n<li>Compartimento principal acolchado<\/li>\n<li>Bolsillo para el pasaporte<\/li>\n<li>Organizador<\/li>\n<li>Compatible con smartphone<\/li>\n<li>Tama\u00f1o: 14 x 19 x 2 cm<\/li>\n<li>Bordado m\u00e1ximo: aro plano de 9<\/li>\n<li>\u00c1rea m\u00e1xima de impresi\u00f3n: 9 x 11 cm<\/li>\n<\/ul>","protected":false},"excerpt":{"rendered":"<p>100% poli\u00e9ster (600D)Cord\u00f3n para el cuello ajustableCompartimento principal acolchadoBolsillo para el pasaporteOrganizadorCompatible con smartphoneTama\u00f1o: 14 x 19 x 2 cmBordado m\u00e1ximo: aro plano de 9\u00c1<\/p>","protected":false},"featured_media":423296,"comment_status":"open","ping_status":"closed","template":"","meta":{"_acf_changed":false},"product_brand":[11668],"product_cat":[13954],"product_tag":[],"class_list":{"0":"post-392319","1":"product","2":"type-product","3":"status-publish","4":"has-post-thumbnail","6":"product_brand-bag-base","7":"product_cat-acc-bolsas-y-mochilas","8":"tm-no-options","10":"first","11":"instock","12":"taxable","13":"shipping-taxable","14":"product-type-variable"},"acf":[],"_links":{"self":[{"href":"https:\/\/grupotextil.es\/ca\/wp-json\/wp\/v2\/product\/392319","targetHints":{"allow":["GET"]}}],"collection":[{"href":"https:\/\/grupotextil.es\/ca\/wp-json\/wp\/v2\/product"}],"about":[{"href":"https:\/\/grupotextil.es\/ca\/wp-json\/wp\/v2\/types\/product"}],"replies":[{"embeddable":true,"href":"https:\/\/grupotextil.es\/ca\/wp-json\/wp\/v2\/comments?post=392319"}],"wp:featuredmedia":[{"embeddable":true,"href":"https:\/\/grupotextil.es\/ca\/wp-json\/wp\/v2\/media\/423296"}],"wp:attachment":[{"href":"https:\/\/grupotextil.es\/ca\/wp-json\/wp\/v2\/media?parent=392319"}],"wp:term":[{"taxonomy":"product_brand","embeddable":true,"href":"https:\/\/grupotextil.es\/ca\/wp-json\/wp\/v2\/product_brand?post=392319"},{"taxonomy":"product_cat","embeddable":true,"href":"https:\/\/grupotextil.es\/ca\/wp-json\/wp\/v2\/product_cat?post=392319"},{"taxonomy":"product_tag","embeddable":true,"href":"https:\/\/grupotextil.es\/ca\/wp-json\/wp\/v2\/product_tag?post=392319"}],"curies":[{"name":"wp","href":"https:\/\/api.w.org\/{rel}","templated":true}]}}

<ul>
<li>100% poliéster (600D)</li>
<li>Cordón para el cuello ajustable</li>
<li>Compartimento principal acolchado</li>
<li>Bolsillo para el pasaporte</li>
<li>Organizador</li>
<li>Compatible con smartphone</li>
<li>Tamaño: 14 x 19 x 2 cm</li>
<li>Bordado máximo: aro plano de 9</li>
<li>Área máxima de impresión: 9 x 11 cm</li>
</ul>

<p>100% poliéster (600D)Cordón para el cuello ajustableCompartimento principal acolchadoBolsillo para el pasaporteOrganizadorCompatible con smartphoneTamaño: 14 x 19 x 2 cmBordado máximo: aro plano de 9Á</p>
