{"id":392327,"date":"2026-03-08T04:46:36","date_gmt":"2026-03-08T03:46:36","guid":{"rendered":"https:\/\/grupotextil.es\/producto\/funda-de-algodon-para-cojin\/"},"modified":"2026-03-08T04:46:36","modified_gmt":"2026-03-08T03:46:36","slug":"funda-de-algodon-para-cojin","status":"publish","type":"product","link":"https:\/\/grupotextil.es\/ca\/product\/funda-de-algodon-para-cojin\/","title":{"rendered":"Funda Cotton para coj\u00edn"},"content":{"rendered":"<ul>\n<li>305 g\/m\u00b2<\/li>\n<li>100% algod\u00f3n (tela lavada)<\/li>\n<li>No incluye relleno y cremallera del mismo color del tejido<\/li>\n<li>Adecuado para impresi\u00f3n y bordado<\/li>\n<li>Bordado m\u00e1ximo ( aro tubular): 18<\/li>\n<li>\u00c1rea de impresi\u00f3n m\u00e1xima en cm: 26 x 45 (S), 36 x 36 (M), 45 x 45 (L).<\/li>\n<\/ul>","protected":false},"excerpt":{"rendered":"<p>305 g\/m\u00b2100% algod\u00f3n (tela lavada)No incluye relleno y cremallera del mismo color del tejidoAdecuado para impresi\u00f3n y bordadoBordado m\u00e1ximo ( aro tubular): 18\u00c1rea de impresi\u00f3n m\u00e1xima en cm: 26 x 45&#8230;<\/p>","protected":false},"featured_media":423310,"comment_status":"open","ping_status":"closed","template":"","meta":{"_acf_changed":false},"product_brand":[11680],"product_cat":[13954],"product_tag":[],"class_list":{"0":"post-392327","1":"product","2":"type-product","3":"status-publish","4":"has-post-thumbnail","6":"product_brand-westford-mill","7":"product_cat-acc-bolsas-y-mochilas","8":"tm-no-options","10":"first","11":"instock","12":"taxable","13":"shipping-taxable","14":"product-type-variable"},"acf":[],"_links":{"self":[{"href":"https:\/\/grupotextil.es\/ca\/wp-json\/wp\/v2\/product\/392327","targetHints":{"allow":["GET"]}}],"collection":[{"href":"https:\/\/grupotextil.es\/ca\/wp-json\/wp\/v2\/product"}],"about":[{"href":"https:\/\/grupotextil.es\/ca\/wp-json\/wp\/v2\/types\/product"}],"replies":[{"embeddable":true,"href":"https:\/\/grupotextil.es\/ca\/wp-json\/wp\/v2\/comments?post=392327"}],"wp:featuredmedia":[{"embeddable":true,"href":"https:\/\/grupotextil.es\/ca\/wp-json\/wp\/v2\/media\/423310"}],"wp:attachment":[{"href":"https:\/\/grupotextil.es\/ca\/wp-json\/wp\/v2\/media?parent=392327"}],"wp:term":[{"taxonomy":"product_brand","embeddable":true,"href":"https:\/\/grupotextil.es\/ca\/wp-json\/wp\/v2\/product_brand?post=392327"},{"taxonomy":"product_cat","embeddable":true,"href":"https:\/\/grupotextil.es\/ca\/wp-json\/wp\/v2\/product_cat?post=392327"},{"taxonomy":"product_tag","embeddable":true,"href":"https:\/\/grupotextil.es\/ca\/wp-json\/wp\/v2\/product_tag?post=392327"}],"curies":[{"name":"wp","href":"https:\/\/api.w.org\/{rel}","templated":true}]}}

Funda Cotton para cojín

<ul>
<li>305 g/m²</li>
<li>100% algodón (tela lavada)</li>
<li>No incluye relleno y cremallera del mismo color del tejido</li>
<li>Adecuado para impresión y bordado</li>
<li>Bordado máximo ( aro tubular): 18</li>
<li>Área de impresión máxima en cm: 26 x 45 (S), 36 x 36 (M), 45 x 45 (L).</li>
</ul>

<p>305 g/m²100% algodón (tela lavada)No incluye relleno y cremallera del mismo color del tejidoAdecuado para impresión y bordadoBordado máximo ( aro tubular): 18Área de impresión máxima en cm: 26 x 45&#8230;</p>
