{"id":392353,"date":"2026-03-08T04:46:39","date_gmt":"2026-03-08T03:46:39","guid":{"rendered":"https:\/\/grupotextil.es\/producto\/mochila-para-portatil-freiburg\/"},"modified":"2026-03-08T04:46:39","modified_gmt":"2026-03-08T03:46:39","slug":"mochila-para-portatil-freiburg","status":"publish","type":"product","link":"https:\/\/grupotextil.es\/ca\/product\/mochila-para-portatil-freiburg\/","title":{"rendered":"Mochila para port\u00e1til Freiburg"},"content":{"rendered":"<ul>\n<li>Poli\u00e9ster 600D \/ rip-Stop poli\u00e9ster 600D<\/li>\n<li>Mochila de deporte para port\u00e1til<\/li>\n<li>Compartimento acolchado de protecci\u00f3n para port\u00e1tiles est\u00e1ndar hasta 15.6<\/li>\n<li>Compartimento con cremallera y organizador completo<\/li>\n<li>Bolsillo delantero con cremallera vertical<\/li>\n<li>Salida para auriculares<\/li>\n<li>Dos bolsillos de malla exteriores<\/li>\n<li>Asa de mano trenzada<\/li>\n<li>Correas acolchadas y ajustables<\/li>\n<li>Adecuada para serigraf\u00eda, impresi\u00f3n transfer y bordado<\/li>\n<li>Peso: 550 g<\/li>\n<li>Capacidad: 30 litros<\/li>\n<li>Medidas: 31 x 48 x 25 cm<\/li>\n<li>\u00c1rea de decoraci\u00f3n: 10 x 15 cm<\/li>\n<\/ul>","protected":false},"excerpt":{"rendered":"<p>Poli\u00e9ster 600D \/ rip-Stop poli\u00e9ster 600DMochila de deporte para port\u00e1tilCompartimento acolchado de protecci\u00f3n para port\u00e1tiles est\u00e1ndar hasta 15.<\/p>","protected":false},"featured_media":423342,"comment_status":"open","ping_status":"closed","template":"","meta":{"_acf_changed":false},"product_brand":[11660],"product_cat":[13954],"product_tag":[],"class_list":{"0":"post-392353","1":"product","2":"type-product","3":"status-publish","4":"has-post-thumbnail","6":"product_brand-shugon","7":"product_cat-acc-bolsas-y-mochilas","8":"tm-no-options","10":"first","11":"instock","12":"taxable","13":"shipping-taxable","14":"product-type-variable"},"acf":[],"_links":{"self":[{"href":"https:\/\/grupotextil.es\/ca\/wp-json\/wp\/v2\/product\/392353","targetHints":{"allow":["GET"]}}],"collection":[{"href":"https:\/\/grupotextil.es\/ca\/wp-json\/wp\/v2\/product"}],"about":[{"href":"https:\/\/grupotextil.es\/ca\/wp-json\/wp\/v2\/types\/product"}],"replies":[{"embeddable":true,"href":"https:\/\/grupotextil.es\/ca\/wp-json\/wp\/v2\/comments?post=392353"}],"wp:featuredmedia":[{"embeddable":true,"href":"https:\/\/grupotextil.es\/ca\/wp-json\/wp\/v2\/media\/423342"}],"wp:attachment":[{"href":"https:\/\/grupotextil.es\/ca\/wp-json\/wp\/v2\/media?parent=392353"}],"wp:term":[{"taxonomy":"product_brand","embeddable":true,"href":"https:\/\/grupotextil.es\/ca\/wp-json\/wp\/v2\/product_brand?post=392353"},{"taxonomy":"product_cat","embeddable":true,"href":"https:\/\/grupotextil.es\/ca\/wp-json\/wp\/v2\/product_cat?post=392353"},{"taxonomy":"product_tag","embeddable":true,"href":"https:\/\/grupotextil.es\/ca\/wp-json\/wp\/v2\/product_tag?post=392353"}],"curies":[{"name":"wp","href":"https:\/\/api.w.org\/{rel}","templated":true}]}}

Mochila para portátil Freiburg

<ul>
<li>Poliéster 600D / rip-Stop poliéster 600D</li>
<li>Mochila de deporte para portátil</li>
<li>Compartimento acolchado de protección para portátiles estándar hasta 15.6</li>
<li>Compartimento con cremallera y organizador completo</li>
<li>Bolsillo delantero con cremallera vertical</li>
<li>Salida para auriculares</li>
<li>Dos bolsillos de malla exteriores</li>
<li>Asa de mano trenzada</li>
<li>Correas acolchadas y ajustables</li>
<li>Adecuada para serigrafía, impresión transfer y bordado</li>
<li>Peso: 550 g</li>
<li>Capacidad: 30 litros</li>
<li>Medidas: 31 x 48 x 25 cm</li>
<li>Área de decoración: 10 x 15 cm</li>
</ul>

<p>Poliéster 600D / rip-Stop poliéster 600DMochila de deporte para portátilCompartimento acolchado de protección para portátiles estándar hasta 15.</p>
