{"id":392365,"date":"2026-03-08T04:46:41","date_gmt":"2026-03-08T03:46:41","guid":{"rendered":"https:\/\/grupotextil.es\/producto\/bolsa-yute-mini-gift\/"},"modified":"2026-03-08T04:46:41","modified_gmt":"2026-03-08T03:46:41","slug":"bolsa-yute-mini-gift","status":"publish","type":"product","link":"https:\/\/grupotextil.es\/ca\/product\/bolsa-yute-mini-gift\/","title":{"rendered":"Bag yute Mini Gift"},"content":{"rendered":"<ul>\n<li>98% yute (laminado), 2% fibra metalizada<\/li>\n<li>Muy brillante<\/li>\n<li>Asas de algod\u00f3n (longitud: 35 cm)<\/li>\n<li>Capacidad: 6 litros<\/li>\n<li>Dimensiones: 26 x 22 x 14 cm<\/li>\n<li>\u00c1rea de personalizaci\u00f3n: 18 x 14 cm.<\/li>\n<\/ul>","protected":false},"excerpt":{"rendered":"<p>98% yute (laminado), 2% fibra metalizadaMuy brillanteAsas de algod\u00f3n (longitud: 35 cm)Capacidad: 6 litrosDimensiones: 26 x 22 x 14 cm\u00c1rea de personalizaci\u00f3n: 18 x 14 cm.<\/p>","protected":false},"featured_media":423351,"comment_status":"open","ping_status":"closed","template":"","meta":{"_acf_changed":false},"product_brand":[11680],"product_cat":[13954],"product_tag":[],"class_list":{"0":"post-392365","1":"product","2":"type-product","3":"status-publish","4":"has-post-thumbnail","6":"product_brand-westford-mill","7":"product_cat-acc-bolsas-y-mochilas","8":"tm-no-options","10":"first","11":"instock","12":"taxable","13":"shipping-taxable","14":"product-type-variable"},"acf":[],"_links":{"self":[{"href":"https:\/\/grupotextil.es\/ca\/wp-json\/wp\/v2\/product\/392365","targetHints":{"allow":["GET"]}}],"collection":[{"href":"https:\/\/grupotextil.es\/ca\/wp-json\/wp\/v2\/product"}],"about":[{"href":"https:\/\/grupotextil.es\/ca\/wp-json\/wp\/v2\/types\/product"}],"replies":[{"embeddable":true,"href":"https:\/\/grupotextil.es\/ca\/wp-json\/wp\/v2\/comments?post=392365"}],"wp:featuredmedia":[{"embeddable":true,"href":"https:\/\/grupotextil.es\/ca\/wp-json\/wp\/v2\/media\/423351"}],"wp:attachment":[{"href":"https:\/\/grupotextil.es\/ca\/wp-json\/wp\/v2\/media?parent=392365"}],"wp:term":[{"taxonomy":"product_brand","embeddable":true,"href":"https:\/\/grupotextil.es\/ca\/wp-json\/wp\/v2\/product_brand?post=392365"},{"taxonomy":"product_cat","embeddable":true,"href":"https:\/\/grupotextil.es\/ca\/wp-json\/wp\/v2\/product_cat?post=392365"},{"taxonomy":"product_tag","embeddable":true,"href":"https:\/\/grupotextil.es\/ca\/wp-json\/wp\/v2\/product_tag?post=392365"}],"curies":[{"name":"wp","href":"https:\/\/api.w.org\/{rel}","templated":true}]}}

<ul>
<li>98% yute (laminado), 2% fibra metalizada</li>
<li>Muy brillante</li>
<li>Asas de algodón (longitud: 35 cm)</li>
<li>Capacidad: 6 litros</li>
<li>Dimensiones: 26 x 22 x 14 cm</li>
<li>Área de personalización: 18 x 14 cm.</li>
</ul>

<p>98% yute (laminado), 2% fibra metalizadaMuy brillanteAsas de algodón (longitud: 35 cm)Capacidad: 6 litrosDimensiones: 26 x 22 x 14 cmÁrea de personalización: 18 x 14 cm.</p>
