{"id":392401,"date":"2026-03-08T04:46:45","date_gmt":"2026-03-08T03:46:45","guid":{"rendered":"https:\/\/grupotextil.es\/producto\/bolsa-messenger-de-tela\/"},"modified":"2026-03-08T04:46:45","modified_gmt":"2026-03-08T03:46:45","slug":"bolsa-messenger-de-tela","status":"publish","type":"product","link":"https:\/\/grupotextil.es\/ca\/product\/bolsa-messenger-de-tela\/","title":{"rendered":"Bag messenger Fabric"},"content":{"rendered":"<ul>\n<li>340 g\/m\u00b2<\/li>\n<li>100% algod\u00f3n (lienzo)<\/li>\n<li>Pieza te\u00f1ida y lavada (cada pieza es \u00fanica)<\/li>\n<li>Longitud de la correa del hombro: aprox. 95 cm<\/li>\n<li>Cierre de bot\u00f3n a presi\u00f3n de bronce en la solapa<\/li>\n<li>Puntada contrastada<\/li>\n<li>Medidas: 37 x 30 x 9 cm<\/li>\n<li>Adecuado para serigraf\u00eda, transfer, digital y bordado.<\/li>\n<li>Lavado solo a mano con agua tibia<\/li>\n<\/ul>","protected":false},"excerpt":{"rendered":"<p>340 g\/m\u00b2100% algod\u00f3n (lienzo)Pieza te\u00f1ida y lavada (cada pieza es \u00fanica)Longitud de la correa del hombro: aprox. 95 cmCierre de bot\u00f3n a presi\u00f3n de bronce en la solapaPuntada contrastadaMedidas: 37 &#8230;<\/p>","protected":false},"featured_media":423401,"comment_status":"open","ping_status":"closed","template":"","meta":{"_acf_changed":false},"product_brand":[11681],"product_cat":[13954],"product_tag":[],"class_list":{"0":"post-392401","1":"product","2":"type-product","3":"status-publish","4":"has-post-thumbnail","6":"product_brand-sg-accessories-bags","7":"product_cat-acc-bolsas-y-mochilas","8":"tm-no-options","10":"first","11":"instock","12":"taxable","13":"shipping-taxable","14":"product-type-variable"},"acf":[],"_links":{"self":[{"href":"https:\/\/grupotextil.es\/ca\/wp-json\/wp\/v2\/product\/392401","targetHints":{"allow":["GET"]}}],"collection":[{"href":"https:\/\/grupotextil.es\/ca\/wp-json\/wp\/v2\/product"}],"about":[{"href":"https:\/\/grupotextil.es\/ca\/wp-json\/wp\/v2\/types\/product"}],"replies":[{"embeddable":true,"href":"https:\/\/grupotextil.es\/ca\/wp-json\/wp\/v2\/comments?post=392401"}],"wp:featuredmedia":[{"embeddable":true,"href":"https:\/\/grupotextil.es\/ca\/wp-json\/wp\/v2\/media\/423401"}],"wp:attachment":[{"href":"https:\/\/grupotextil.es\/ca\/wp-json\/wp\/v2\/media?parent=392401"}],"wp:term":[{"taxonomy":"product_brand","embeddable":true,"href":"https:\/\/grupotextil.es\/ca\/wp-json\/wp\/v2\/product_brand?post=392401"},{"taxonomy":"product_cat","embeddable":true,"href":"https:\/\/grupotextil.es\/ca\/wp-json\/wp\/v2\/product_cat?post=392401"},{"taxonomy":"product_tag","embeddable":true,"href":"https:\/\/grupotextil.es\/ca\/wp-json\/wp\/v2\/product_tag?post=392401"}],"curies":[{"name":"wp","href":"https:\/\/api.w.org\/{rel}","templated":true}]}}

<ul>
<li>340 g/m²</li>
<li>100% algodón (lienzo)</li>
<li>Pieza teñida y lavada (cada pieza es única)</li>
<li>Longitud de la correa del hombro: aprox. 95 cm</li>
<li>Cierre de botón a presión de bronce en la solapa</li>
<li>Puntada contrastada</li>
<li>Medidas: 37 x 30 x 9 cm</li>
<li>Adecuado para serigrafía, transfer, digital y bordado.</li>
<li>Lavado solo a mano con agua tibia</li>
</ul>

<p>340 g/m²100% algodón (lienzo)Pieza teñida y lavada (cada pieza es única)Longitud de la correa del hombro: aprox. 95 cmCierre de botón a presión de bronce en la solapaPuntada contrastadaMedidas: 37 &#8230;</p>
