{"id":392485,"date":"2026-03-08T04:46:56","date_gmt":"2026-03-08T03:46:56","guid":{"rendered":"https:\/\/grupotextil.es\/producto\/bolsa-de-deporte\/"},"modified":"2026-03-08T04:46:56","modified_gmt":"2026-03-08T03:46:56","slug":"bolsa-de-deporte","status":"publish","type":"product","link":"https:\/\/grupotextil.es\/ca\/product\/bolsa-de-deporte\/","title":{"rendered":"Bag de deporte"},"content":{"rendered":"<ul>\n<li>100% poli\u00e9ster (600D\/420D)<\/li>\n<li>Correa de hombro acolchada y desmontable, asas de mano con secci\u00f3n acolchada<\/li>\n<li>Secci\u00f3n para zapatos<\/li>\n<li>Bolsillo para material h\u00famedo<\/li>\n<li>Bolsillo interior para objetos de valor<\/li>\n<li>Bolsillo exterior de malla<\/li>\n<li>Bolsillos en extremos con cremallera<\/li>\n<li>Base con pies protectores<\/li>\n<li>Ojales met\u00e1licos para ventilaci\u00f3n<\/li>\n<li>Capacidad: 30 litros<\/li>\n<li>Tama\u00f1o: 54 x 29 x 26 cm<\/li>\n<li>Bordado m\u00e1ximo: aro plano de 18 (para parte delantera y bolsillos en extremo)<\/li>\n<li>\u00c1rea m\u00e1xima de impresi\u00f3n: 20 x 13 cm (parte delantera), 17 x 15 cm (bolsillos en extremo)<\/li>\n<\/ul>","protected":false},"excerpt":{"rendered":"<p>100% poli\u00e9ster (600D\/420D)Correa de hombro acolchada y desmontable, asas de mano con secci\u00f3n acolchadaSecci\u00f3n para zapatosBolsillo para material h\u00famedoBolsillo interior para objetos de valorBolsillo e<\/p>","protected":false},"featured_media":423530,"comment_status":"open","ping_status":"closed","template":"","meta":{"_acf_changed":false},"product_brand":[11668],"product_cat":[13981,13990,13974,13932,13930,13975,13935,13973],"product_tag":[],"class_list":{"0":"post-392485","1":"product","2":"type-product","3":"status-publish","4":"has-post-thumbnail","6":"product_brand-bag-base","7":"product_cat-h-chaquetas-y-abrigos","8":"product_cat-m-chaquetas-y-abrigos","9":"product_cat-ropa-hombre","10":"product_cat-hosteleria-horeca","11":"product_cat-laboral","12":"product_cat-ropa-mujer","13":"product_cat-pantalones-cocina","14":"product_cat-ropa","15":"tm-no-options","17":"first","18":"instock","19":"taxable","20":"shipping-taxable","21":"product-type-variable"},"acf":[],"_links":{"self":[{"href":"https:\/\/grupotextil.es\/ca\/wp-json\/wp\/v2\/product\/392485","targetHints":{"allow":["GET"]}}],"collection":[{"href":"https:\/\/grupotextil.es\/ca\/wp-json\/wp\/v2\/product"}],"about":[{"href":"https:\/\/grupotextil.es\/ca\/wp-json\/wp\/v2\/types\/product"}],"replies":[{"embeddable":true,"href":"https:\/\/grupotextil.es\/ca\/wp-json\/wp\/v2\/comments?post=392485"}],"wp:featuredmedia":[{"embeddable":true,"href":"https:\/\/grupotextil.es\/ca\/wp-json\/wp\/v2\/media\/423530"}],"wp:attachment":[{"href":"https:\/\/grupotextil.es\/ca\/wp-json\/wp\/v2\/media?parent=392485"}],"wp:term":[{"taxonomy":"product_brand","embeddable":true,"href":"https:\/\/grupotextil.es\/ca\/wp-json\/wp\/v2\/product_brand?post=392485"},{"taxonomy":"product_cat","embeddable":true,"href":"https:\/\/grupotextil.es\/ca\/wp-json\/wp\/v2\/product_cat?post=392485"},{"taxonomy":"product_tag","embeddable":true,"href":"https:\/\/grupotextil.es\/ca\/wp-json\/wp\/v2\/product_tag?post=392485"}],"curies":[{"name":"wp","href":"https:\/\/api.w.org\/{rel}","templated":true}]}}

<ul>
<li>100% poliéster (600D/420D)</li>
<li>Correa de hombro acolchada y desmontable, asas de mano con sección acolchada</li>
<li>Sección para zapatos</li>
<li>Bolsillo para material húmedo</li>
<li>Bolsillo interior para objetos de valor</li>
<li>Bolsillo exterior de malla</li>
<li>Bolsillos en extremos con cremallera</li>
<li>Base con pies protectores</li>
<li>Ojales metálicos para ventilación</li>
<li>Capacidad: 30 litros</li>
<li>Tamaño: 54 x 29 x 26 cm</li>
<li>Bordado máximo: aro plano de 18 (para parte delantera y bolsillos en extremo)</li>
<li>Área máxima de impresión: 20 x 13 cm (parte delantera), 17 x 15 cm (bolsillos en extremo)</li>
</ul>

<p>100% poliéster (600D/420D)Correa de hombro acolchada y desmontable, asas de mano con sección acolchadaSección para zapatosBolsillo para material húmedoBolsillo interior para objetos de valorBolsillo e</p>
