{"id":392514,"date":"2026-03-08T04:46:58","date_gmt":"2026-03-08T03:46:58","guid":{"rendered":"https:\/\/grupotextil.es\/producto\/mochila-geneva\/"},"modified":"2026-03-08T04:46:58","modified_gmt":"2026-03-08T03:46:58","slug":"mochila-geneva","status":"publish","type":"product","link":"https:\/\/grupotextil.es\/ca\/product\/mochila-geneva\/","title":{"rendered":"Mochila Geneva"},"content":{"rendered":"<ul>\n<li>100% poli\u00e9ster (600D\/600D ripstop)<\/li>\n<li>Correas de hombro acolchadas y ajustables<\/li>\n<li>Asa de mano<\/li>\n<li>2 compartimentos grandes con cremallera<\/li>\n<li>Organizador y salida de auriculares en el compartimento frontal<\/li>\n<li>Bolsillos de malla en los laterales<\/li>\n<li>Capacidad: 22 litros<\/li>\n<li>Medidas: 28 x 18 x 43 cm<\/li>\n<li>Apropiado para serigraf\u00eda, impresi\u00f3n por transfer y bordado<\/li>\n<li>M\u00e1ximo bordado: aro tubular 12<\/li>\n<li>M\u00e1xima \u00e1rea de impresi\u00f3n: 12 x 14 cm<\/li>\n<\/ul>","protected":false},"excerpt":{"rendered":"<p>100% poli\u00e9ster (600D\/600D ripstop)Correas de hombro acolchadas y ajustablesAsa de mano2 compartimentos grandes con cremalleraOrganizador y salida de auriculares en el compartimento frontalBolsillos de<\/p>","protected":false},"featured_media":423563,"comment_status":"open","ping_status":"closed","template":"","meta":{"_acf_changed":false},"product_brand":[11660],"product_cat":[13981,13990,13974,13932,13930,13975,13935,13973],"product_tag":[],"class_list":{"0":"post-392514","1":"product","2":"type-product","3":"status-publish","4":"has-post-thumbnail","6":"product_brand-shugon","7":"product_cat-h-chaquetas-y-abrigos","8":"product_cat-m-chaquetas-y-abrigos","9":"product_cat-ropa-hombre","10":"product_cat-hosteleria-horeca","11":"product_cat-laboral","12":"product_cat-ropa-mujer","13":"product_cat-pantalones-cocina","14":"product_cat-ropa","15":"tm-no-options","17":"first","18":"instock","19":"taxable","20":"shipping-taxable","21":"product-type-variable"},"acf":[],"_links":{"self":[{"href":"https:\/\/grupotextil.es\/ca\/wp-json\/wp\/v2\/product\/392514","targetHints":{"allow":["GET"]}}],"collection":[{"href":"https:\/\/grupotextil.es\/ca\/wp-json\/wp\/v2\/product"}],"about":[{"href":"https:\/\/grupotextil.es\/ca\/wp-json\/wp\/v2\/types\/product"}],"replies":[{"embeddable":true,"href":"https:\/\/grupotextil.es\/ca\/wp-json\/wp\/v2\/comments?post=392514"}],"wp:featuredmedia":[{"embeddable":true,"href":"https:\/\/grupotextil.es\/ca\/wp-json\/wp\/v2\/media\/423563"}],"wp:attachment":[{"href":"https:\/\/grupotextil.es\/ca\/wp-json\/wp\/v2\/media?parent=392514"}],"wp:term":[{"taxonomy":"product_brand","embeddable":true,"href":"https:\/\/grupotextil.es\/ca\/wp-json\/wp\/v2\/product_brand?post=392514"},{"taxonomy":"product_cat","embeddable":true,"href":"https:\/\/grupotextil.es\/ca\/wp-json\/wp\/v2\/product_cat?post=392514"},{"taxonomy":"product_tag","embeddable":true,"href":"https:\/\/grupotextil.es\/ca\/wp-json\/wp\/v2\/product_tag?post=392514"}],"curies":[{"name":"wp","href":"https:\/\/api.w.org\/{rel}","templated":true}]}}

<ul>
<li>100% poliéster (600D/600D ripstop)</li>
<li>Correas de hombro acolchadas y ajustables</li>
<li>Asa de mano</li>
<li>2 compartimentos grandes con cremallera</li>
<li>Organizador y salida de auriculares en el compartimento frontal</li>
<li>Bolsillos de malla en los laterales</li>
<li>Capacidad: 22 litros</li>
<li>Medidas: 28 x 18 x 43 cm</li>
<li>Apropiado para serigrafía, impresión por transfer y bordado</li>
<li>Máximo bordado: aro tubular 12</li>
<li>Máxima área de impresión: 12 x 14 cm</li>
</ul>

<p>100% poliéster (600D/600D ripstop)Correas de hombro acolchadas y ajustablesAsa de mano2 compartimentos grandes con cremalleraOrganizador y salida de auriculares en el compartimento frontalBolsillos de</p>
