{"id":392535,"date":"2026-03-08T04:47:04","date_gmt":"2026-03-08T03:47:04","guid":{"rendered":"https:\/\/grupotextil.es\/producto\/bolsa-para-botas\/"},"modified":"2026-03-08T04:47:04","modified_gmt":"2026-03-08T03:47:04","slug":"bolsa-para-botas","status":"publish","type":"product","link":"https:\/\/grupotextil.es\/ca\/product\/bolsa-para-botas\/","title":{"rendered":"Bag para botas"},"content":{"rendered":"<ul>\n<li>100% poli\u00e9ster (420D)<\/li>\n<li>Asa de mano trenzada<\/li>\n<li>Ventana de malla para ventilaci\u00f3n<\/li>\n<li>Abertura con cremallera<\/li>\n<li>Capacidad: 14 litros<\/li>\n<li>Medidas: 33 x 26 x 25 cm<\/li>\n<li>\u00c1rea m\u00e1xima de bordado: 18 aro tubular<\/li>\n<li>\u00c1rea m\u00e1xima de impresi\u00f3n lateral: 16 x 20 cm<\/li>\n<li>\u00c1rea m\u00e1xima de impresi\u00f3n frontal: 22 x 14 cm<\/li>\n<\/ul>","protected":false},"excerpt":{"rendered":"<p>100% poli\u00e9ster (420D)Asa de mano trenzadaVentana de malla para ventilaci\u00f3nAbertura con cremalleraCapacidad: 14 litrosMedidas: 33 x 26 x 25 cm\u00c1rea m\u00e1xima de bordado: 18 aro tubular\u00c1rea m\u00e1xima de impres<\/p>","protected":false},"featured_media":423586,"comment_status":"open","ping_status":"closed","template":"","meta":{"_acf_changed":false},"product_brand":[11657],"product_cat":[13981,13990,13974,13932,13930,13975,13935,13973],"product_tag":[],"class_list":{"0":"post-392535","1":"product","2":"type-product","3":"status-publish","4":"has-post-thumbnail","6":"product_brand-quadra","7":"product_cat-h-chaquetas-y-abrigos","8":"product_cat-m-chaquetas-y-abrigos","9":"product_cat-ropa-hombre","10":"product_cat-hosteleria-horeca","11":"product_cat-laboral","12":"product_cat-ropa-mujer","13":"product_cat-pantalones-cocina","14":"product_cat-ropa","15":"tm-no-options","17":"first","18":"instock","19":"taxable","20":"shipping-taxable","21":"product-type-variable"},"acf":[],"_links":{"self":[{"href":"https:\/\/grupotextil.es\/ca\/wp-json\/wp\/v2\/product\/392535","targetHints":{"allow":["GET"]}}],"collection":[{"href":"https:\/\/grupotextil.es\/ca\/wp-json\/wp\/v2\/product"}],"about":[{"href":"https:\/\/grupotextil.es\/ca\/wp-json\/wp\/v2\/types\/product"}],"replies":[{"embeddable":true,"href":"https:\/\/grupotextil.es\/ca\/wp-json\/wp\/v2\/comments?post=392535"}],"wp:featuredmedia":[{"embeddable":true,"href":"https:\/\/grupotextil.es\/ca\/wp-json\/wp\/v2\/media\/423586"}],"wp:attachment":[{"href":"https:\/\/grupotextil.es\/ca\/wp-json\/wp\/v2\/media?parent=392535"}],"wp:term":[{"taxonomy":"product_brand","embeddable":true,"href":"https:\/\/grupotextil.es\/ca\/wp-json\/wp\/v2\/product_brand?post=392535"},{"taxonomy":"product_cat","embeddable":true,"href":"https:\/\/grupotextil.es\/ca\/wp-json\/wp\/v2\/product_cat?post=392535"},{"taxonomy":"product_tag","embeddable":true,"href":"https:\/\/grupotextil.es\/ca\/wp-json\/wp\/v2\/product_tag?post=392535"}],"curies":[{"name":"wp","href":"https:\/\/api.w.org\/{rel}","templated":true}]}}

<ul>
<li>100% poliéster (420D)</li>
<li>Asa de mano trenzada</li>
<li>Ventana de malla para ventilación</li>
<li>Abertura con cremallera</li>
<li>Capacidad: 14 litros</li>
<li>Medidas: 33 x 26 x 25 cm</li>
<li>Área máxima de bordado: 18 aro tubular</li>
<li>Área máxima de impresión lateral: 16 x 20 cm</li>
<li>Área máxima de impresión frontal: 22 x 14 cm</li>
</ul>

<p>100% poliéster (420D)Asa de mano trenzadaVentana de malla para ventilaciónAbertura con cremalleraCapacidad: 14 litrosMedidas: 33 x 26 x 25 cmÁrea máxima de bordado: 18 aro tubularÁrea máxima de impres</p>
